--
-- Host: localhost    Database: tropical_vehicul
-- ------------------------------------------------------


--
-- Table structure for table `auth_assignment`
--

CREATE TABLE `auth_assignment` (
  `item_name` varchar(64) NOT NULL,
  `user_id` varchar(64) NOT NULL,
  `created_at` int(11) DEFAULT NULL,
  PRIMARY KEY (`item_name`,`user_id`),
  KEY `idx-auth_assignment-user_id` (`user_id`),
  CONSTRAINT `auth_assignment_ibfk_1` FOREIGN KEY (`item_name`) REFERENCES `auth_item` (`name`) ON DELETE CASCADE ON UPDATE CASCADE
) ENGINE=InnoDB DEFAULT CHARSET=utf8 COLLATE=utf8_unicode_ci;

--
-- Dumping data for table `auth_assignment`
--

INSERT INTO `auth_assignment` VALUES ('abogado','10',1554405573),('abogado','11',1554407514),('abogado','12',1554407603),('abogado','13',1554407706),('abogado','14',1554407828),('abogado','15',1554407914),('abogado','16',1554408021),('abogado','2',1553396449),('abogado','20',1557788524),('abogado','31',1561485072),('abogado','33',1566234299),('abogado','7',1554405118),('abogado','8',1554405226),('abogado','9',1554405461),('admin','1',1553394302),('admin','18',1557072953),('admin','19',1557073675),('admin','22',1559494171),('admin','23',155440491),('admin','3',1553547631),('admin','32',1562184545),('admin','4',1554157480),('admin','5',1554404695),('admin','6',1554404910);

--
-- Table structure for table `auth_item`
--

CREATE TABLE `auth_item` (
  `name` varchar(64) NOT NULL,
  `type` smallint(6) NOT NULL,
  `description` text DEFAULT NULL,
  `rule_name` varchar(64) DEFAULT NULL,
  `data` blob DEFAULT NULL,
  `created_at` int(11) DEFAULT NULL,
  `updated_at` int(11) DEFAULT NULL,
  PRIMARY KEY (`name`),
  KEY `rule_name` (`rule_name`),
  KEY `idx-auth_item-type` (`type`),
  CONSTRAINT `auth_item_ibfk_1` FOREIGN KEY (`rule_name`) REFERENCES `auth_rule` (`name`) ON DELETE SET NULL ON UPDATE CASCADE
) ENGINE=InnoDB DEFAULT CHARSET=utf8 COLLATE=utf8_unicode_ci;

--
-- Dumping data for table `auth_item`
--

INSERT INTO `auth_item` VALUES ('abogado',1,'Usuario con acceso de abogado',NULL,NULL,1553396416,1553396416),('admin',1,'Administrador del sistema',NULL,NULL,1553394156,1553394156);

--
-- Table structure for table `auth_item_child`
--

CREATE TABLE `auth_item_child` (
  `parent` varchar(64) NOT NULL,
  `child` varchar(64) NOT NULL,
  PRIMARY KEY (`parent`,`child`),
  KEY `child` (`child`),
  CONSTRAINT `auth_item_child_ibfk_1` FOREIGN KEY (`parent`) REFERENCES `auth_item` (`name`) ON DELETE CASCADE ON UPDATE CASCADE,
  CONSTRAINT `auth_item_child_ibfk_2` FOREIGN KEY (`child`) REFERENCES `auth_item` (`name`) ON DELETE CASCADE ON UPDATE CASCADE
) ENGINE=InnoDB DEFAULT CHARSET=utf8 COLLATE=utf8_unicode_ci;

--
-- Dumping data for table `auth_item_child`
--


--
-- Table structure for table `auth_rule`
--

CREATE TABLE `auth_rule` (
  `name` varchar(64) NOT NULL,
  `data` blob DEFAULT NULL,
  `created_at` int(11) DEFAULT NULL,
  `updated_at` int(11) DEFAULT NULL,
  PRIMARY KEY (`name`)
) ENGINE=InnoDB DEFAULT CHARSET=utf8 COLLATE=utf8_unicode_ci;

--
-- Dumping data for table `auth_rule`
--


--
-- Table structure for table `barrios`
--

CREATE TABLE `barrios` (
  `id` int(11) NOT NULL,
  `distrito_id` int(11) DEFAULT NULL,
  `codigo` int(11) DEFAULT NULL,
  `barrio` varchar(80) DEFAULT NULL,
  PRIMARY KEY (`id`),
  KEY `barrio_ibfk_1` (`distrito_id`),
  CONSTRAINT `barrios_ibfk_1` FOREIGN KEY (`distrito_id`) REFERENCES `distritos` (`id`) ON UPDATE CASCADE
) ENGINE=InnoDB DEFAULT CHARSET=latin1 COLLATE=latin1_swedish_ci;

--
-- Dumping data for table `barrios`
--

INSERT INTO `barrios` VALUES (1,1,1,'Amón'),(2,1,2,'Aranjuez'),(3,1,3,'California (parte)'),(4,1,4,'Carmen'),(5,1,5,'Empalme'),(6,1,6,'Escalante'),(7,1,7,'Otoya.'),(8,2,1,'Bajos de la Unión'),(9,2,2,'Claret'),(10,2,3,'Cocacola'),(11,2,4,'Iglesias Flores'),(12,2,5,'Mantica'),(13,2,6,'México'),(14,2,7,'Paso de la Vaca'),(15,2,8,'Pitahaya.'),(16,3,1,'Almendares'),(17,3,2,'Ángeles'),(18,3,3,'Bolívar'),(19,3,4,'Carit'),(20,3,5,'Colón (parte)'),(21,3,6,'Corazón de Jesús'),(22,3,7,'Cristo Rey'),(23,3,8,'Cuba'),(24,3,9,'Dolorosa (parte)'),(25,3,10,'Merced'),(26,3,11,'Pacífico (parte)'),(27,3,12,'Pinos'),(28,3,13,'Salubridad'),(29,3,14,'San Bosco'),(30,3,15,'San Francisco'),(31,3,16,'Santa Lucía'),(32,3,17,'Silos.'),(33,4,1,'Bellavista'),(34,4,2,'California (parte)'),(35,4,3,'Carlos María Jiménez'),(36,4,4,'Dolorosa (parte)'),(37,4,5,'Dos Pinos'),(38,4,6,'Francisco Peralta (parte)'),(39,4,7,'González Lahmann'),(40,4,8,'González Víquez'),(41,4,9,'Güell'),(42,4,10,'La Cruz'),(43,4,11,'Lomas de Ocloro'),(44,4,12,'Luján'),(45,4,13,'Milflor'),(46,4,14,'Naciones Unidas'),(47,4,15,'Pacífico (parte)'),(48,4,16,'San Cayetano (parte)'),(49,4,17,'Soledad'),(50,4,18,'Tabacalera'),(51,4,19,'Vasconia.'),(52,5,1,'Alborada'),(53,5,2,'Calderón Muñoz'),(54,5,3,'Cerrito'),(55,5,4,'Córdoba'),(56,5,5,'Gloria'),(57,5,6,'Jardín'),(58,5,7,'Luisas'),(59,5,8,'Mangos'),(60,5,9,'Montealegre'),(61,5,10,'Moreno Cañas'),(62,5,11,'Quesada Durán'),(63,5,12,'San Dimas'),(64,5,13,'San Gerardo (parte)'),(65,5,14,'Trébol'),(66,5,15,'Ujarrás'),(67,5,16,'Vista Hermosa'),(68,5,17,'Yoses Sur'),(69,5,18,'Zapote (centro).'),(70,6,1,'Ahogados (parte)'),(71,6,2,'Bosque'),(72,6,3,'Cabañas'),(73,6,4,'Camelias'),(74,6,5,'Coopeguaria'),(75,6,6,'Faro'),(76,6,7,'Fátima'),(77,6,8,'Hispano'),(78,6,9,'I Griega'),(79,6,10,'Lincoln'),(80,6,11,'Lomas de San Francisco'),(81,6,12,'Maalot'),(82,6,13,'Méndez'),(83,6,14,'Pacífica'),(84,6,15,'San Francisco de Dos Ríos (centro)'),(85,6,16,'Sauces'),(86,6,17,'Saucitos'),(87,6,18,'Zurquí.'),(88,7,1,'Alborada'),(89,7,2,'Ánimas'),(90,7,3,'Árboles'),(91,7,4,'Bajos del Torres'),(92,7,5,'Carranza'),(93,7,6,'Corazón de Jesús'),(94,7,7,'Cristal'),(95,7,8,'Carvajal Castro'),(96,7,9,'Jardines de Autopista'),(97,7,10,'La Caja'),(98,7,11,'La Carpio'),(99,7,12,'Magnolia'),(100,7,13,'Marimil'),(101,7,14,'Monserrat'),(102,7,15,'Peregrina'),(103,7,16,'Robledal'),(104,7,17,'Rossiter Carballo'),(105,7,18,'Santander'),(106,7,19,'Saturno'),(107,7,20,'Uruca (centro)'),(108,7,21,'Vuelta del Virilla.'),(109,8,1,'Américas'),(110,8,2,'Bajo Cañada (parte)'),(111,8,3,'Balcón Verde'),(112,8,4,'Colón (parte)'),(113,8,5,'Del Pino'),(114,8,6,'Holanda'),(115,8,7,'La Luisa'),(116,8,8,'La Salle'),(117,8,9,'Lomalinda'),(118,8,10,'Morenos'),(119,8,11,'Niza'),(120,8,12,'Rancho Luna'),(121,8,13,'Rohrmoser (parte)'),(122,8,14,'Roma'),(123,8,15,'Sabana'),(124,8,16,'Tovar.'),(125,9,1,'Alfa'),(126,9,2,'Asturias'),(127,9,3,'Asunción'),(128,9,4,'Bribrí'),(129,9,5,'Favorita Norte'),(130,9,6,'Favorita Sur'),(131,9,7,'Galicia'),(132,9,8,'Geroma'),(133,9,9,'Hispania'),(134,9,10,'Libertad'),(135,9,11,'Lomas del Río'),(136,9,12,'Llanos del Sol'),(137,9,13,'María Reina'),(138,9,14,'Metrópolis'),(139,9,15,'Navarra'),(140,9,16,'Pavas (centro)'),(141,9,17,'Pueblo Nuevo'),(142,9,18,'Residencial del Oeste'),(143,9,19,'Rincón Grande'),(144,9,20,'Rohrmoser (parte)'),(145,9,21,'Rotonda'),(146,9,22,'San Pedro'),(147,9,23,'Santa Bárbara'),(148,9,24,'Santa Catalina'),(149,9,25,'Santa Fé'),(150,9,26,'Triángulo'),(151,9,27,'Villa Esperanza.'),(152,10,1,'Bajo Cañada (parte)'),(153,10,2,'Belgrano'),(154,10,3,'Hatillo Centro'),(155,10,4,'Hatillo 1'),(156,10,5,'Hatillo 2'),(157,10,6,'Hatillo 3'),(158,10,7,'Hatillo 4'),(159,10,8,'Hatillo 5'),(160,10,9,'Hatillo 6'),(161,10,10,'Hatillo 7'),(162,10,11,'Hatillo 8'),(163,10,12,'Quince de Setiembre'),(164,10,13,'Sagrada Familia'),(165,10,14,'Tiribí'),(166,10,15,'Topacio'),(167,10,16,'Veinticinco de Julio'),(168,10,17,'Vivienda en Marcha.'),(169,11,1,'Bengala'),(170,11,2,'Bilbao'),(171,11,3,'Cañada del Sur'),(172,11,4,'Carmen'),(173,11,5,'Cascajal'),(174,11,6,'Cerro Azul'),(175,11,7,'Colombari'),(176,11,8,'Domingo Savio'),(177,11,9,'Guacamaya'),(178,11,10,'Jazmín'),(179,11,11,'Hogar Propio'),(180,11,12,'Kennedy'),(181,11,13,'López Mateos'),(182,11,14,'Luna Park'),(183,11,15,'Martínez'),(184,11,16,'Mojados'),(185,11,17,'Mongito'),(186,11,18,'Monte Azúl'),(187,11,19,'Musmanni'),(188,11,20,'Paso Ancho'),(189,11,21,'Presidentes'),(190,11,22,'San Cayetano (parte)'),(191,11,23,'San Martín'),(192,11,24,'San Sebastián (centro)'),(193,11,25,'Santa Rosa'),(194,11,26,'Seminario'),(195,11,27,'Sorobarú.'),(196,1,1,'Alto Carrizal'),(197,1,2,'Carrizal (parte)'),(198,1,3,'Faroles'),(199,1,4,'Guapinol'),(200,1,5,'Hulera'),(201,1,6,'Itabas'),(202,1,7,'Jaboncillo'),(203,1,8,'Profesores (parte).'),(204,2,1,'Avellana'),(205,2,2,'Bebedero'),(206,2,3,'Belo Horizonte (parte)'),(207,2,4,'Carrizal (parte)'),(208,2,5,'Curío'),(209,2,6,'Chirca'),(210,2,7,'Chiverral'),(211,2,8,'Entierrillo'),(212,2,9,'Filtros'),(213,2,10,'Guayabos'),(214,2,11,'Hojablanca'),(215,2,12,'Juan Santana'),(216,2,13,'Lajas'),(217,2,14,'Masilla'),(218,2,15,'Muta'),(219,2,16,'Pedrero'),(220,2,17,'Perú'),(221,2,18,'Profesores (parte)'),(222,2,19,'Sabanillas'),(223,2,20,'Salitrillos'),(224,2,21,'Santa Eduvigis'),(225,2,22,'Santa Teresa'),(226,2,23,'Tejarcillos'),(227,2,24,'Torrotillo'),(228,2,25,'Vista de Oro.'),(229,3,1,'Anonos'),(230,3,2,'Ayala'),(231,3,3,'Bajo Anonos'),(232,3,4,'Bajo Palomas'),(233,3,5,'Belo Horizonte (parte)'),(234,3,6,'Betina'),(235,3,7,'Ceiba'),(236,3,8,'Facio Castro'),(237,3,9,'Guachipelín'),(238,3,10,'Herrera'),(239,3,11,'Laureles'),(240,3,12,'León'),(241,3,13,'Loma Real'),(242,3,14,'Matapalo'),(243,3,15,'Maynard'),(244,3,16,'Mirador'),(245,3,17,'Miravalles'),(246,3,18,'Palermo'),(247,3,19,'Palma de Mallorca'),(248,3,20,'Pinar'),(249,3,21,'Primavera'),(250,3,22,'Quesada'),(251,3,23,'Real de Pereira (parte)'),(252,3,24,'Santa Marta'),(253,3,25,'Tena'),(254,3,26,'Trejos Montealegre'),(255,3,27,'Vista Alegre.'),(256,1,1,'Altamira'),(257,1,2,'Bellavista'),(258,1,3,'Calle Fallas'),(259,1,4,'Camaquirí'),(260,1,5,'Capilla'),(261,1,6,'Centro de Amigos'),(262,1,7,'Cerámica'),(263,1,8,'Colonia del Sur'),(264,1,9,'Contadores'),(265,1,10,'Cruce'),(266,1,11,'Cucubres'),(267,1,12,'Dorados'),(268,1,13,'Florita'),(269,1,14,'Fortuna'),(270,1,15,'Jardín'),(271,1,16,'Loto'),(272,1,17,'Metrópoli'),(273,1,18,'Monseñor Sanabria'),(274,1,19,'Monteclaro'),(275,1,20,'Palogrande'),(276,1,21,'Pinos'),(277,1,22,'Retoños'),(278,1,23,'Río Jorco'),(279,1,24,'Sabara'),(280,1,25,'San Esteban Rey'),(281,1,26,'San Jerónimo'),(282,1,27,'San José'),(283,1,28,'San Roque'),(284,1,29,'Tauros'),(285,1,30,'Torremolinos'),(286,1,31,'Venecia'),(287,1,32,'Vista Verde.'),(288,2,1,'Ángeles'),(289,2,2,'Capri'),(290,2,3,'Damas Israelitas'),(291,2,4,'Girasol'),(292,2,5,'Higuito'),(293,2,6,'Lindavista'),(294,2,7,'Lomas de Jorco'),(295,2,8,'Llano'),(296,2,9,'Meseguer'),(297,2,10,'Olivos'),(298,2,11,'Orquídeas'),(299,2,12,'Peñascal'),(300,2,13,'Rinconada'),(301,2,14,'Rodillal'),(302,2,15,'Sabanilla'),(303,2,16,'San Martín'),(304,2,17,'Santa Eduvigis'),(305,2,18,'Valverde.'),(306,2,19,'Alto Alumbre'),(307,2,20,'Hoyo'),(308,2,21,'Jericó'),(309,2,22,'Manzano'),(310,2,23,'Pacaya'),(311,2,24,'Roblar'),(312,2,25,'Ticalpes (parte)'),(313,2,26,'Calle Naranjos.'),(314,3,1,'Calabacitas'),(315,3,2,'Calle Común'),(316,3,3,'Cruz Roja'),(317,3,4,'Itaipú'),(318,3,5,'Máquinas'),(319,3,6,'Mota'),(320,3,7,'Novedades'),(321,3,8,'Pedrito Monge'),(322,3,9,'Río'),(323,3,10,'Robles.'),(324,4,1,'Alpino'),(325,4,2,'Arco Iris'),(326,4,3,'Bambú'),(327,4,4,'Berlay'),(328,4,5,'Guaria'),(329,4,6,'Huaso (parte)'),(330,4,7,'Juncales'),(331,4,8,'Lajas'),(332,4,9,'Macarena'),(333,4,10,'Maiquetía'),(334,4,11,'Méndez.'),(335,5,1,'Acacias'),(336,5,2,'Calle Amador'),(337,5,3,'Constancia'),(338,5,4,'Churuca'),(339,5,5,'Huetares'),(340,5,6,'Plazoleta'),(341,5,7,'Pueblo Nuevo'),(342,5,8,'Río Damas'),(343,5,9,'Rotondas'),(344,5,10,'Solar.'),(345,6,1,'Bajos de Tarrazú'),(346,6,2,'Bustamante'),(347,6,3,'Santa Elena (parte)'),(348,6,4,'Violeta.'),(349,7,1,'Aguacate'),(350,7,2,'Balneario'),(351,7,3,'Don Bosco'),(352,7,4,'Guatuso'),(353,7,5,'Güízaro'),(354,7,6,'Jerusalén'),(355,7,7,'Lince'),(356,7,8,'Mesas'),(357,7,9,'Quebrada Honda'),(358,7,10,'Ticalpes (parte).'),(359,8,1,'Empalme (parte)'),(360,8,2,'Lucha (parte)'),(361,8,3,'San Cristóbal Sur'),(362,8,4,'Sierra.'),(363,9,1,'Bajo Tigre'),(364,9,2,'Chirogres'),(365,9,3,'Guadarrama'),(366,9,4,'Joya'),(367,9,5,'La Fila (parte)'),(368,9,6,'Llano bonito'),(369,9,7,'Quebrada Honda'),(370,9,8,'Trinidad (parte).'),(371,10,1,'Cajita'),(372,10,2,'Dorado'),(373,10,3,'Dos Cercas'),(374,10,4,'Fomentera'),(375,10,5,'Nuestra Señora de la Esperanza'),(376,10,6,'San Lorenzo.'),(377,11,1,'Ángeles'),(378,11,2,'Autofores'),(379,11,3,'Balboa'),(380,11,4,'Coopelot'),(381,11,5,'Gardenia'),(382,11,6,'Higuerones'),(383,11,7,'Leo'),(384,11,8,'Mónaco'),(385,11,9,'Sagitario'),(386,11,10,'Santa Cecilia'),(387,11,11,'Tejar (parte)'),(388,11,12,'Treviso'),(389,11,13,'Unidas'),(390,11,14,'Valencia'),(391,11,15,'Vizcaya.'),(392,12,1,'Cartonera'),(393,12,2,'Claveles'),(394,12,3,'Damasco'),(395,12,4,'Diamante'),(396,12,5,'Esmeraldas'),(397,12,6,'Fortuna'),(398,12,7,'Fortunita'),(399,12,8,'Porvenir'),(400,12,9,'Raya'),(401,12,10,'Riberalta'),(402,12,11,'Villanueva.'),(403,13,1,'Letras'),(404,13,2,'Balcón Verde.'),(405,1,1,'Ángeles'),(406,1,0,'Bajo Badilla'),(407,1,2,'Bajo Moras'),(408,1,0,'Buenos Aires'),(409,1,3,'Cañales Abajo'),(410,1,0,'Corazón de María'),(411,1,4,'Cañales Arriba'),(412,1,0,'Jarasal'),(413,1,5,'Carit'),(414,1,0,'Junquillo Arriba'),(415,1,6,'Charcón (parte)'),(416,1,0,'Pueblo Nuevo'),(417,1,7,'Cirrí'),(418,1,0,'San Isidro.'),(419,1,8,'Junquillo Abajo'),(420,1,9,'Pozos'),(421,1,10,'San Francisco'),(422,1,11,'San Martín'),(423,1,12,'Zapote.'),(424,2,1,'Alto Palma'),(425,2,2,'Bajo Lanas'),(426,2,3,'Bajo Legua'),(427,2,4,'Bajo Legüita'),(428,2,5,'Bajo Quesada'),(429,2,6,'Bocana'),(430,2,7,'Carmona'),(431,2,8,'Cerbatana'),(432,2,9,'Charquillos'),(433,2,10,'Jilgueral'),(434,2,11,'Llano Grande'),(435,2,12,'Mercedes Norte'),(436,2,13,'Potenciana'),(437,2,14,'Quebrada Honda'),(438,2,15,'Quivel'),(439,2,16,'Rancho Largo'),(440,2,17,'Salitrales'),(441,2,18,'Santa Marta'),(442,2,19,'Túfares'),(443,2,20,'Tulín'),(444,2,21,'Víbora'),(445,2,22,'Zapotal.'),(446,3,1,'Alto Barbacoas'),(447,3,2,'Bajo Burgos'),(448,3,3,'Cortezal'),(449,3,4,'Guatuso'),(450,3,5,'Piedades'),(451,3,6,'San Juan.'),(452,4,1,'Cacao'),(453,4,2,'Cuesta Mora'),(454,4,3,'Grifo Bajo'),(455,4,4,'Poró'),(456,4,5,'Pueblo Nuevo'),(457,4,6,'Salitrillo.'),(458,5,1,'Bijagual'),(459,5,2,'Floralia'),(460,5,3,'Punta de Lanza'),(461,5,4,'San Rafael Abajo.'),(462,6,1,'Alto Cebadilla'),(463,6,2,'Bajo Chacones'),(464,6,3,'Copalar'),(465,6,4,'Pedernal'),(466,6,5,'Polca'),(467,6,6,'Sabanas.'),(468,7,1,'Bajo Guevara'),(469,7,2,'Planta'),(470,7,3,'Rinconada.'),(471,8,1,'Bajo Herrera'),(472,8,2,'Calle Herrera'),(473,8,3,'Cruce Guanacaste'),(474,8,4,'Charcón (parte)'),(475,8,5,'Estero'),(476,8,6,'Río Viejo'),(477,8,7,'Salitral'),(478,8,8,'Tinamaste.'),(479,9,1,'Alto Concepción'),(480,9,2,'Alto Pérez Astúa'),(481,9,3,'Ángeles'),(482,9,4,'Angostura (parte)'),(483,9,5,'Arenal'),(484,9,6,'Bajo Chires'),(485,9,7,'Bajo de Guarumal'),(486,9,8,'Bajo el Rey'),(487,9,9,'Bajo Vega'),(488,9,10,'Cerdas'),(489,9,11,'Fila Aguacate'),(490,9,12,'Gamalotillo 1 (Colonia)'),(491,9,13,'Gamalotillo 2 (Gamalotillo)'),(492,9,14,'Gamalotillo 3 (Tierra Fértil)'),(493,9,15,'Gloria'),(494,9,16,'Guarumal'),(495,9,17,'Guarumalito'),(496,9,18,'Mastatal'),(497,9,19,'Pericos'),(498,9,20,'Río Negro (parte)'),(499,9,21,'San Miguel'),(500,9,22,'San Vicente'),(501,9,23,'Santa Rosa'),(502,9,24,'Vista de Mar'),(503,9,25,'Zapatón.'),(504,1,1,'Corea'),(505,1,2,'I Griega'),(506,1,3,'Las Tres Marías'),(507,1,4,'Santa Cecilia'),(508,1,5,'Rodeo'),(509,1,6,'Sitio.'),(510,1,7,'Alto Pastora'),(511,1,8,'Bajo Canet'),(512,1,9,'Bajo San Juan'),(513,1,10,'Canet'),(514,1,11,'Cedral (parte)'),(515,1,12,'Guadalupe'),(516,1,13,'Llano Piedra'),(517,1,14,'San Cayetano'),(518,1,15,'San Guillermo'),(519,1,16,'Sabana (parte)'),(520,1,17,'San Pedro.'),(521,2,1,'Alto Guarumal'),(522,2,2,'Alto Portal'),(523,2,3,'Alto Zapotal'),(524,2,4,'Ardilla'),(525,2,5,'Bajo Quebrada Honda'),(526,2,6,'Bajo Reyes'),(527,2,7,'Bajo Zapotal'),(528,2,8,'Cerro Nara'),(529,2,9,'Concepción'),(530,2,10,'Chilamate'),(531,2,11,'Delicias'),(532,2,12,'Esperanza'),(533,2,13,'Esquipulas'),(534,2,14,'La Pacaya'),(535,2,15,'Las Pavas'),(536,2,16,'Mata de Caña'),(537,2,17,'Miramar'),(538,2,18,'Nápoles'),(539,2,19,'Naranjillo'),(540,2,20,'Palma'),(541,2,21,'Quebrada Arroyo'),(542,2,22,'Rodeo'),(543,2,23,'Sabana (parte)'),(544,2,24,'Salado'),(545,2,25,'San Bernardo'),(546,2,26,'San Francisco'),(547,2,27,'San Martín'),(548,2,28,'Santa Cecilia'),(549,2,29,'Santa Marta'),(550,2,30,'Santa Rosa'),(551,2,31,'Zapotal.'),(552,3,1,'Alto Chiral'),(553,3,2,'San Juan (Alto San Juan)'),(554,3,3,'Bajo Jénaro'),(555,3,4,'Bajo San José'),(556,3,5,'Jamaica'),(557,3,6,'Quebrada Seca (Santa Ana)'),(558,3,7,'San Jerónimo'),(559,3,8,'San Josecito.'),(560,1,1,'Guatuso'),(561,1,2,'Mirador.'),(562,1,3,'Alfonso XIII'),(563,1,4,'Barro'),(564,1,5,'Cinco Esquinas (parte)'),(565,1,6,'Corazón de Jesús'),(566,1,7,'Guapinol'),(567,1,8,'Las Mercedes'),(568,1,9,'Lomas de Aserrí'),(569,1,10,'Lourdes'),(570,1,11,'María Auxiliadora'),(571,1,12,'Mesas'),(572,1,13,'Poás'),(573,1,14,'Santa Rita'),(574,1,15,'Sáurez'),(575,1,16,'Tres Marías'),(576,1,17,'Vereda.'),(577,2,1,'Bajos de Praga'),(578,2,2,'Máquina Vieja'),(579,2,3,'Tigre.'),(580,3,1,'Calvario'),(581,3,2,'Ceiba Alta (parte)'),(582,3,3,'Jocotal'),(583,3,4,'Legua de Naranjo'),(584,3,5,'Mangos'),(585,3,6,'Meseta'),(586,3,7,'Monte Redondo'),(587,3,8,'Ojo de Agua'),(588,3,9,'Rosalía'),(589,3,10,'Uruca.'),(590,4,1,'La Fila (parte)'),(591,4,0,'Pueblo Nuevo.'),(592,4,2,'Limonal'),(593,4,3,'Los Solano'),(594,4,4,'Rancho Grande'),(595,4,5,'Salitral'),(596,4,6,'Tranquerillas'),(597,4,7,'Trinidad (parte)'),(598,4,8,'Villanueva.'),(599,5,1,'Alto Buenavista'),(600,5,2,'Altos del Aguacate'),(601,5,3,'Bajo Bijagual'),(602,5,4,'Bajo Máquinas'),(603,5,5,'Bajo Venegas (parte)'),(604,5,6,'Carmen (parte).'),(605,6,1,'Ojo de Agua (parte)'),(606,6,2,'Portuguez.'),(607,7,1,'Cinco Esquinas (parte)'),(608,7,2,'Santa Teresita.'),(609,7,3,'Cerro'),(610,7,4,'Cuesta Grande'),(611,7,5,'Guinealillo'),(612,7,6,'Huaso (parte)'),(613,7,7,'Lagunillas'),(614,7,8,'Palo Blanco'),(615,7,9,'Quebradas'),(616,7,10,'Rincón.'),(617,1,1,'Alhambra'),(618,1,0,'Cabriola'),(619,1,2,'Brasil'),(620,1,0,'Cedral'),(621,1,3,'Carreras'),(622,1,0,'Cuesta Achiotal'),(623,1,4,'Colonia del Prado'),(624,1,0,'Llano León'),(625,1,5,'Llano Limón'),(626,1,0,'Michoacán'),(627,1,6,'Nuevo Brasil'),(628,1,0,'Quebrada Honda'),(629,1,7,'Piñal'),(630,1,0,'Rodeo'),(631,1,8,'San Bosco'),(632,1,0,'Santísima Trinidad'),(633,1,9,'San Vicente'),(634,1,0,'Ticufres.'),(635,1,10,'Tablera.'),(636,2,1,'Bajo Claras'),(637,2,2,'Bajo Morado'),(638,2,3,'Corrogres'),(639,2,4,'Monte Negro.'),(640,3,1,'Bajo Bustamante'),(641,3,2,'Bajo Lima'),(642,3,3,'Bajo Loaiza'),(643,3,4,'Cañas'),(644,3,5,'Corralar'),(645,3,6,'Morado'),(646,3,7,'Piedras Blancas'),(647,3,8,'Salto.'),(648,4,1,'Chile'),(649,4,2,'Danta'),(650,4,3,'Palma'),(651,4,4,'Quebrada Grande.'),(652,5,1,'Cordel'),(653,5,2,'Chucás'),(654,5,3,'Jateo'),(655,5,4,'Llano Grande'),(656,5,5,'Monte Frío (Potrerillos).'),(657,6,1,'Pito.'),(658,7,1,'San Juan'),(659,7,2,'San Martín'),(660,7,3,'Quebrada Honda.'),(661,1,1,'Árboles'),(662,1,2,'Colonia del Río'),(663,1,3,'El Alto (parte)'),(664,1,4,'Fátima'),(665,1,5,'Independencia'),(666,1,6,'Jardín'),(667,1,7,'Magnolia'),(668,1,8,'Maravilla'),(669,1,9,'Margarita'),(670,1,10,'Minerva'),(671,1,11,'Moreno Cañas'),(672,1,12,'Orquídea'),(673,1,13,'Pilar Jiménez'),(674,1,14,'Rothe'),(675,1,15,'San Gerardo'),(676,1,16,'Santa Cecilia'),(677,1,17,'Santa Eduvigis'),(678,1,18,'Santo Cristo'),(679,1,19,'Unión'),(680,1,20,'Yurusti.'),(681,2,1,'Carlos María Ulloa'),(682,2,2,'San Francisco (centro)'),(683,2,3,'Tournón.'),(684,3,1,'Calle Blancos (centro)'),(685,3,2,'Ciprés'),(686,3,3,'Encanto'),(687,3,4,'Esquivel Bonilla'),(688,3,5,'Montelimar'),(689,3,6,'Pinos'),(690,3,7,'San Antonio'),(691,3,8,'San Gabriel'),(692,3,9,'Santo Tomás'),(693,3,10,'Volio.'),(694,4,1,'Bruncas'),(695,4,2,'Carmen'),(696,4,3,'Claraval'),(697,4,4,'Cruz'),(698,4,5,'Cuesta Grande (parte)'),(699,4,6,'Estéfana (parte)'),(700,4,7,'Hortensias'),(701,4,8,'Jaboncillal'),(702,4,9,'Jardines de la Paz'),(703,4,10,'Lourdes'),(704,4,11,'Praderas'),(705,4,12,'Tepeyac'),(706,4,13,'Térraba'),(707,4,14,'Villalta'),(708,4,15,'Villaverde'),(709,4,16,'Vista del Valle.'),(710,5,1,'Ángeles'),(711,5,2,'El Alto (parte)'),(712,5,3,'Floresta'),(713,5,4,'Korobó'),(714,5,5,'La Mora'),(715,5,6,'Morita'),(716,5,7,'Mozotal'),(717,5,8,'Nazareno'),(718,5,9,'Orquídea'),(719,5,10,'Rodrigo Facio'),(720,5,11,'Santa Clara (parte)'),(721,5,12,'Setillal'),(722,5,13,'Vista del Monte.'),(723,6,1,'Mirador.'),(724,6,2,'Corralillo'),(725,6,3,'Guayabillos'),(726,6,4,'Isla'),(727,6,5,'San Miguel'),(728,6,0,'Vista de Mar.'),(729,7,1,'Ana Frank'),(730,7,2,'Castores'),(731,7,3,'Cuadros'),(732,7,4,'Don Carlos'),(733,7,5,'El Alto (parte)'),(734,7,6,'Flor de Liz'),(735,7,7,'Kurú'),(736,7,8,'Lomas de Tepeyac'),(737,7,9,'Lupita'),(738,7,10,'Montesol'),(739,7,11,'Nogales'),(740,7,12,'Pueblo'),(741,7,13,'Violetas.'),(742,1,1,'Aguas Lindas'),(743,1,2,'Cabañas'),(744,1,3,'Casa Blanca'),(745,1,4,'Lajas (parte)'),(746,1,5,'Obando'),(747,1,6,'Paso Machete (parte)'),(748,1,7,'San Rafael.'),(749,1,8,'Corrogres'),(750,1,9,'Pilas.'),(751,2,1,'Paso Machete (parte)'),(752,2,2,'Robalillo.'),(753,2,3,'Alto Raicero'),(754,2,4,'Chirracal'),(755,2,5,'Matinilla'),(756,2,6,'Pabellón'),(757,2,7,'Perico.'),(758,3,1,'Alto Palomas'),(759,3,2,'Concepción'),(760,3,3,'Cuevas'),(761,3,4,'Chispa'),(762,3,5,'Gavilanes'),(763,3,6,'Honduras'),(764,3,7,'Lajas (parte)'),(765,3,8,'Lindora'),(766,3,9,'Manantial'),(767,3,10,'Real de Pereira (parte)'),(768,3,11,'Valle del sol.'),(769,4,1,'Chimba'),(770,4,2,'Guapinol'),(771,4,3,'Mata Grande'),(772,4,4,'Mina'),(773,4,5,'Paso Machete (parte)'),(774,4,6,'Río Uruca.'),(775,5,1,'Caraña'),(776,5,2,'Cebadilla'),(777,5,3,'Finquitas'),(778,5,4,'Montaña del Sol'),(779,5,5,'Rincón San Marcos'),(780,5,6,'Triunfo.'),(781,6,1,'Canjel'),(782,6,2,'Copey.'),(783,1,1,'Bellavista'),(784,1,2,'Chorotega'),(785,1,3,'Lagunilla'),(786,1,4,'Macha'),(787,1,5,'Madrigal.'),(788,2,1,'Aguilar Machado'),(789,2,2,'Cochea'),(790,2,3,'El Alto'),(791,2,4,'Faro del Suroeste'),(792,2,5,'Filtros'),(793,2,6,'Pueblo Escondido'),(794,2,7,'Vistas de Alajuelita.'),(795,3,1,'Caracas'),(796,3,2,'Cascabela'),(797,3,3,'Llano'),(798,3,4,'Piedra de fuego.'),(799,3,5,'Lámparas.'),(800,4,1,'Almendros'),(801,4,2,'Boca del Monte'),(802,4,3,'Chirivico'),(803,4,4,'Monte Alto'),(804,4,5,'Once de Abril'),(805,4,6,'Progreso'),(806,4,7,'Tejar (parte)'),(807,4,8,'Vista de San José'),(808,4,9,'Vista Real.'),(809,5,1,'Aurora'),(810,5,2,'Corina Rodríguez'),(811,5,3,'Esquipulas Dos'),(812,5,4,'La Guápil'),(813,5,5,'Peralta'),(814,5,6,'Verbena.'),(815,5,7,'Palo Campano.'),(816,1,1,'Alamos'),(817,1,2,'Alpes'),(818,1,3,'Arias'),(819,1,4,'Brisa'),(820,1,5,'Cedros'),(821,1,6,'Corazón de Jesús'),(822,1,7,'Durazno'),(823,1,8,'Girasoles (parte)'),(824,1,9,'Huacas'),(825,1,10,'Magnolias'),(826,1,11,'Mercedes'),(827,1,12,'Monte Azul'),(828,1,13,'San Francisco'),(829,1,14,'San Martín'),(830,1,15,'Villa Solidarista.'),(831,2,1,'Fanguillo'),(832,2,2,'I Griega'),(833,2,3,'Loma Bonita'),(834,2,4,'Nubes'),(835,2,5,'Patio de Agua'),(836,2,6,'Villa Emaus.'),(837,3,1,'Calera'),(838,3,2,'Carmen'),(839,3,3,'Gemelas'),(840,3,4,'Josué'),(841,3,5,'Manzanos'),(842,3,6,'Murtal'),(843,3,7,'Sitrae'),(844,3,8,'Valle Felíz.'),(845,3,9,'Alto Palma (parte)'),(846,3,10,'Platanares'),(847,3,11,'Rodeo (parte).'),(848,4,1,'Cornelia'),(849,4,2,'Girasoles (parte)'),(850,4,3,'Horizontes'),(851,4,4,'Irazú'),(852,4,5,'Jardines'),(853,4,6,'Labrador'),(854,4,7,'Patalillo'),(855,4,8,'Santa Marta'),(856,4,9,'Trapiche'),(857,4,10,'Villalinda'),(858,4,11,'Villanova.'),(859,5,1,'Avilés'),(860,5,2,'Cerro Indio'),(861,5,3,'Guaba'),(862,5,4,'Rojizo'),(863,5,5,'Sinaí.'),(864,5,6,'Canoa'),(865,5,7,'Cascajal'),(866,5,8,'Choco'),(867,5,9,'Isla'),(868,5,10,'Monserrat'),(869,5,11,'Patillos'),(870,5,12,'Rodeo (parte)'),(871,5,13,'Santa Rita de Casia'),(872,5,14,'Tierras Morenas'),(873,5,15,'Vegas de Cajón'),(874,5,16,'Venita.'),(875,1,1,'Abarca'),(876,1,2,'Corral'),(877,1,3,'María Auxiliadora'),(878,1,4,'Ortiga'),(879,1,5,'Pozos'),(880,1,6,'San Martín (San Gerardo)'),(881,1,7,'San Luis'),(882,1,8,'Turrujal'),(883,1,9,'Vereda.'),(884,1,10,'Aguablanca (parte)'),(885,1,11,'Alto Escalera'),(886,1,12,'Alto Los Mora'),(887,1,13,'Ángeles'),(888,1,14,'Chirraca (parte)'),(889,1,15,'Esperanza'),(890,1,16,'Potrerillos'),(891,1,17,'Resbalón'),(892,1,18,'Tablazo.'),(893,2,1,'Alto Sierra'),(894,2,2,'Alto Vigía'),(895,2,3,'Bajo Arias'),(896,2,4,'Bajo Bermúdez'),(897,2,5,'Bajo Calvo'),(898,2,6,'Bajo Cárdenas'),(899,2,7,'Bajo Moras'),(900,2,8,'Coyolar'),(901,2,9,'Hondonada'),(902,2,10,'La Cruz'),(903,2,11,'Lagunillas (parte)'),(904,2,12,'Ococa'),(905,2,13,'Toledo'),(906,2,14,'Zapote.'),(907,3,1,'San Pablo'),(908,3,2,'Agua Blanca (parte)'),(909,3,3,'Bajo Cerdas'),(910,3,4,'Bajos de Jorco'),(911,3,5,'Bolívar'),(912,3,6,'Cañadas'),(913,3,7,'Caragral'),(914,3,8,'Corazón de Jesús'),(915,3,9,'Charcalillo'),(916,3,10,'Chirraca (parte)'),(917,3,11,'Fila'),(918,3,12,'Jaular'),(919,3,13,'Lagunillas (parte)'),(920,3,14,'La Mina'),(921,3,15,'La Pita'),(922,3,16,'Los Monge'),(923,3,17,'Playa'),(924,3,18,'San Pablo'),(925,3,19,'Sevilla.'),(926,4,1,'Bajo Los Cruces'),(927,4,2,'Ceiba Alta (parte)'),(928,4,3,'Ceiba Baja'),(929,4,4,'Ceiba Este'),(930,4,5,'Escuadra'),(931,4,6,'Gravilias'),(932,4,7,'Lindavista'),(933,4,8,'Llano Bonito'),(934,4,9,'Mesa'),(935,4,10,'Naranjal'),(936,4,11,'Perpetuo Socorro'),(937,4,12,'Tejar'),(938,4,13,'Tiquires.'),(939,5,1,'Alto Parritón'),(940,5,2,'Bajo Palma'),(941,5,3,'Bajo Pérez'),(942,5,4,'Bijagual'),(943,5,5,'Breñón'),(944,5,6,'Caspirola'),(945,5,7,'Colorado'),(946,5,8,'Cuesta Aguacate'),(947,5,9,'Limas'),(948,5,10,'Parritón'),(949,5,11,'Plomo'),(950,5,12,'Sabanas'),(951,5,13,'San Jerónimo'),(952,5,14,'Soledad'),(953,5,15,'Téruel'),(954,5,16,'Tiquiritos'),(955,5,17,'Uruca'),(956,5,18,'Zoncuano.'),(957,1,1,'Acacias'),(958,1,2,'Arboleda'),(959,1,3,'Asturias'),(960,1,4,'Estudiantes'),(961,1,5,'Florida'),(962,1,6,'González Truque'),(963,1,7,'Jesús Jiménez Zamora'),(964,1,8,'Lindavista'),(965,1,9,'Rosas'),(966,1,10,'San Jerónimo'),(967,1,11,'Santa Eduvigis'),(968,1,12,'Valle'),(969,1,13,'Versalles'),(970,1,14,'Villafranca'),(971,1,15,'Virginia.'),(972,2,1,'Bajo Piuses'),(973,2,2,'Copey'),(974,2,3,'Leiva Urcuyo'),(975,2,4,'Lilas'),(976,2,5,'Lomas del Pinar'),(977,2,6,'Montecarlo'),(978,2,7,'Santa Teresa.'),(979,3,1,'Apolo'),(980,3,2,'Dalia'),(981,3,3,'Estancia'),(982,3,4,'Fletcher'),(983,3,5,'Franjo'),(984,3,6,'Jardines de Tibás'),(985,3,7,'Jardines La Trinidad'),(986,3,8,'Monterreal'),(987,3,9,'Palmeras'),(988,3,10,'Santa Mónica'),(989,3,11,'Talamanca'),(990,3,12,'Vergel.'),(991,4,1,'Doña Fabiola'),(992,4,2,'Garabito.'),(993,5,1,'Anselmo Alvarado'),(994,5,2,'Balsa'),(995,5,3,'Cuatro Reinas'),(996,5,4,'Orquídeas'),(997,5,5,'Rey'),(998,5,6,'San Agustín.'),(999,1,1,'Alondra'),(1000,1,2,'Americano'),(1001,1,3,'Américas'),(1002,1,4,'Bajo Isla'),(1003,1,5,'Bajo Varelas'),(1004,1,6,'Barro de Olla'),(1005,1,7,'Caragua'),(1006,1,8,'Carmen'),(1007,1,9,'Colegios'),(1008,1,10,'Colegios Norte'),(1009,1,11,'Chaves'),(1010,1,12,'El Alto (parte)'),(1011,1,13,'Flor'),(1012,1,14,'Florencia'),(1013,1,15,'Guaria'),(1014,1,16,'Guaria Oriental'),(1015,1,17,'Isla'),(1016,1,18,'Jardines de Moravia'),(1017,1,19,'La Casa'),(1018,1,20,'Ladrillera'),(1019,1,21,'Robles'),(1020,1,22,'Romeral'),(1021,1,23,'Sagrado Corazón'),(1022,1,24,'San Blas'),(1023,1,25,'San Jorge'),(1024,1,26,'San Martín'),(1025,1,27,'San Rafael'),(1026,1,28,'Santa Clara (parte)'),(1027,1,29,'Santo Tomás'),(1028,1,30,'Saprissa.'),(1029,2,1,'Alto Palma (parte)'),(1030,2,2,'Platanares'),(1031,2,3,'Tornillal'),(1032,2,4,'Torre.'),(1033,3,1,'Altos de Trinidad'),(1034,3,2,'Cipreses'),(1035,3,3,'Colonia'),(1036,3,4,'Moral'),(1037,3,5,'Níspero'),(1038,3,6,'Rosal'),(1039,3,7,'Ruano'),(1040,3,8,'Sitios'),(1041,3,9,'Tanques'),(1042,3,10,'Virilla.'),(1043,1,1,'Alhambra'),(1044,1,2,'Azáleas'),(1045,1,3,'Carmiol'),(1046,1,4,'Cedral'),(1047,1,5,'Dent (parte)'),(1048,1,6,'Francisco Peralta (parte)'),(1049,1,7,'Fuentes'),(1050,1,8,'Granja'),(1051,1,9,'Kezia'),(1052,1,10,'Lourdes'),(1053,1,11,'Monterrey'),(1054,1,12,'Nadori'),(1055,1,13,'Oriente'),(1056,1,14,'Pinto'),(1057,1,15,'Prados del Este'),(1058,1,16,'Roosevelt'),(1059,1,17,'San Gerardo (parte)'),(1060,1,18,'Santa Marta'),(1061,1,19,'Saprissa'),(1062,1,20,'Vargas Araya'),(1063,1,21,'Yoses.'),(1064,2,1,'Arboleda'),(1065,2,2,'Bloquera'),(1066,2,3,'Cedros'),(1067,2,4,'El Cristo (parte)'),(1068,2,5,'Españolita'),(1069,2,6,'Luciana'),(1070,2,7,'Marsella'),(1071,2,8,'Maravilla'),(1072,2,9,'Rodeo'),(1073,2,10,'Rosales'),(1074,2,11,'San Marino.'),(1075,3,1,'Alma Máter'),(1076,3,2,'Damiana'),(1077,3,3,'Dent (parte)'),(1078,3,4,'Guaymí'),(1079,3,5,'Paso Hondo'),(1080,3,6,'Paulina.'),(1081,4,1,'Alameda'),(1082,4,2,'Andrómeda'),(1083,4,3,'Begonia'),(1084,4,4,'Cuesta Grande (parte)'),(1085,4,5,'El Cristo (parte)'),(1086,4,6,'Estéfana (parte)'),(1087,4,7,'Europa'),(1088,4,8,'Liburgia'),(1089,4,9,'Mansiones (parte)'),(1090,4,10,'Maruz'),(1091,4,11,'Salitrillos.'),(1092,1,1,'Alto Poró'),(1093,1,2,'Bolsón'),(1094,1,3,'Purires.'),(1095,2,1,'Alto Limón'),(1096,2,2,'Florecilla'),(1097,2,3,'Limón'),(1098,2,4,'Palmar'),(1099,2,5,'Pita Villa Colina.'),(1100,3,1,'Bajo Laguna'),(1101,3,2,'El Barro'),(1102,3,3,'Llano Bonito (San Juan de Mata)'),(1103,3,4,'Molenillo'),(1104,3,5,'Paso Agres'),(1105,3,6,'Surtubal'),(1106,3,7,'Tronco Negro.'),(1107,4,1,'Pital'),(1108,4,2,'Potenciana Arriba'),(1109,4,3,'Quebrada Azul'),(1110,4,4,'San Francisco'),(1111,4,5,'San Rafael.'),(1112,5,1,'Alto Espavel'),(1113,5,2,'Angostura (parte)'),(1114,5,3,'Bijagualito'),(1115,5,4,'Bola'),(1116,5,5,'Carara'),(1117,5,6,'Cima'),(1118,5,7,'Delicias'),(1119,5,8,'El Sur'),(1120,5,9,'Esperanza'),(1121,5,10,'Fila Negra'),(1122,5,11,'Galán'),(1123,5,12,'La Trampa'),(1124,5,13,'Lajas'),(1125,5,14,'Mata de Platano'),(1126,5,15,'Montelimar'),(1127,5,16,'Pacayal'),(1128,5,17,'Pavona'),(1129,5,18,'Quina'),(1130,5,19,'Río Negro'),(1131,5,20,'Río Seco'),(1132,5,21,'San Francísco'),(1133,5,22,'San Gabriel'),(1134,5,23,'San Isidro'),(1135,5,24,'San Jerónimo'),(1136,5,25,'Tulín.'),(1137,1,1,'Bandera'),(1138,1,2,'Higueronal'),(1139,1,3,'Llano'),(1140,1,4,'Nubes'),(1141,1,5,'San Rafael.'),(1142,1,6,'Botella'),(1143,1,7,'Cedral'),(1144,1,8,'Guaria'),(1145,1,9,'Naranjo'),(1146,1,10,'Quebrada Grande (parte)'),(1147,1,11,'Reyes'),(1148,1,12,'San Joaquín'),(1149,1,13,'San Lucas'),(1150,1,14,'Sukia'),(1151,1,15,'Vapor.'),(1152,2,1,'Cabeceras de Tarrazú'),(1153,2,2,'Chonta (parte)'),(1154,2,3,'Quebradillas.'),(1155,3,1,'Bernardo Ureña.'),(1156,3,2,'Alto Cañazo'),(1157,3,3,'Alto indio'),(1158,3,4,'Alto Miramar'),(1159,3,5,'Cañón (parte)'),(1160,3,6,'Cima'),(1161,3,7,'Cruce Chinchilla'),(1162,3,8,'Florida'),(1163,3,9,'Garrafa'),(1164,3,10,'Jaboncillo'),(1165,3,11,'Madreselva'),(1166,3,12,'Ojo de Agua (parte)'),(1167,3,13,'Paso Macho (parte)'),(1168,3,14,'Pedregoso'),(1169,3,15,'Providencia'),(1170,3,16,'Quebrada Grande (parte)'),(1171,3,17,'Quebrador'),(1172,3,18,'Río Blanco'),(1173,3,19,'Salsipuedes (parte)'),(1174,3,20,'San Carlos'),(1175,3,21,'San Gerardo'),(1176,3,22,'Trinidad'),(1177,3,23,'Vueltas.'),(1178,1,1,'Ahogados (parte)'),(1179,1,2,'Aromático'),(1180,1,3,'Cipreses'),(1181,1,4,'Chapultepec'),(1182,1,5,'Dorados'),(1183,1,6,'Guayabos'),(1184,1,7,'Hacienda Vieja'),(1185,1,8,'Hogar'),(1186,1,9,'José María Zeledón'),(1187,1,10,'Laguna'),(1188,1,11,'La Lía'),(1189,1,12,'Mallorca'),(1190,1,13,'María Auxiliadora'),(1191,1,14,'Miramontes'),(1192,1,15,'Nopalera'),(1193,1,16,'Plaza del Sol'),(1194,1,17,'Prado'),(1195,1,18,'San José'),(1196,1,19,'Santa Cecilia'),(1197,1,20,'Tacaco.'),(1198,2,1,'Biarquiria'),(1199,2,2,'Eucalipto'),(1200,2,3,'Freses'),(1201,2,4,'Granadilla Norte'),(1202,2,5,'Granadilla Sur'),(1203,2,6,'Montaña Rusa (parte).'),(1204,3,1,'Araucauria (parte)'),(1205,3,2,'Lomas de Ayarco'),(1206,3,3,'Pinares.'),(1207,4,1,'Colina'),(1208,4,2,'Lomas de San Pancracio'),(1209,4,3,'Ponderosa'),(1210,4,4,'Quince de Agosto.'),(1211,1,1,'Aeropuerto'),(1212,1,2,'Alto Alonso'),(1213,1,3,'Boruca'),(1214,1,4,'Boston'),(1215,1,5,'Cementerio'),(1216,1,6,'Cooperativa'),(1217,1,7,'Cristo Rey'),(1218,1,8,'Doce de Marzo'),(1219,1,9,'Dorotea'),(1220,1,10,'Durán Picado'),(1221,1,11,'España'),(1222,1,12,'Estadio'),(1223,1,13,'Evans Gordon Wilson'),(1224,1,14,'González'),(1225,1,15,'Hospital'),(1226,1,16,'Hoyón'),(1227,1,17,'I Griega'),(1228,1,18,'Las Américas'),(1229,1,19,'Lomas de Cocorí'),(1230,1,20,'Luis Monge'),(1231,1,21,'Morazán'),(1232,1,22,'Pavones'),(1233,1,23,'Pedregoso'),(1234,1,24,'Pocito'),(1235,1,25,'Prado'),(1236,1,26,'Romero'),(1237,1,27,'Sagrada Familia'),(1238,1,28,'San Andrés'),(1239,1,29,'San Luis'),(1240,1,30,'San Rafael Sur'),(1241,1,31,'San Vicente'),(1242,1,32,'Santa Cecilia'),(1243,1,33,'Sinaí'),(1244,1,34,'Tierra Prometida'),(1245,1,35,'Tormenta'),(1246,1,36,'Unesco'),(1247,1,37,'Valverde.'),(1248,1,38,'Alto Ceibo'),(1249,1,39,'Alto Huacas'),(1250,1,40,'Alto Sajaral'),(1251,1,41,'Alto San Juan'),(1252,1,42,'Alto Tumbas'),(1253,1,43,'Angostura'),(1254,1,44,'Bajo Ceibo'),(1255,1,45,'Bajo Esperanzas'),(1256,1,46,'Bajo Mora'),(1257,1,47,'Bijaguales'),(1258,1,48,'Bocana'),(1259,1,49,'Bonita'),(1260,1,50,'Ceibo'),(1261,1,51,'Ceniza'),(1262,1,52,'Dorado'),(1263,1,53,'Esperanzas'),(1264,1,54,'Guadalupe'),(1265,1,55,'Guaria'),(1266,1,56,'Higuerones'),(1267,1,57,'Jilguero'),(1268,1,58,'Jilguero Sur'),(1269,1,59,'Los Guayabos'),(1270,1,60,'María Auxiliadora'),(1271,1,61,'Miravalles'),(1272,1,62,'Morete'),(1273,1,63,'Ojo de Agua'),(1274,1,64,'Ocho de Diciembre'),(1275,1,65,'Pacuarito'),(1276,1,66,'Palma'),(1277,1,67,'Paso Beita'),(1278,1,68,'Paso Lagarto'),(1279,1,69,'Quebrada Honda (parte)'),(1280,1,70,'Quebrada Vueltas'),(1281,1,71,'Quebradas'),(1282,1,72,'Roble'),(1283,1,73,'Rosario'),(1284,1,74,'San Agustín'),(1285,1,75,'San Jorge'),(1286,1,76,'San Juan de Miramar'),(1287,1,77,'San Lorenzo'),(1288,1,78,'San Rafael Norte'),(1289,1,79,'Santa Fé'),(1290,1,80,'Santa Marta'),(1291,1,81,'Suiza (parte)'),(1292,1,82,'Tajo'),(1293,1,83,'Toledo'),(1294,1,84,'Tronconales'),(1295,1,85,'Tuis'),(1296,1,86,'Villanueva.'),(1297,2,1,'Arepa'),(1298,2,2,'Carmen'),(1299,2,3,'Chanchos'),(1300,2,4,'Hermosa'),(1301,2,5,'Linda'),(1302,2,6,'Linda Arriba'),(1303,2,7,'Miraflores'),(1304,2,8,'Paraíso de la Tierra'),(1305,2,9,'Peñas Blancas'),(1306,2,10,'Quizarrá (parte)'),(1307,2,11,'San Blas'),(1308,2,12,'San Luis'),(1309,2,13,'Santa Cruz'),(1310,2,14,'Santa Elena'),(1311,2,15,'Trinidad.'),(1312,3,1,'Alto Brisas'),(1313,3,2,'Ángeles'),(1314,3,3,'Aurora'),(1315,3,4,'Chiles'),(1316,3,5,'Crematorio'),(1317,3,6,'Daniel Flores'),(1318,3,7,'Laboratorio'),(1319,3,8,'Los Pinos'),(1320,3,9,'Loma Verde'),(1321,3,10,'Lourdes'),(1322,3,11,'Rosas'),(1323,3,12,'Rosa Iris'),(1324,3,13,'San Francisco'),(1325,3,14,'Santa Margarita'),(1326,3,15,'Trocha'),(1327,3,16,'Villa Ligia.'),(1328,3,17,'Aguas Buenas (parte)'),(1329,3,18,'Bajos de Pacuar'),(1330,3,19,'Concepción (parte)'),(1331,3,20,'Corazón de Jesús'),(1332,3,21,'Juntas de Pacuar'),(1333,3,22,'Paso Bote'),(1334,3,23,'Patio de Agua'),(1335,3,24,'Peje'),(1336,3,25,'Percal'),(1337,3,26,'Pinar del Río'),(1338,3,27,'Quebrada Honda (parte)'),(1339,3,28,'Repunta'),(1340,3,29,'Reyes'),(1341,3,30,'Ribera'),(1342,3,31,'Suiza (parte).'),(1343,4,1,'Linda Vista'),(1344,4,2,'Lourdes.'),(1345,4,3,'Alaska'),(1346,4,4,'Altamira'),(1347,4,5,'Alto Jaular'),(1348,4,6,'Ángeles'),(1349,4,7,'Boquete'),(1350,4,8,'Buenavista'),(1351,4,9,'Canaán'),(1352,4,10,'Chimirol'),(1353,4,11,'Chispa'),(1354,4,12,'Chuma'),(1355,4,13,'División (parte)'),(1356,4,14,'Guadalupe'),(1357,4,15,'Herradura'),(1358,4,16,'La Bambú'),(1359,4,17,'Los Monges'),(1360,4,18,'Monterrey'),(1361,4,19,'Palmital'),(1362,4,20,'Piedra Alta'),(1363,4,21,'Playa Quesada'),(1364,4,22,'Playas'),(1365,4,23,'Pueblo Nuevo'),(1366,4,24,'Río Blanco'),(1367,4,25,'San Antonio'),(1368,4,26,'San Gerardo'),(1369,4,27,'San José'),(1370,4,28,'San Juan Norte'),(1371,4,29,'Siberia (parte)'),(1372,4,30,'Tirrá'),(1373,4,31,'Zapotal.'),(1374,5,1,'Cruz Roja.'),(1375,5,2,'Arenilla (Junta)'),(1376,5,3,'Alto Calderón'),(1377,5,4,'Cedral (parte)'),(1378,5,5,'Fátima'),(1379,5,6,'Fortuna'),(1380,5,7,'Guaria'),(1381,5,8,'Laguna'),(1382,5,9,'Rinconada Vega'),(1383,5,10,'San Jerónimo'),(1384,5,11,'San Juan'),(1385,5,12,'San Juancito'),(1386,5,13,'San Rafael'),(1387,5,14,'Santa Ana'),(1388,5,15,'Santo Domingo'),(1389,5,16,'Tambor'),(1390,5,17,'Unión'),(1391,5,18,'Zapotal.'),(1392,6,1,'Aguas Buenas (parte)'),(1393,6,2,'Bajo Bonitas'),(1394,6,3,'Bajo Espinoza'),(1395,6,4,'Bolivia'),(1396,6,5,'Bonitas'),(1397,6,6,'Buenos Aires'),(1398,6,7,'Concepción (parte)'),(1399,6,8,'Cristo Rey'),(1400,6,9,'La Sierra'),(1401,6,10,'Lourdes'),(1402,6,11,'Mastatal'),(1403,6,12,'Mollejoncito'),(1404,6,13,'Mollejones'),(1405,6,14,'Naranjos'),(1406,6,15,'Oratorio'),(1407,6,16,'San Carlos'),(1408,6,17,'San Pablito'),(1409,6,18,'San Pablo'),(1410,6,19,'San Roque (parte)'),(1411,6,20,'Socorro'),(1412,6,21,'Surtubal (parte)'),(1413,6,22,'Villa Argentina'),(1414,6,23,'Villa Flor'),(1415,6,24,'Vista de Mar.'),(1416,7,1,'Achiotal'),(1417,7,2,'Aguila'),(1418,7,3,'Alto Trinidad (Puñal)'),(1419,7,4,'Bajo Caliente'),(1420,7,5,'Bajo Minas'),(1421,7,6,'Barrionuevo'),(1422,7,7,'Bellavista'),(1423,7,8,'Calientillo'),(1424,7,9,'Corralillo'),(1425,7,10,'China Kichá'),(1426,7,11,'Delicias'),(1427,7,12,'Desamparados'),(1428,7,13,'El Progreso'),(1429,7,14,'Gibre'),(1430,7,15,'Guadalupe'),(1431,7,16,'Las Cruces'),(1432,7,17,'Mesas'),(1433,7,18,'Minas'),(1434,7,19,'Montezuma'),(1435,7,20,'Paraiso'),(1436,7,21,'San Antonio'),(1437,7,22,'San Gabriel'),(1438,7,23,'San Marcos'),(1439,7,24,'San Martín'),(1440,7,25,'San Miguel'),(1441,7,26,'San Roque (parte)'),(1442,7,27,'Santa Cecilia'),(1443,7,28,'Santa Fe'),(1444,7,29,'Santa Luisa'),(1445,7,30,'Surtubal (parte)'),(1446,7,31,'Trinidad'),(1447,7,32,'Veracruz'),(1448,7,33,'Zapote.'),(1449,8,1,'Cedral (parte)'),(1450,8,2,'El Quemado'),(1451,8,3,'Gloria'),(1452,8,4,'Las Brisas'),(1453,8,5,'Las Vegas'),(1454,8,6,'Mercedes'),(1455,8,7,'Montecarlo'),(1456,8,8,'Navajuelar'),(1457,8,9,'Nubes'),(1458,8,10,'Paraíso'),(1459,8,11,'Pilar'),(1460,8,12,'Pueblo Nuevo'),(1461,8,13,'Quizarrá (parte)'),(1462,8,14,'Salitrales'),(1463,8,15,'San Francisco'),(1464,8,16,'San Ignacio'),(1465,8,17,'San Pedrito'),(1466,8,18,'Santa María'),(1467,8,19,'Santa Teresa.'),(1468,9,1,'Alfombra'),(1469,9,2,'Alto Perla'),(1470,9,3,'Bajos'),(1471,9,4,'Bajos de Zapotal'),(1472,9,5,'Barú'),(1473,9,6,'Barucito'),(1474,9,7,'Cacao'),(1475,9,8,'Camarones'),(1476,9,9,'Cañablanca'),(1477,9,10,'Ceiba'),(1478,9,11,'Chontales'),(1479,9,12,'Farallas'),(1480,9,13,'Florida'),(1481,9,14,'San Juan de Dios (Guabo)'),(1482,9,15,'Líbano'),(1483,9,16,'Magnolia'),(1484,9,17,'Pozos'),(1485,9,18,'Reina'),(1486,9,19,'San Marcos'),(1487,9,20,'San Salvador'),(1488,9,21,'Santa Juana'),(1489,9,22,'Santo Cristo'),(1490,9,23,'Tinamaste (San Cristobal)'),(1491,9,24,'Torito'),(1492,9,25,'Tres Piedras (parte)'),(1493,9,26,'Tumbas'),(1494,9,27,'Villabonita Vista Mar.'),(1495,10,1,'Alto Mena'),(1496,10,2,'Brujo'),(1497,10,3,'Calle Los Mora'),(1498,10,4,'Chiricano'),(1499,10,5,'Gloria'),(1500,10,6,'Loma Guacal'),(1501,10,7,'Llano'),(1502,10,8,'Paraíso'),(1503,10,9,'Providencia (Parte)'),(1504,10,10,'Purruja'),(1505,10,11,'Río Nuevo'),(1506,10,12,'San Antonio'),(1507,10,13,'Santa Marta'),(1508,10,14,'Savegre Abajo'),(1509,10,15,'Viento Fresco.'),(1510,11,1,'Alto Macho Mora'),(1511,11,2,'Ángeles'),(1512,11,3,'Berlín'),(1513,11,4,'Chanchera'),(1514,11,5,'División (parte)'),(1515,11,6,'Fortuna'),(1516,11,7,'Hortensia'),(1517,11,8,'La Ese'),(1518,11,9,'La Piedra'),(1519,11,10,'Lira'),(1520,11,11,'Matasanos'),(1521,11,12,'Palma'),(1522,11,13,'Pedregosito'),(1523,11,14,'Providencia (Parte)'),(1524,11,15,'San Ramón Norte'),(1525,11,16,'Santa Eduvigis'),(1526,11,17,'Santo Tomás'),(1527,11,18,'Siberia (parte)'),(1528,11,19,'Valencia.'),(1529,1,1,'Estadio'),(1530,1,2,'La Clara'),(1531,1,3,'La Virgen'),(1532,1,4,'Los Ángeles'),(1533,1,5,'Sagrada Familia.'),(1534,1,6,'Abejonal'),(1535,1,7,'Carrizales'),(1536,1,8,'Los Navarro'),(1537,1,9,'Montes de Oro'),(1538,1,10,'Rosario.'),(1539,2,1,'Angostura (parte)'),(1540,2,2,'Bajo Gamboa'),(1541,2,3,'Higuerón'),(1542,2,4,'Llano Grande'),(1543,2,5,'Ojo de Agua (parte)'),(1544,2,6,'Rastrojales.'),(1545,3,1,'Bajo Mora'),(1546,3,2,'Bajo Venegas (parte)'),(1547,3,3,'Concepción'),(1548,3,4,'San Francisco'),(1549,3,5,'San Luis'),(1550,3,6,'San Rafael Abajo'),(1551,3,7,'Santa Juana'),(1552,3,8,'Santa Rosa (parte).'),(1553,4,1,'Alto Carrizal'),(1554,4,2,'Loma de la Altura'),(1555,4,3,'Santa Rosa (parte)'),(1556,4,4,'Trinidad.'),(1557,5,1,'Cedral (parte)'),(1558,5,2,'Lucha (parte)'),(1559,5,3,'San Martín'),(1560,5,4,'Rincón Gamboa.'),(1561,6,1,'Angostura (parte)'),(1562,6,2,'Cuesta.'),(1563,1,1,'Acequia Grande (parte)'),(1564,1,2,'Agonía'),(1565,1,3,'Arroyo'),(1566,1,4,'Bajo Cornizal'),(1567,1,5,'Brasil (parte)'),(1568,1,6,'Cafetal'),(1569,1,7,'Canoas'),(1570,1,8,'Carmen'),(1571,1,9,'Cementerio'),(1572,1,10,'Concepción'),(1573,1,11,'Ciruelas'),(1574,1,12,'Corazón de Jesús'),(1575,1,13,'Cristo Rey'),(1576,1,14,'Gregorio José Ramírez'),(1577,1,15,'Guadalupe'),(1578,1,16,'Higuerones'),(1579,1,17,'Hospital'),(1580,1,18,'Llano'),(1581,1,19,'Llobet'),(1582,1,20,'Molinos'),(1583,1,21,'Montecillos (parte)'),(1584,1,22,'Montenegro'),(1585,1,23,'Monserrat (parte)'),(1586,1,24,'Paso Flores'),(1587,1,25,'Providencia'),(1588,1,26,'Retiro'),(1589,1,27,'San Luis'),(1590,1,28,'Tomás Guardia'),(1591,1,29,'Tropicana'),(1592,1,30,'Villabonita (parte)'),(1593,1,31,'Villahermosa.'),(1594,2,1,'Amistad'),(1595,2,2,'Botánica'),(1596,2,3,'Copablanca'),(1597,2,4,'Flores'),(1598,2,5,'Jardines'),(1599,2,6,'Jocote'),(1600,2,7,'Juan Santamaría'),(1601,2,8,'Lagunilla'),(1602,2,9,'Mandarina (parte)'),(1603,2,10,'Maravilla (parte)'),(1604,2,11,'Montesol (parte)'),(1605,2,12,'Pueblo Nuevo'),(1606,2,13,'San Rafael'),(1607,2,14,'Santa Rita'),(1608,2,15,'Tigra'),(1609,2,16,'Torre'),(1610,2,17,'Trinidad'),(1611,2,18,'Tuetal Sur.'),(1612,2,19,'Coyol'),(1613,2,20,'Flores.'),(1614,3,1,'Alto Pavas'),(1615,3,2,'Bambú'),(1616,3,3,'Cinco Esquinas'),(1617,3,4,'Concordia'),(1618,3,5,'Domingas'),(1619,3,6,'El Plan.'),(1620,4,1,'Acequia Grande (parte)'),(1621,4,2,'Bajo Monge'),(1622,4,3,'Cañada'),(1623,4,4,'Montecillos (parte)'),(1624,4,5,'Monserrat (parte)'),(1625,4,6,'Puente Arena (parte)'),(1626,4,7,'Tejar'),(1627,4,8,'Vegas'),(1628,4,9,'Villabonita (parte).'),(1629,4,10,'Ciruelas'),(1630,4,11,'Roble'),(1631,4,12,'Sánchez.'),(1632,5,1,'Bajo Tejar'),(1633,5,2,'Cacao'),(1634,5,3,'Cañada'),(1635,5,4,'Coco'),(1636,5,5,'El Bajo'),(1637,5,6,'Hacienda Los Reyes'),(1638,5,7,'Nuestro Amo'),(1639,5,8,'Rincón Chiquito'),(1640,5,9,'Rincón de Herrera'),(1641,5,10,'Rincón de Monge'),(1642,5,11,'Ventanas'),(1643,5,12,'Vueltas.'),(1644,6,1,'Barrios (Alajuela): Aguilar'),(1645,6,2,'Ceiba'),(1646,6,3,'San Martín.'),(1647,6,4,'Alto Pilas'),(1648,6,5,'Buríos'),(1649,6,6,'Carbonal'),(1650,6,7,'Cerrillal'),(1651,6,8,'Dulce Nombre'),(1652,6,9,'Espino (parte)'),(1653,6,10,'Itiquís'),(1654,6,11,'Laguna'),(1655,6,12,'Loría'),(1656,6,13,'Maravilla (parte)'),(1657,6,14,'Montaña'),(1658,6,15,'Pilas'),(1659,6,16,'Potrerillos'),(1660,6,17,'San Jerónimo'),(1661,6,18,'San Rafael'),(1662,6,19,'Tacacorí'),(1663,6,20,'Tuetal Norte (parte)'),(1664,6,21,'Villas de la Ceiba.'),(1665,7,1,'Alto del Desengaño'),(1666,7,2,'Ángeles'),(1667,7,3,'Bajo Santa Bárbara'),(1668,7,4,'Cerro'),(1669,7,5,'Doka'),(1670,7,6,'Espino (parte)'),(1671,7,7,'Fraijanes'),(1672,7,8,'Lajas'),(1673,7,9,'Poasito'),(1674,7,10,'San Luis'),(1675,7,11,'San Rafael'),(1676,7,12,'Vargas (parte).'),(1677,8,1,'La Paz'),(1678,8,2,'Perla.'),(1679,8,3,'Cañada'),(1680,8,4,'Ojo de Agua'),(1681,8,5,'Paires'),(1682,8,6,'Potrerillos'),(1683,8,7,'Rincón Venegas.'),(1684,9,1,'Ángeles'),(1685,9,2,'Bajo Cañas (parte)'),(1686,9,3,'Bajo La Sorda'),(1687,9,4,'Cacique'),(1688,9,5,'California'),(1689,9,6,'Cañas (parte)'),(1690,9,7,'Guayabo'),(1691,9,8,'Monserrat (parte)'),(1692,9,9,'Puente Arena (parte)'),(1693,9,10,'Villalobos'),(1694,9,11,'Víquez.'),(1695,10,1,'Bajo Cañas (parte)'),(1696,10,2,'Bellavista'),(1697,10,3,'Brasil (parte)'),(1698,10,4,'Calicanto'),(1699,10,5,'Cañas (parte)'),(1700,10,6,'Erizo'),(1701,10,7,'Mojón'),(1702,10,8,'Pasito'),(1703,10,9,'Rincón'),(1704,10,10,'Rosales (parte)'),(1705,10,11,'Targuases'),(1706,10,12,'Tres Piedras.'),(1707,11,1,'Bajo Pita'),(1708,11,2,'Granja'),(1709,11,3,'Morera'),(1710,11,4,'San Martín'),(1711,11,5,'Santa Rita'),(1712,11,6,'Turrucareña'),(1713,11,7,'Villacares.'),(1714,11,8,'Bajo San Miguel'),(1715,11,9,'Candelaria'),(1716,11,10,'Carrera Buena'),(1717,11,11,'Cebadilla'),(1718,11,12,'Cerrillos (San Miguel)'),(1719,11,13,'Conejo'),(1720,11,14,'Juntas'),(1721,11,15,'Siquiares'),(1722,11,16,'Tamarindo.'),(1723,12,1,'Cacao'),(1724,12,2,'Calle Liles'),(1725,12,3,'González'),(1726,12,4,'Quebradas'),(1727,12,5,'Rincón Cacao'),(1728,12,6,'Tuetal Norte (parte)'),(1729,12,7,'Vargas (parte).'),(1730,13,1,'Animas'),(1731,13,2,'Cuesta Colorada'),(1732,13,3,'Copeyal'),(1733,13,4,'Horcones'),(1734,13,5,'Lagos del Coyol'),(1735,13,6,'Llanos'),(1736,13,7,'Mandarina (parte)'),(1737,13,8,'Manolos'),(1738,13,9,'Mina'),(1739,13,10,'Montesol (parte)'),(1740,13,11,'Monticel'),(1741,13,12,'Saltillo.'),(1742,14,1,'Bajo Latas'),(1743,14,2,'Cariblanco'),(1744,14,3,'Corazón de Jesús'),(1745,14,4,'Isla Bonita'),(1746,14,5,'Nueva Cinchona'),(1747,14,6,'San Antonio'),(1748,14,7,'Paraíso'),(1749,14,8,'Punta Mala'),(1750,14,9,'Ujarrás'),(1751,14,10,'Virgen del Socorro (parte).'),(1752,1,1,'Bajo Ladrillera'),(1753,1,2,'Cachera'),(1754,1,3,'Lisímaco Chavarría'),(1755,1,4,'Sabana (parte)'),(1756,1,5,'San José'),(1757,1,6,'Tremedal (parte).'),(1758,2,1,'Arias'),(1759,2,2,'Montserrat.'),(1760,2,3,'Alto Santiago'),(1761,2,4,'Alto Salas'),(1762,2,5,'Angostura'),(1763,2,6,'Balboa'),(1764,2,7,'Cambronero'),(1765,2,8,'Constancia'),(1766,2,9,'Cuesta del Toro'),(1767,2,10,'Empalme'),(1768,2,11,'La Ese'),(1769,2,12,'León'),(1770,2,13,'Magallanes'),(1771,2,14,'Moncada'),(1772,2,15,'Río Jesús.'),(1773,3,1,'Americana'),(1774,3,2,'Bajo Tajos'),(1775,3,3,'Belén'),(1776,3,4,'Cipreses'),(1777,3,5,'Lirios'),(1778,3,6,'Llamarón'),(1779,3,7,'Pueblo Nuevo'),(1780,3,8,'Tanque'),(1781,3,9,'Tejar'),(1782,3,10,'Vicente Badilla.'),(1783,3,11,'Juntas (parte).'),(1784,4,1,'Copán.'),(1785,4,2,'Araya'),(1786,4,3,'Bajo Matamoros (parte)'),(1787,4,4,'Bolívar'),(1788,4,5,'Campos'),(1789,4,6,'Esperanza'),(1790,4,7,'La Paz'),(1791,4,8,'Lomas'),(1792,4,9,'Piedades Noroeste.'),(1793,5,1,'Bajo Barranca'),(1794,5,2,'Barranca'),(1795,5,3,'Bureal'),(1796,5,4,'Carmen'),(1797,5,5,'Chassoul'),(1798,5,6,'Guaria'),(1799,5,7,'Nagatac'),(1800,5,8,'Palma'),(1801,5,9,'Potrerillos'),(1802,5,10,'Quebradillas'),(1803,5,11,'Salvador'),(1804,5,12,'San Bosco'),(1805,5,13,'San Francisco'),(1806,5,14,'San Miguel'),(1807,5,15,'Sardinal'),(1808,5,16,'Socorro.'),(1809,6,1,'Tres Marías'),(1810,6,2,'Unión.'),(1811,6,3,'Alto Llano'),(1812,6,4,'Berlín'),(1813,6,5,'Calera'),(1814,6,6,'Chavarría'),(1815,6,7,'Llano Brenes'),(1816,6,8,'Orlich'),(1817,6,9,'Orozco'),(1818,6,10,'Pata de Gallo'),(1819,6,11,'Rincón de Mora'),(1820,6,12,'Rincón  Orozco'),(1821,6,13,'San Joaquín'),(1822,6,14,'Zamora.'),(1823,7,1,'Progreso'),(1824,7,2,'Bajo Ramírez'),(1825,7,3,'Fernández'),(1826,7,4,'Guaria'),(1827,7,5,'Varela.'),(1828,8,1,'Los Jardines'),(1829,8,2,'Ranchera.'),(1830,8,3,'Ángeles Norte'),(1831,8,4,'Bajo Córdoba'),(1832,8,5,'Bajo Rodríguez'),(1833,8,6,'Balsa'),(1834,8,7,'Cataratas'),(1835,8,8,'Colonia Palmareña'),(1836,8,9,'Coopezamora'),(1837,8,10,'Criques'),(1838,8,11,'Juntas (parte)'),(1839,8,12,'Kooper'),(1840,8,13,'Lagos'),(1841,8,14,'Rocas'),(1842,8,15,'San Jorge'),(1843,8,16,'Silencio'),(1844,8,17,'Valle Azul'),(1845,8,18,'Zuñiga.'),(1846,9,1,'Badilla Alpizar'),(1847,9,2,'Sabana (parte)'),(1848,9,3,'Tremedal (parte).'),(1849,9,4,'Bajo Matamoros (parte)'),(1850,9,5,'Catarata'),(1851,9,6,'San Pedro'),(1852,9,7,'Valverde.'),(1853,10,1,'Alto Villegas'),(1854,10,2,'Bajo Tejares'),(1855,10,3,'Dulce Nombre'),(1856,10,4,'Sifón.'),(1857,11,1,'Cañuela'),(1858,11,2,'Concepción Arriba'),(1859,11,3,'Chaparral'),(1860,11,4,'Pérez.'),(1861,12,1,'Bajo Castillo'),(1862,12,2,'Bajos'),(1863,12,3,'Barranquilla'),(1864,12,4,'Carrera Buena'),(1865,12,5,'Jabonal'),(1866,12,6,'Jabonalito'),(1867,12,7,'Rincón Chaves'),(1868,12,8,'Victoria'),(1869,12,9,'Zapotal (parte).'),(1870,13,1,'Abanico'),(1871,13,2,'Altura'),(1872,13,3,'Bosque'),(1873,13,4,'Burrito'),(1874,13,5,'Cairo'),(1875,13,6,'Castillo (parte)'),(1876,13,7,'Castillo Nuevo'),(1877,13,8,'Colonia Trinidad'),(1878,13,9,'Chachagua'),(1879,13,10,'La Cruz'),(1880,13,11,'Pocosol'),(1881,13,12,'San Carlos'),(1882,13,13,'San Rafael'),(1883,13,14,'Sector Ángeles.'),(1884,1,1,'Carmona'),(1885,1,2,'Chavarría'),(1886,1,3,'Colón'),(1887,1,4,'Jiménez'),(1888,1,5,'Pinos'),(1889,1,6,'Rincón de Arias'),(1890,1,7,'San Antonio'),(1891,1,8,'San Vicente.'),(1892,1,9,'Celina.'),(1893,2,1,'Barrio (Grecia): Primavera.'),(1894,2,2,'Alfaro'),(1895,2,3,'Bajo Achiote'),(1896,2,4,'Camejo'),(1897,2,5,'Coopevictoria'),(1898,2,6,'Corinto'),(1899,2,7,'Higuerones'),(1900,2,8,'Mesón'),(1901,2,9,'Mojón'),(1902,2,10,'Quizarrazal.'),(1903,3,1,'Arena'),(1904,3,2,'Cedro'),(1905,3,3,'Delicias (parte)'),(1906,3,4,'Guayabal (parte)'),(1907,3,5,'Loma'),(1908,3,6,'Rodríguez'),(1909,3,7,'Santa Gertrudis Norte'),(1910,3,8,'Santa Gertrudis Sur.'),(1911,4,1,'Agualote'),(1912,4,2,'Bajo Sapera'),(1913,4,3,'Casillas'),(1914,4,4,'Latino'),(1915,4,5,'San Miguel Arriba.'),(1916,4,6,'Cabuyal'),(1917,4,7,'Carbonal'),(1918,4,8,'Coyotera'),(1919,4,9,'San Miguel.'),(1920,5,1,'Pinto.'),(1921,5,2,'Bodegas'),(1922,5,3,'Cataluña'),(1923,5,4,'Cerdas'),(1924,5,5,'Delicias (parte)'),(1925,5,6,'Flores'),(1926,5,7,'Guayabal (parte)'),(1927,5,8,'Pilas'),(1928,5,9,'Planta'),(1929,5,10,'Porvenir'),(1930,5,11,'Yoses.'),(1931,6,1,'Ángeles Norte'),(1932,6,2,'Bolaños'),(1933,6,3,'Bosque Alegre'),(1934,6,4,'Caño Negro'),(1935,6,5,'Carmen'),(1936,6,6,'Carrizal'),(1937,6,7,'Colonia del Toro'),(1938,6,8,'Crucero'),(1939,6,9,'Flor'),(1940,6,10,'Hule'),(1941,6,11,'La Trinidad'),(1942,6,12,'Laguna'),(1943,6,13,'Lagos'),(1944,6,14,'Merced'),(1945,6,15,'Montelirio'),(1946,6,16,'Naranjales'),(1947,6,17,'Palmar'),(1948,6,18,'Palmera'),(1949,6,19,'Pata de Gallo'),(1950,6,20,'Peoresnada'),(1951,6,21,'Pinar'),(1952,6,22,'Pueblo Nuevo'),(1953,6,23,'San Fernando'),(1954,6,24,'San Gerardo (parte)'),(1955,6,25,'San Jorge'),(1956,6,26,'San José'),(1957,6,27,'San Rafael'),(1958,6,28,'San Vicente'),(1959,6,29,'Santa Isabel'),(1960,6,30,'Santa Rita'),(1961,6,31,'Tabla.'),(1962,7,1,'(Grecia): Poró'),(1963,7,2,'Sevilla.'),(1964,7,3,'Altos de Peralta'),(1965,7,4,'Argentina'),(1966,7,5,'Bajo Cedros'),(1967,7,6,'Lomas'),(1968,7,7,'Montezuma'),(1969,7,8,'Puerto Escondido'),(1970,7,9,'Raiceros'),(1971,7,10,'Rincón de Salas'),(1972,7,11,'Rosales.'),(1973,8,1,'Cajón'),(1974,8,2,'Cocobolo'),(1975,8,3,'Murillo'),(1976,8,4,'San Juan'),(1977,8,5,'San Luis'),(1978,8,6,'Virgencita.'),(1979,1,1,'Agua Agria'),(1980,1,2,'Calera'),(1981,1,3,'Cenízaro'),(1982,1,4,'Centeno'),(1983,1,5,'Desamparados'),(1984,1,6,'Dulce Nombre'),(1985,1,7,'Higuito'),(1986,1,8,'Izarco'),(1987,1,9,'Maderal'),(1988,1,10,'Ramadas'),(1989,1,11,'San Juan de Dios.'),(1990,2,1,'Cuesta Colorada'),(1991,2,2,'Libertad'),(1992,2,3,'Quebrada Honda'),(1993,2,4,'Limón'),(1994,2,5,'Patio de Agua Norte'),(1995,2,6,'Sacra Familia'),(1996,2,7,'San Juan Uno'),(1997,2,8,'Zapote.'),(1998,3,1,'Garabito'),(1999,3,2,'Quebrada Grande (parte)'),(2000,3,3,'Quinta.'),(2001,4,1,'Altamira'),(2002,4,2,'Oricuajo'),(2003,4,3,'Poza Redonda'),(2004,4,4,'Quebrada Grande (parte).'),(2005,1,1,'Ángeles'),(2006,1,2,'Atenea'),(2007,1,3,'Boquerón'),(2008,1,4,'Escorpio'),(2009,1,5,'Güizaro'),(2010,1,6,'Oásis'),(2011,1,7,'Olivo.'),(2012,1,8,'Matías.'),(2013,2,1,'Guacalillo'),(2014,2,2,'Sabanalarga'),(2015,2,3,'San Vicente.'),(2016,2,4,'Barroeta'),(2017,2,5,'Boca del Monte'),(2018,2,6,'Cuajiniquil'),(2019,2,7,'Estanquillo'),(2020,2,8,'Pato de Agua (parte).'),(2021,3,1,'Cajón.'),(2022,3,2,'Callao'),(2023,3,3,'Plancillo'),(2024,3,4,'Plazoleta.'),(2025,4,1,'Alto Naranjo'),(2026,4,2,'Bajo Cacao'),(2027,4,3,'Morazán'),(2028,4,4,'Pato de Agua (parte)'),(2029,4,5,'Pavas'),(2030,4,6,'Rincón.'),(2031,5,1,'Río Grande'),(2032,5,2,'Balsa'),(2033,5,3,'Calle Garita'),(2034,5,4,'Coyoles'),(2035,5,5,'Pan de Azúcar'),(2036,5,6,'Tornos.'),(2037,6,1,'Alto Cima'),(2038,6,2,'Alto López'),(2039,6,3,'Legua'),(2040,6,4,'San José Norte'),(2041,6,5,'Torunes'),(2042,6,6,'Vainilla.'),(2043,7,1,'Rincón Rodríguez.'),(2044,8,1,'Cerrillo'),(2045,8,2,'Guácimos'),(2046,8,3,'Kilómetro 51'),(2047,8,4,'Lapas'),(2048,8,5,'Mangos'),(2049,8,6,'Quebradas'),(2050,8,7,'Vuelta Herrera.'),(2051,1,1,'Bajo Pilas'),(2052,1,2,'Belén'),(2053,1,3,'Caña Dura'),(2054,1,4,'Gradas'),(2055,1,5,'María Auxiliadora'),(2056,1,6,'Muro'),(2057,1,7,'Pueblo Nuevo'),(2058,1,8,'Sacramento'),(2059,1,9,'San Lucas (Carmen)'),(2060,1,10,'San Rafael.'),(2061,1,11,'Candelaria'),(2062,1,12,'Cantarrana (parte)'),(2063,1,13,'Cinco Esquinas (parte)'),(2064,1,14,'Ciprés'),(2065,1,15,'Común'),(2066,1,16,'Dulce Nombre.'),(2067,2,1,'Planes.'),(2068,2,2,'Bajo Seevers'),(2069,2,3,'Bajos'),(2070,2,4,'Palmas'),(2071,2,5,'Quesera'),(2072,2,6,'San Francisco'),(2073,2,7,'San Miguel Oeste.'),(2074,3,1,'Barranca'),(2075,3,2,'Cañuela Arriba'),(2076,3,3,'Cuesta Venada'),(2077,3,4,'Desamparados'),(2078,3,5,'Isla'),(2079,3,6,'San Antonio de Barranca'),(2080,3,7,'San Pedro'),(2081,3,8,'Solís (parte)'),(2082,3,9,'Vuelta San Gerardo.'),(2083,4,1,'Bajo Arrieta'),(2084,4,2,'Bajo Valverde'),(2085,4,3,'Bajo Zúñiga'),(2086,4,4,'Cruce'),(2087,4,5,'Isla Cocora'),(2088,4,6,'Lourdes'),(2089,4,7,'Llano Bonito'),(2090,4,8,'Llano Bonito Sur'),(2091,4,9,'Palmita'),(2092,4,10,'Quebrada Honda'),(2093,4,11,'Rincón'),(2094,4,12,'Solís (parte)'),(2095,4,13,'Zapote.'),(2096,5,1,'Puebla'),(2097,5,2,'Robles'),(2098,5,3,'Tacacal.'),(2099,6,1,'Bajo Murciélago'),(2100,6,2,'Cueva'),(2101,6,3,'Guarumal'),(2102,6,4,'Rincón Elizondo'),(2103,6,5,'San Antonio'),(2104,6,6,'Yoses.'),(2105,7,1,'Pérez'),(2106,7,2,'Hornos'),(2107,7,3,'Llano'),(2108,7,4,'Santa Margarita'),(2109,7,5,'Vistas del Valle.'),(2110,8,1,'Alto Murillo'),(2111,8,2,'Alto Palmas'),(2112,8,3,'Cantarrana (parte)'),(2113,8,4,'Cinco Esquinas (parte)'),(2114,8,5,'Concepción'),(2115,8,6,'Roquillo'),(2116,8,7,'San Roque.'),(2117,1,1,'Santa Fe'),(2118,1,2,'San Vicente.'),(2119,2,1,'Cocaleca (parte)'),(2120,2,2,'Quebrada'),(2121,2,3,'Rincón (Quebrada)'),(2122,2,4,'Rincón de Zaragoza'),(2123,2,5,'Vargas'),(2124,2,6,'Vásquez.'),(2125,3,1,'Bajo Cabra'),(2126,3,2,'Barreal'),(2127,3,3,'Tres Marías'),(2128,3,4,'Valle'),(2129,3,5,'Victoria.'),(2130,3,6,'Calle Ramírez.'),(2131,4,1,'Pinos (parte).'),(2132,5,1,'Pinos (parte).'),(2133,6,1,'Calle Roble'),(2134,6,2,'Cocaleca (parte)'),(2135,6,3,'Peraza'),(2136,6,4,'Rincón de Salas.'),(2137,7,1,'Amistad.'),(2138,1,1,'Santa Cecilia (Bajo Piedras)'),(2139,1,2,'Rastro.'),(2140,1,3,'Cerro'),(2141,1,4,'Chilamate'),(2142,1,5,'Hilda'),(2143,1,6,'Sitio (parte)'),(2144,1,7,'Zamora.'),(2145,2,1,'Altura (parte)'),(2146,2,2,'Corazón de Jesús'),(2147,2,3,'Guapinol'),(2148,2,4,'Mastate'),(2149,2,5,'San Juan Norte'),(2150,2,6,'Tablones (parte).'),(2151,3,1,'Bajo Zamora'),(2152,3,2,'Churuca'),(2153,3,3,'Guatuza'),(2154,3,4,'Monte'),(2155,3,5,'Potrero Chiquito'),(2156,3,6,'Santa Rosa'),(2157,3,7,'Sitio (parte)'),(2158,3,8,'Solís'),(2159,3,9,'Tablones (parte)'),(2160,3,10,'Volcán.'),(2161,4,1,'Bajo Barahona'),(2162,4,2,'Cuatro Esquinas'),(2163,4,3,'Santísima Trinidad.'),(2164,4,4,'Carrillos Alto'),(2165,4,5,'Senda'),(2166,4,6,'Sonora.'),(2167,5,1,'Altura (parte)'),(2168,5,2,'Bajos del Tigre.'),(2169,1,1,'Aguacate'),(2170,1,2,'Arboleda'),(2171,1,3,'Carmen'),(2172,1,4,'Cortezal'),(2173,1,5,'Cuatro Esquinas Norte'),(2174,1,6,'Jesús'),(2175,1,7,'Kilómetro'),(2176,1,8,'López'),(2177,1,9,'Miraflores'),(2178,1,10,'Rastro Viejo'),(2179,1,11,'San Rafael'),(2180,1,12,'San Vicente'),(2181,1,13,'Tres Marías'),(2182,1,14,'Villa los Reyes.'),(2183,1,15,'Alto Vindas'),(2184,1,16,'Esperanza'),(2185,1,17,'Tigre.'),(2186,2,1,'Cuatro Esquinas Este'),(2187,2,2,'Piedra Azul.'),(2188,2,3,'Guayabal.'),(2189,3,1,'Marichal'),(2190,3,2,'Concepción'),(2191,3,3,'Dantas.'),(2192,4,1,'Corazón de María.'),(2193,4,2,'Bajos del Coyote'),(2194,4,3,'Cebadilla'),(2195,4,4,'Guápiles'),(2196,4,5,'Limonal'),(2197,4,6,'Mangos'),(2198,4,7,'Mollejones'),(2199,4,8,'Piedras de Fuego'),(2200,4,9,'Pozón'),(2201,4,10,'San Jerónimo'),(2202,4,11,'Santa Rita.'),(2203,5,1,'Angostura Matamoros'),(2204,5,2,'Cascajal'),(2205,5,3,'Cuesta Pitahaya'),(2206,5,4,'Guácimo'),(2207,5,5,'Hidalgo'),(2208,5,6,'Kilómetro 81'),(2209,5,7,'Machuca'),(2210,5,8,'Matamoros'),(2211,5,9,'Túnel'),(2212,5,10,'Uvita'),(2213,5,11,'Zapote.'),(2214,1,1,'Alto Cruz'),(2215,1,2,'Ana Mercedes'),(2216,1,3,'Ángeles'),(2217,1,4,'Arco Iris'),(2218,1,5,'Bajo Los Arce'),(2219,1,6,'Bajo Lourdes'),(2220,1,7,'Baltazar Quesada'),(2221,1,8,'Bellavista'),(2222,1,9,'Carmen'),(2223,1,10,'Casilda Matamoros'),(2224,1,11,'Cementerio'),(2225,1,12,'Coocique'),(2226,1,13,'Colina 1'),(2227,1,14,'Colina 2'),(2228,1,15,'Corazón de Jesús'),(2229,1,16,'Corobicí'),(2230,1,17,'Don Victorino'),(2231,1,18,'El Campo'),(2232,1,19,'Gamonales'),(2233,1,20,'Guadalupe'),(2234,1,21,'La Cruz'),(2235,1,22,'La Leila'),(2236,1,23,'La Margarita'),(2237,1,24,'La Roca'),(2238,1,25,'La Torre'),(2239,1,26,'Los Abuelos'),(2240,1,27,'Lomas del Norte'),(2241,1,28,'Lutz'),(2242,1,29,'Meco'),(2243,1,30,'Mercedes'),(2244,1,31,'Peje'),(2245,1,32,'San Antonio'),(2246,1,33,'San Gerardo'),(2247,1,34,'San Martín'),(2248,1,35,'San Pablo'),(2249,1,36,'San Roque'),(2250,1,37,'Santa Fe'),(2251,1,38,'Selva Verde'),(2252,1,39,'Unión'),(2253,1,40,'Villarreal.'),(2254,1,41,'Abundancia'),(2255,1,42,'Brumas'),(2256,1,43,'Calle Guerrero'),(2257,1,44,'San Ramón (Cariblanca)'),(2258,1,45,'Cedral Norte'),(2259,1,46,'Cedral Sur'),(2260,1,47,'Colón'),(2261,1,48,'Dulce Nombre'),(2262,1,49,'Leones'),(2263,1,50,'Lindavista'),(2264,1,51,'Manzanos'),(2265,1,52,'Montañitas'),(2266,1,53,'Palmas'),(2267,1,54,'Porvenir'),(2268,1,55,'San Juan (Quebrada Palo)'),(2269,1,56,'Ronrón Abajo'),(2270,1,57,'Ronrón Arriba'),(2271,1,58,'San Isidro'),(2272,1,59,'San José de la Montaña'),(2273,1,60,'San Luis'),(2274,1,61,'San Rafael'),(2275,1,62,'San Vicente'),(2276,1,63,'Sucre'),(2277,1,64,'Tesalia.'),(2278,2,1,'Alto Gloria'),(2279,2,2,'Aquilea (San Francisco)'),(2280,2,3,'Bonanza'),(2281,2,4,'Caimitos'),(2282,2,5,'Chaparral'),(2283,2,6,'Cuestillas'),(2284,2,7,'Jabillos (parte)'),(2285,2,8,'Molino'),(2286,2,9,'Muelle de San Carlos'),(2287,2,10,'Pejeviejo'),(2288,2,11,'Pénjamo'),(2289,2,12,'Platanar'),(2290,2,13,'Puente Casa'),(2291,2,14,'Puerto Escondido'),(2292,2,15,'Quebrada Azul'),(2293,2,16,'San Juan'),(2294,2,17,'San Luis'),(2295,2,18,'San Rafael'),(2296,2,19,'Santa Clara'),(2297,2,20,'Santa María'),(2298,2,21,'Santa Rita'),(2299,2,22,'Sapera'),(2300,2,23,'Ulima'),(2301,2,24,'Vega'),(2302,2,25,'Vieja.'),(2303,3,1,'Culebra'),(2304,3,2,'Quina (parte)'),(2305,3,3,'San Antonio'),(2306,3,4,'San Bosco.'),(2307,4,1,'Latino'),(2308,4,2,'Manantial'),(2309,4,3,'Montecristo'),(2310,4,4,'Nazareth'),(2311,4,5,'San Bosco'),(2312,4,6,'San Gerardo Viento Fresco'),(2313,4,7,'Vistas de la Llanura.'),(2314,4,8,'Altamira'),(2315,4,9,'Alto Jiménez (Montecristo)'),(2316,4,10,'Bijagual'),(2317,4,11,'Boca los Chiles'),(2318,4,12,'Cantarrana (Santa Fe)'),(2319,4,13,'Coopesanjuan'),(2320,4,14,'Caño Negro'),(2321,4,15,'Cerrito'),(2322,4,16,'Cerro Cortés'),(2323,4,17,'Concepción'),(2324,4,18,'Chiles'),(2325,4,19,'Danta'),(2326,4,20,'Delicias'),(2327,4,21,'Faroles'),(2328,4,22,'Gloria'),(2329,4,23,'Guabo'),(2330,4,24,'Llanos de Altamirita'),(2331,4,25,'Pitalito Norte (Esquipulas)'),(2332,4,26,'Pitalito'),(2333,4,27,'San José'),(2334,4,28,'Valle Hermoso'),(2335,4,29,'Vasconia'),(2336,4,30,'Vuelta de Kooper.'),(2337,5,1,'Carmen'),(2338,5,2,'Corazón de Jesús'),(2339,5,3,'El Ceibo'),(2340,5,4,'Jardín'),(2341,5,5,'La Gloria.'),(2342,5,6,'Alpes'),(2343,5,7,'Brisas'),(2344,5,8,'Buenos Aires'),(2345,5,9,'Guayabo'),(2346,5,10,'Latas'),(2347,5,11,'Marsella'),(2348,5,12,'Mesén'),(2349,5,13,'Nazareth'),(2350,5,14,'Negritos'),(2351,5,15,'Paraíso'),(2352,5,16,'Pueblo Viejo'),(2353,5,17,'San Cayetano'),(2354,5,18,'San Martín'),(2355,5,19,'Unión.'),(2356,6,1,'Bosque'),(2357,6,2,'Comarca'),(2358,6,3,'San Cristóbal.'),(2359,6,4,'Ángeles'),(2360,6,5,'Boca Sahíno'),(2361,6,6,'Boca Tapada'),(2362,6,7,'Boca Tres Amigos'),(2363,6,8,'Cabra'),(2364,6,9,'Canacas'),(2365,6,10,'Caño Chu'),(2366,6,11,'Cerro Blanco (San Marcos)'),(2367,6,12,'Cuatro Esquinas'),(2368,6,13,'Chaparrón'),(2369,6,14,'Chirivico (Coopeisabel)'),(2370,6,15,'Encanto'),(2371,6,16,'Fama (Carmen)'),(2372,6,17,'Flor'),(2373,6,18,'I Griega'),(2374,6,19,'Josefina'),(2375,6,20,'Legua'),(2376,6,21,'Ojoche'),(2377,6,22,'Ojochito'),(2378,6,23,'Palmar'),(2379,6,24,'Pegón'),(2380,6,25,'Piedra Alegre'),(2381,6,26,'Puerto Escondido'),(2382,6,27,'Quebrada Grande'),(2383,6,28,'Sahíno'),(2384,6,29,'San Luis'),(2385,6,30,'Santa Elena'),(2386,6,31,'Tigre'),(2387,6,32,'Trinchera'),(2388,6,33,'Vegas'),(2389,6,34,'Veracrúz'),(2390,6,35,'Vuelta Bolsón (parte)'),(2391,6,36,'Vuelta Tablón'),(2392,6,37,'Yucatán.'),(2393,7,1,'Agua Azul'),(2394,7,2,'Alamo'),(2395,7,3,'Ángeles'),(2396,7,4,'Burío'),(2397,7,5,'Castillo (parte)'),(2398,7,6,'Guaria'),(2399,7,7,'El Campo (Guayabal)'),(2400,7,8,'Jilguero'),(2401,7,9,'Llano Verde'),(2402,7,10,'Orquídeas'),(2403,7,11,'Palma'),(2404,7,12,'Perla'),(2405,7,13,'San Isidro'),(2406,7,14,'San Jorge'),(2407,7,15,'Santa Eduviges'),(2408,7,16,'Sonafluca'),(2409,7,17,'Tanque'),(2410,7,18,'Tres Esquinas'),(2411,7,19,'Zeta Trece.'),(2412,8,1,'Ángeles'),(2413,8,2,'Palmas.'),(2414,8,3,'Cerritos'),(2415,8,4,'Esperanza'),(2416,8,5,'Futuro'),(2417,8,6,'Jabillos (parte)'),(2418,8,7,'Lucha'),(2419,8,8,'San Gerardo'),(2420,8,9,'San Isidro'),(2421,8,10,'San José'),(2422,8,11,'San Miguel'),(2423,8,12,'San Pedro'),(2424,8,13,'San Rafael.'),(2425,9,1,'Altura'),(2426,9,2,'Calle Damas'),(2427,9,3,'Corea (Concepción)'),(2428,9,4,'Corte'),(2429,9,5,'Loma'),(2430,9,6,'Lourdes'),(2431,9,7,'Marina'),(2432,9,8,'Marinita'),(2433,9,9,'San Rafael'),(2434,9,10,'San Rafael Sur'),(2435,9,11,'Santa Rosa'),(2436,9,12,'Surtubal'),(2437,9,13,'Unión'),(2438,9,14,'Vacablanca (San Francisco)'),(2439,9,15,'Villa María.'),(2440,10,1,'Altamirita'),(2441,10,2,'Alto Blanca Lucía'),(2442,10,3,'Burío'),(2443,10,4,'Cacao'),(2444,10,5,'Delicias'),(2445,10,6,'Esperanza'),(2446,10,7,'Jicarito'),(2447,10,8,'Lindavista'),(2448,10,9,'Poma (parte)'),(2449,10,10,'Puerto Seco'),(2450,10,11,'San Isidro'),(2451,10,12,'Santa Eulalia (parte)'),(2452,10,13,'Santa Lucía'),(2453,10,14,'Tigra.'),(2454,11,1,'Almendros'),(2455,11,2,'Bellavista'),(2456,11,3,'Betania'),(2457,11,4,'Boca de San Carlos'),(2458,11,5,'Boca Providencia (parte)'),(2459,11,6,'Cabeceras de Aguas Zarquitas'),(2460,11,7,'Carmen'),(2461,11,8,'Cascada'),(2462,11,9,'Castelmare'),(2463,11,10,'Cocobolo'),(2464,11,11,'Coopevega'),(2465,11,12,'Corazón de Jesús'),(2466,11,13,'Crucitas'),(2467,11,14,'Chamorrito'),(2468,11,15,'Chamorro'),(2469,11,16,'Chorreras'),(2470,11,17,'Hebrón'),(2471,11,18,'Isla del Cura'),(2472,11,19,'Isla Pobres'),(2473,11,20,'Isla Sábalo'),(2474,11,21,'Jardín'),(2475,11,22,'Kopper'),(2476,11,23,'La Cajeta'),(2477,11,24,'Laurel Galán'),(2478,11,25,'Limoncito'),(2479,11,26,'Moravia'),(2480,11,27,'Patastillo'),(2481,11,28,'Pueblo Nuevo'),(2482,11,29,'Recreo'),(2483,11,30,'Río Tico'),(2484,11,31,'Roble'),(2485,11,32,'San Antonio'),(2486,11,33,'San Fernando'),(2487,11,34,'San Francisco'),(2488,11,35,'San Joaquín'),(2489,11,36,'San Jorge'),(2490,11,37,'San José'),(2491,11,38,'San Marcos'),(2492,11,39,'Santa Rita'),(2493,11,40,'Santa Teresa'),(2494,11,41,'San Vito'),(2495,11,42,'Tabla Grande (San Pedro)'),(2496,11,43,'Terrón Colorado (parte)'),(2497,11,44,'Ventanas'),(2498,11,45,'Vuelta Bolsón (parte)'),(2499,11,46,'Vuelta Millonarios'),(2500,11,47,'Vuelta Ruedas.'),(2501,12,1,'Pericos.'),(2502,12,2,'Bajillo'),(2503,12,3,'Caño Ciego'),(2504,12,4,'Cedros'),(2505,12,5,'Chambacú'),(2506,12,6,'Delicias'),(2507,12,7,'La Unión'),(2508,12,8,'Maquencal'),(2509,12,9,'Mirador'),(2510,12,10,'Montelimar'),(2511,12,11,'Monterrey'),(2512,12,12,'Orquídea'),(2513,12,13,'Pataste Arriba'),(2514,12,14,'Sabalito'),(2515,12,15,'San Andrés'),(2516,12,16,'San Antonio'),(2517,12,17,'San Cristóbal'),(2518,12,18,'San Miguel'),(2519,12,19,'Santa Eulalia (parte)'),(2520,12,20,'Santa Marta.'),(2521,13,1,'Fátima'),(2522,13,2,'Parajeles'),(2523,13,3,'Tres Perlas'),(2524,13,4,'Valle Hermoso.'),(2525,13,5,'Acapulco'),(2526,13,6,'Aldea'),(2527,13,7,'Ángeles'),(2528,13,8,'Azucena'),(2529,13,9,'Banderas'),(2530,13,10,'Boca Providencia (parte)'),(2531,13,11,'Brisas'),(2532,13,12,'Buenavista'),(2533,13,13,'Buenos Aires'),(2534,13,14,'Carrizal'),(2535,13,15,'Ceiba'),(2536,13,16,'Conchito'),(2537,13,17,'Concho'),(2538,13,18,'Cuatro Esquinas'),(2539,13,19,'Esterito'),(2540,13,20,'Estero'),(2541,13,21,'Estrella'),(2542,13,22,'Guaria'),(2543,13,23,'Jazmín'),(2544,13,24,'Jocote'),(2545,13,25,'Juanilama'),(2546,13,26,'Luisa'),(2547,13,27,'Llano Verde'),(2548,13,28,'Morazán'),(2549,13,29,'Nieves'),(2550,13,30,'Paraíso'),(2551,13,31,'Paso Real'),(2552,13,32,'Plomo'),(2553,13,33,'Pocosol'),(2554,13,34,'Providencia (San Luis)'),(2555,13,35,'Pueblo Nuevo'),(2556,13,36,'Pueblo Santo'),(2557,13,37,'Rancho Quemado'),(2558,13,38,'Rubí'),(2559,13,39,'San Alejo'),(2560,13,40,'San Bosco'),(2561,13,41,'San Cristobal'),(2562,13,42,'San Diego'),(2563,13,43,'San Gerardo'),(2564,13,44,'San Isidro'),(2565,13,45,'San Martín'),(2566,13,46,'San Rafael'),(2567,13,47,'Santa Cecilia'),(2568,13,48,'Santa Esperanza'),(2569,13,49,'Santa María'),(2570,13,50,'Terrón Colorado (parte)'),(2571,13,51,'Tiricias'),(2572,13,52,'Tres y Tres.'),(2573,1,1,'Cantarranas'),(2574,1,2,'Santa Teresita.'),(2575,2,1,'Peña.'),(2576,4,1,'Anateri'),(2577,4,2,'Bellavista'),(2578,4,3,'Morelos.'),(2579,5,1,'Picada.'),(2580,6,1,'Quina (parte)'),(2581,6,2,'San Juan de Lajas'),(2582,6,3,'Santa Elena.'),(2583,7,1,'Ángeles'),(2584,7,2,'Brisa'),(2585,7,3,'Legua.'),(2586,1,1,'Ángeles'),(2587,1,2,'Bajo Raimundo'),(2588,1,3,'Canto'),(2589,1,4,'Eva'),(2590,1,5,'Luisa'),(2591,1,6,'San Rafael (Rincón Colorado)'),(2592,1,7,'Sahinal.'),(2593,2,1,'Alto Castro'),(2594,2,0,'Bajo Trapiche'),(2595,2,2,'Coopeoctava'),(2596,2,0,'Ranera.'),(2597,2,3,'Ratoncillal'),(2598,2,4,'Rincón de Alpízar'),(2599,2,5,'Rincón de Ulate'),(2600,2,6,'San Miguel.'),(2601,3,1,'Alto Palomo.'),(2602,4,1,'Castro'),(2603,4,2,'Concha'),(2604,4,3,'Pueblo Seco'),(2605,4,4,'Talolinga'),(2606,4,5,'Trojas.'),(2607,5,1,'Bambú'),(2608,5,2,'Sabanilla.'),(2609,1,1,'Don Chu'),(2610,1,2,'La Unión'),(2611,1,3,'Las Palmas'),(2612,1,4,'Venecia.'),(2613,1,5,'Ángeles (parte)'),(2614,1,6,'Carmen'),(2615,1,7,'Colonia Puntarenas'),(2616,1,8,'Corteza'),(2617,1,9,'Fósforo'),(2618,1,10,'Jazmines'),(2619,1,11,'Llano Azul'),(2620,1,12,'Maravilla'),(2621,1,13,'Miravalles'),(2622,1,14,'Moreno Cañas'),(2623,1,15,'Recreo'),(2624,1,16,'San Fernando'),(2625,1,17,'San Luis'),(2626,1,18,'San Martín'),(2627,1,19,'Santa Cecilia'),(2628,1,20,'Santa Rosa'),(2629,1,21,'Verbena (parte).'),(2630,2,1,'Ceiba'),(2631,2,2,'Golfo'),(2632,2,3,'Porras.'),(2633,2,4,'Aguas Claras'),(2634,2,5,'Buenos Aires'),(2635,2,6,'Colonia Blanca'),(2636,2,7,'Colonia Libertad'),(2637,2,8,'Cuatro Bocas'),(2638,2,9,'Chepa (Ángeles)'),(2639,2,10,'Guayabal'),(2640,2,11,'Guinea'),(2641,2,12,'La Gloria'),(2642,2,13,'Porvenir'),(2643,2,14,'Río Negro'),(2644,2,15,'Tigra'),(2645,2,16,'Torre'),(2646,2,17,'Vuelta San Pedro.'),(2647,3,1,'Camelias'),(2648,3,2,'Líbano (Finanzas)'),(2649,3,3,'Nazareno.'),(2650,3,4,'Ángeles (parte)'),(2651,3,5,'Betania'),(2652,3,6,'Caño Blanco'),(2653,3,7,'Cartagos Norte'),(2654,3,8,'Cartagos Sur'),(2655,3,9,'Copey (Santa Lucía)'),(2656,3,10,'Delirio'),(2657,3,11,'Fátima'),(2658,3,12,'Jesús María'),(2659,3,13,'Linda Vista'),(2660,3,14,'Mango'),(2661,3,15,'Papagayo'),(2662,3,16,'Pinol'),(2663,3,17,'Pizotillo'),(2664,3,18,'Popoyuapa'),(2665,3,19,'Progreso'),(2666,3,20,'Pueblo Nuevo'),(2667,3,21,'San Bosco'),(2668,3,22,'San Pedro'),(2669,3,23,'San Ramón'),(2670,3,24,'Santa Clara Norte (parte)'),(2671,3,25,'Unión'),(2672,3,26,'Valle'),(2673,3,27,'Valle Bonito'),(2674,3,28,'Victoria (parte)'),(2675,3,29,'Villahermosa'),(2676,3,30,'Villanueva.'),(2677,4,1,'Altamira'),(2678,4,2,'Carlos Vargas.'),(2679,4,3,'Ángeles'),(2680,4,4,'Achiote'),(2681,4,5,'Cuesta Pichardo'),(2682,4,6,'Chorros'),(2683,4,7,'Florecitas'),(2684,4,8,'Flores'),(2685,4,9,'Higuerón'),(2686,4,10,'Jardín'),(2687,4,11,'Macho'),(2688,4,12,'Pata de Gallo (San Cristobal) (parte)'),(2689,4,13,'Pueblo Nuevo'),(2690,4,14,'Reserva'),(2691,4,15,'San Miguel'),(2692,4,16,'Santo Domingo'),(2693,4,17,'Zapote.'),(2694,5,1,'Camelias'),(2695,5,2,'La Cruz'),(2696,5,3,'México'),(2697,5,4,'Mocorón'),(2698,5,5,'Pavas'),(2699,5,6,'Perla'),(2700,5,7,'Quebradón'),(2701,5,8,'Santa Clara Norte (parte)'),(2702,5,9,'Santa Clara Sur'),(2703,5,10,'Trapiche'),(2704,5,11,'Victoria (parte).'),(2705,6,1,'Birmania'),(2706,6,2,'Brasilia'),(2707,6,3,'Colonia'),(2708,6,4,'Gavilán'),(2709,6,5,'Jabalina'),(2710,6,6,'Progreso'),(2711,6,7,'San Luis.'),(2712,7,1,'Cabanga'),(2713,7,2,'Campo Verde'),(2714,7,3,'Carmen'),(2715,7,4,'Cinco Esquinas'),(2716,7,5,'Chimurria Abajo'),(2717,7,6,'Flores'),(2718,7,7,'Jobo'),(2719,7,8,'Montecristo'),(2720,7,9,'Nazareth'),(2721,7,10,'Quebrada Grande'),(2722,7,11,'San Gabriel'),(2723,7,12,'San Jorge'),(2724,7,13,'Socorro'),(2725,7,14,'Virgen'),(2726,7,15,'Yolillal (San Antonio).'),(2727,8,1,'Armenias'),(2728,8,2,'Las Brisas'),(2729,8,3,'Buenavista'),(2730,8,4,'Cuatro Cruces'),(2731,8,5,'Guacalito'),(2732,8,6,'Milpas'),(2733,8,7,'Miramar'),(2734,8,8,'Pata de Gallo (San Cristóbal) (parte)'),(2735,8,9,'Rosario'),(2736,8,10,'Verbena (parte).'),(2737,1,1,'Loma'),(2738,1,2,'Portón.'),(2739,1,3,'Arco Iris'),(2740,1,4,'Berlín'),(2741,1,5,'Brisas'),(2742,1,6,'Buenos Aires'),(2743,1,7,'Cabro'),(2744,1,8,'Cachito'),(2745,1,9,'Caña Castilla'),(2746,1,10,'Combate'),(2747,1,11,'Coquital'),(2748,1,12,'Cristo Rey'),(2749,1,13,'Cuacas'),(2750,1,14,'Cuatro Esquinas'),(2751,1,15,'Delicias'),(2752,1,16,'El Cruce'),(2753,1,17,'Escaleras'),(2754,1,18,'Esperanza'),(2755,1,19,'Estrella'),(2756,1,20,'Hernández'),(2757,1,21,'Isla Chica'),(2758,1,22,'Las Nubes'),(2759,1,23,'Maramba'),(2760,1,24,'Masaya'),(2761,1,25,'Medio Queso'),(2762,1,26,'Parque'),(2763,1,27,'Playuelitas'),(2764,1,28,'Primavera'),(2765,1,29,'Pueblo Nuevo'),(2766,1,30,'Punta Cortés'),(2767,1,31,'Rampla'),(2768,1,32,'Refugio'),(2769,1,33,'Roble'),(2770,1,34,'San Alejandro'),(2771,1,35,'San Gerardo'),(2772,1,36,'San Jerónimo'),(2773,1,37,'San Pablo'),(2774,1,38,'Santa Elena'),(2775,1,39,'Santa Fe'),(2776,1,40,'Santa Rita'),(2777,1,41,'Santa Rosa'),(2778,1,42,'Solanos'),(2779,1,43,'Trocha'),(2780,1,44,'Virgen.'),(2781,2,1,'Aguas Negras'),(2782,2,2,'Islas Cubas'),(2783,2,3,'Nueva Esperanza'),(2784,2,4,'Pilones'),(2785,2,5,'Playuelas'),(2786,2,6,'Porvenir'),(2787,2,7,'San Antonio'),(2788,2,8,'San Emilio'),(2789,2,9,'Veracruz.'),(2790,3,1,'Alto los Reyes'),(2791,3,2,'Caño Ciego'),(2792,3,3,'Cóbano'),(2793,3,4,'Corozo'),(2794,3,5,'Corrales'),(2795,3,6,'Coyol'),(2796,3,7,'Dos Aguas'),(2797,3,8,'Gallito'),(2798,3,9,'Gallo Pinto (parte)'),(2799,3,10,'Montealegre'),(2800,3,11,'Nueva Lucha'),(2801,3,12,'Pavón'),(2802,3,13,'Quebrada Grande'),(2803,3,14,'Sabogal'),(2804,3,15,'San Antonio'),(2805,3,16,'San Francisco'),(2806,3,17,'San Isidro'),(2807,3,18,'San José del Amparo'),(2808,3,19,'San Macario'),(2809,3,20,'Santa Cecilia'),(2810,3,21,'Trinidad'),(2811,3,22,'Vasconia.'),(2812,4,1,'Botijo'),(2813,4,2,'Chimurria'),(2814,4,3,'Colonia París'),(2815,4,4,'Coquitales'),(2816,4,5,'Gallo Pinto (Parte)'),(2817,4,6,'Lirios'),(2818,4,7,'Lucha'),(2819,4,8,'Montealegre (Parte)'),(2820,4,9,'Pueblo Nuevo'),(2821,4,10,'San Humberto'),(2822,4,11,'San Isidro'),(2823,4,12,'San Jorge'),(2824,4,13,'San Rafael'),(2825,4,14,'Terranova'),(2826,4,15,'Tigra'),(2827,4,16,'Zamba.'),(2828,2,1,'Cabaña (parte)'),(2829,2,2,'Costa Ana'),(2830,2,3,'El Cruce'),(2831,2,4,'Guayabito'),(2832,2,5,'Mónico'),(2833,2,6,'Samén Abajo'),(2834,2,7,'San José'),(2835,2,8,'Thiales'),(2836,2,9,'Valle del Río.'),(2837,3,1,'Altagracia'),(2838,3,2,'Alto Sahíno'),(2839,3,3,'Bajo Cartagos'),(2840,3,4,'Pato'),(2841,3,5,'Pejibaye'),(2842,3,6,'Pimiento'),(2843,3,7,'Quebradón.'),(2844,4,1,'Cabaña (parte)'),(2845,4,2,'Colonia Naranjeña'),(2846,4,3,'El Valle'),(2847,4,4,'Florida'),(2848,4,5,'Las Letras'),(2849,4,6,'La Paz'),(2850,4,7,'La Unión'),(2851,4,8,'Llano Bonito 1'),(2852,4,9,'Llano Bonito 2'),(2853,4,10,'Palmera'),(2854,4,11,'Río Celeste'),(2855,4,12,'Tujankir 1'),(2856,4,13,'Tujankir 2.'),(2857,1,1,'Ángeles'),(2858,1,2,'Asís'),(2859,1,3,'Brisas'),(2860,1,4,'Calvario'),(2861,1,5,'Cerrillos'),(2862,1,6,'Corazón de Jesús'),(2863,1,7,'Cortinas'),(2864,1,8,'Cruz de Caravaca (parte)'),(2865,1,9,'Estadio'),(2866,1,10,'Galera'),(2867,1,11,'Hospital (parte)'),(2868,1,12,'Istarú'),(2869,1,13,'Jesús Jiménez (parte)'),(2870,1,14,'Matamoros'),(2871,1,15,'Montelimar'),(2872,1,16,'Puebla'),(2873,1,17,'Soledad'),(2874,1,18,'Telles.'),(2875,2,1,'Cinco Esquinas'),(2876,2,2,'Fátima'),(2877,2,3,'Hospital (parte)'),(2878,2,4,'Jesús Jiménez (parte)'),(2879,2,5,'Laborio'),(2880,2,6,'Molino'),(2881,2,7,'Murillo'),(2882,2,8,'Palmas'),(2883,2,9,'San Cayetano.'),(2884,3,1,'Alpes'),(2885,3,2,'Asilo'),(2886,3,3,'Cruz de Caravaca (parte)'),(2887,3,4,'Diques'),(2888,3,5,'Fontana'),(2889,3,6,'Jora'),(2890,3,7,'López'),(2891,3,8,'San Blas'),(2892,3,9,'Santa Eduvigis'),(2893,3,10,'Santa Fe'),(2894,3,11,'Solano'),(2895,3,12,'Turbina.'),(2896,4,1,'Alto de Ochomogo'),(2897,4,2,'Angelina'),(2898,4,0,'Caracol'),(2899,4,3,'Banderilla'),(2900,4,0,'Cooperrosales'),(2901,4,4,'Cruz'),(2902,4,0,'Kerkua'),(2903,4,5,'Espinal'),(2904,4,0,'Molina'),(2905,4,6,'Johnson'),(2906,4,0,'Poroses.'),(2907,4,7,'Lima'),(2908,4,8,'Loyola'),(2909,4,9,'Nazareth'),(2910,4,10,'Ochomogo'),(2911,4,11,'Orontes'),(2912,4,12,'Pedregal'),(2913,4,13,'Quircot'),(2914,4,14,'Ronda'),(2915,4,15,'Rosas'),(2916,4,16,'San Nicolás'),(2917,4,17,'Violín.'),(2918,5,1,'Cocorí'),(2919,5,2,'Coronado'),(2920,5,3,'Guayabal (parte)'),(2921,5,4,'Hervidero'),(2922,5,5,'López'),(2923,5,6,'Lourdes'),(2924,5,7,'Padua'),(2925,5,8,'Pitahaya.'),(2926,5,9,'Barro Morado'),(2927,5,10,'Cenicero'),(2928,5,11,'Muñeco'),(2929,5,12,'Navarrito.'),(2930,6,1,'Américas'),(2931,6,2,'Higuerón'),(2932,6,3,'Joya'),(2933,6,4,'Marías'),(2934,6,5,'Las Palmas.'),(2935,7,1,'Alumbre'),(2936,7,2,'Bajo Amador'),(2937,7,3,'Calle Valverdes'),(2938,7,4,'Guaria'),(2939,7,5,'Hortensia'),(2940,7,6,'Loma Larga'),(2941,7,7,'Llano Ángeles'),(2942,7,8,'Palangana'),(2943,7,9,'Rincón de Abarca'),(2944,7,10,'Río Conejo'),(2945,7,11,'Salitrillo'),(2946,7,12,'San Antonio'),(2947,7,13,'San Joaquín'),(2948,7,14,'San Juan Norte'),(2949,7,15,'San Juan Sur'),(2950,7,16,'Santa Elena (parte)'),(2951,7,17,'Santa Elena Arriba.'),(2952,8,1,'Cuesta de Piedra'),(2953,8,2,'Misión Norte'),(2954,8,3,'Misión Sur'),(2955,8,4,'Ortiga'),(2956,8,5,'Rodeo'),(2957,8,6,'Sabanilla'),(2958,8,7,'Sabanillas'),(2959,8,8,'Santísima Trinidad.'),(2960,9,1,'Caballo Blanco (parte)'),(2961,9,2,'San José.'),(2962,9,3,'Cóncavas'),(2963,9,4,'Navarro'),(2964,9,5,'Perlas'),(2965,9,6,'Río Claro.'),(2966,10,1,'Azahar.'),(2967,10,2,'Avance'),(2968,10,3,'Barquero'),(2969,10,4,'Cañada'),(2970,10,5,'Laguna'),(2971,10,6,'Pénjamo'),(2972,10,7,'Rodeo.'),(2973,11,1,'Alto Quebradilla'),(2974,11,2,'Azahar'),(2975,11,3,'Bermejo'),(2976,11,4,'Cañada'),(2977,11,5,'Copalchí'),(2978,11,6,'Coris'),(2979,11,7,'Garita (parte)'),(2980,11,8,'Rueda'),(2981,11,9,'Valle Verde.'),(2982,1,1,'Barro Hondo'),(2983,1,2,'Cruz Roja'),(2984,1,3,'Cucaracho'),(2985,1,4,'Chiverre'),(2986,1,5,'Estación'),(2987,1,6,'Joya'),(2988,1,7,'Pandora'),(2989,1,8,'Piedra Grande'),(2990,1,9,'Solares'),(2991,1,10,'Soledad'),(2992,1,11,'Veintiocho de Diciembre.'),(2993,1,12,'Alto Birrisito'),(2994,1,13,'Birrisito'),(2995,1,14,'Chiral'),(2996,1,15,'Luisiana'),(2997,1,16,'Sanchirí'),(2998,1,17,'Ujarrás'),(2999,1,18,'Villa Isabel'),(3000,1,19,'Rincón.'),(3001,2,1,'Acevedo'),(3002,2,2,'Ajenjal'),(3003,2,3,'Arrabará'),(3004,2,4,'Birrís (este)'),(3005,2,5,'Cúscares'),(3006,2,6,'Flor'),(3007,2,7,'Lapuente'),(3008,2,8,'Mesas'),(3009,2,9,'Mesitas'),(3010,2,10,'Nueva Ujarrás'),(3011,2,11,'Pedregal'),(3012,2,12,'Piedra Azul'),(3013,2,13,'Puente Fajardo'),(3014,2,14,'Río Regado'),(3015,2,15,'Talolinga'),(3016,2,16,'Yas.'),(3017,3,1,'Alegría'),(3018,3,2,'Alto Araya'),(3019,3,3,'Calle Jucó'),(3020,3,4,'Hotel'),(3021,3,5,'Nubes'),(3022,3,6,'Palomas'),(3023,3,7,'Palomo'),(3024,3,8,'Patillos'),(3025,3,9,'Puente Negro'),(3026,3,10,'Purisil'),(3027,3,11,'Queverí'),(3028,3,12,'Río Macho'),(3029,3,13,'San Rafael'),(3030,3,14,'Sitio'),(3031,3,15,'Tapantí'),(3032,3,16,'Troya'),(3033,3,17,'Villa Mills.'),(3034,4,1,'Peñas Blancas'),(3035,4,2,'Pueblo Nuevo.'),(3036,4,3,'Bajos de Dorotea'),(3037,4,4,'Bajos de Urasca'),(3038,4,5,'Guábata'),(3039,4,6,'Guatusito'),(3040,4,7,'Hamaca (parte)'),(3041,4,8,'Joyas'),(3042,4,9,'Loaiza'),(3043,4,10,'San Jerónimo'),(3044,4,11,'Urasca'),(3045,4,12,'Volio.'),(3046,5,1,'Ayala'),(3047,5,2,'Páez (parte)'),(3048,5,3,'Salvador.'),(3049,1,1,'Antigua'),(3050,1,2,'Villas.'),(3051,2,1,'Eulalia'),(3052,2,2,'Florencio del Castillo'),(3053,2,3,'Jirales'),(3054,2,4,'Mariana'),(3055,2,5,'Tacora.'),(3056,2,6,'Rincón Mesén (parte)'),(3057,2,7,'Santiago del Monte.'),(3058,3,1,'Araucarias (parte)'),(3059,3,2,'Danza del Sol'),(3060,3,3,'Herrán'),(3061,3,4,'Loma Verde'),(3062,3,5,'Unión'),(3063,3,6,'Villas de Ayarco.'),(3064,4,1,'Carpintera'),(3065,4,2,'San Miguel'),(3066,4,3,'San Vicente'),(3067,4,4,'Pilarica.'),(3068,4,5,'Quebrada del Fierro'),(3069,4,6,'Fierro'),(3070,4,7,'Yerbabuena.'),(3071,5,1,'Cima'),(3072,5,2,'Cuadrante'),(3073,5,3,'Lirios'),(3074,5,4,'Llanos de Concepción'),(3075,5,5,'Naranjal (parte)'),(3076,5,6,'Poró'),(3077,5,7,'Salitrillo'),(3078,5,8,'San Francisco'),(3079,5,9,'San Josecito (parte).'),(3080,6,1,'Alto del Carmen'),(3081,6,2,'Tirrá.'),(3082,7,1,'Bellomonte'),(3083,7,2,'Cerrillo'),(3084,7,3,'Cumbres'),(3085,7,4,'Holandés'),(3086,7,5,'Mansiones (parte)'),(3087,7,6,'Montaña Rusa (parte)'),(3088,7,7,'Naranjal (parte)'),(3089,7,8,'San  Josecito (parte).'),(3090,8,1,'Lindavista (Loma Gobierno).'),(3091,8,2,'Quebradas'),(3092,8,3,'Rincón Mesén (parte).'),(3093,1,1,'Alpes'),(3094,1,2,'Buenos Aires'),(3095,1,3,'Maravilla'),(3096,1,4,'Naranjito'),(3097,1,5,'Naranjo'),(3098,1,6,'San Martín.'),(3099,1,7,'Durán'),(3100,1,8,'Gloria'),(3101,1,9,'Quebrada Honda'),(3102,1,10,'Santa Elena'),(3103,1,11,'Santa Marta'),(3104,1,12,'Victoria (Alto Victoria).'),(3105,2,1,'Alto Campos'),(3106,2,2,'Bajo Congo'),(3107,2,3,'Congo'),(3108,2,4,'Duan'),(3109,2,5,'Esperanza'),(3110,2,6,'Hamaca (parte)'),(3111,2,7,'Sabanilla'),(3112,2,8,'San Antonio del Monte'),(3113,2,9,'Volconda'),(3114,2,10,'Vueltas.'),(3115,3,1,'Alto Humo'),(3116,3,2,'Cacao'),(3117,3,3,'Cantarrana'),(3118,3,4,'Casa de Teja'),(3119,3,5,'Ceiba'),(3120,3,6,'Chucuyo'),(3121,3,7,'Esperanza'),(3122,3,8,'Gato'),(3123,3,9,'Humo'),(3124,3,10,'Joyas'),(3125,3,11,'Juray'),(3126,3,12,'Omega'),(3127,3,13,'Oriente'),(3128,3,14,'San Gerardo'),(3129,3,15,'Selva'),(3130,3,16,'Taus'),(3131,3,17,'Tausito'),(3132,3,18,'Yolanda'),(3133,3,19,'Zapote.'),(3134,1,1,'Américas'),(3135,1,2,'Ángeles'),(3136,1,3,'Cabiria'),(3137,1,4,'Campabadal'),(3138,1,5,'Castro Salazar'),(3139,1,6,'Cementerio'),(3140,1,7,'Clorito Picado'),(3141,1,8,'Dominica'),(3142,1,9,'El Silencio'),(3143,1,10,'Guaria'),(3144,1,11,'Haciendita'),(3145,1,12,'Margot'),(3146,1,13,'Nochebuena'),(3147,1,14,'Numa'),(3148,1,15,'Pastor'),(3149,1,16,'Poró'),(3150,1,17,'Pueblo Nuevo'),(3151,1,18,'Repasto'),(3152,1,19,'San Cayetano'),(3153,1,20,'San Rafael'),(3154,1,21,'Sictaya.'),(3155,1,22,'Bajo Barrientos'),(3156,1,23,'Cañaveral'),(3157,1,24,'Colorado'),(3158,1,25,'Chiz'),(3159,1,26,'Esmeralda'),(3160,1,27,'Florencia'),(3161,1,28,'Murcia'),(3162,1,29,'Pavas'),(3163,1,30,'Recreo'),(3164,1,31,'Roncha'),(3165,1,32,'San Juan Norte'),(3166,1,33,'San Juan Sur.'),(3167,2,1,'Leona (parte).'),(3168,2,2,'Abelardo Rojas'),(3169,2,3,'Alto Alemania'),(3170,2,4,'Atirro'),(3171,2,5,'Balalaica'),(3172,2,6,'Buenos Aires'),(3173,2,7,'Canadá'),(3174,2,8,'Carmen'),(3175,2,9,'Cruzada'),(3176,2,10,'Danta'),(3177,2,11,'Gaviotas'),(3178,2,12,'Guadalupe'),(3179,2,13,'Máquina Vieja'),(3180,2,14,'Margarita'),(3181,2,15,'Mollejones'),(3182,2,16,'Pacayitas'),(3183,2,17,'Pacuare'),(3184,2,18,'Piedra Grande'),(3185,2,19,'Porvenir de la Esperanza'),(3186,2,20,'Puente Alto'),(3187,2,21,'San Vicente'),(3188,2,22,'Selva (parte)'),(3189,2,23,'Silencio'),(3190,2,24,'Sonia.'),(3191,3,1,'El Seis.'),(3192,4,1,'Bajos de Bonilla'),(3193,4,2,'Bolsón (parte)'),(3194,4,3,'Bonilla'),(3195,4,4,'Buenos Aires'),(3196,4,5,'Calle Vargas'),(3197,4,6,'Carmen (parte)'),(3198,4,7,'Esperanza'),(3199,4,8,'Guayabo Arriba'),(3200,4,9,'La Central'),(3201,4,10,'La Fuente'),(3202,4,11,'Pastora'),(3203,4,12,'Picada'),(3204,4,13,'Raicero'),(3205,4,14,'Reunión'),(3206,4,15,'San Antonio'),(3207,4,16,'San Diego'),(3208,4,17,'Torito (parte).'),(3209,5,1,'Cooperativa.'),(3210,5,2,'Bonilla Arriba'),(3211,5,3,'Buenavista'),(3212,5,4,'Cas'),(3213,5,5,'Cimarrones'),(3214,5,6,'Colonia Guayabo'),(3215,5,7,'Colonia San Ramón'),(3216,5,8,'Corralón'),(3217,5,9,'Dulce Nombre'),(3218,5,10,'El Dos'),(3219,5,11,'Fuente'),(3220,5,12,'Guayabo (parte)'),(3221,5,13,'Líbano'),(3222,5,14,'Nueva Flor'),(3223,5,15,'Palomo'),(3224,5,16,'Pradera'),(3225,5,17,'Sandoval'),(3226,5,18,'Santa Tecla'),(3227,5,19,'Sauce'),(3228,5,20,'Torito (parte)'),(3229,5,21,'Torito (sur).'),(3230,6,1,'Angostura'),(3231,6,2,'Bóveda'),(3232,6,3,'Buenavista'),(3233,6,4,'Chitaría'),(3234,6,5,'Eslabón'),(3235,6,6,'Isla Bonita (parte)'),(3236,6,7,'Jabillos'),(3237,6,8,'San Rafael'),(3238,6,9,'Sitio Mata'),(3239,6,10,'Yama.'),(3240,7,1,'Leona (parte).'),(3241,7,2,'Alto Surtubal'),(3242,7,3,'Ángeles'),(3243,7,4,'Bajo Pacuare (norte)'),(3244,7,5,'Cabeza de Buey'),(3245,7,6,'Cien Manzanas'),(3246,7,7,'Colonia San Lucas'),(3247,7,8,'Colonia Silencio'),(3248,7,9,'Colonias'),(3249,7,10,'Mata de Guineo'),(3250,7,11,'Nubes'),(3251,7,12,'Paulina'),(3252,7,13,'Sacro'),(3253,7,14,'San Bosco'),(3254,7,15,'Selva (parte).'),(3255,8,1,'Bajo Pacuare (sur)'),(3256,8,2,'Dos Amigos'),(3257,8,3,'Dulce Nombre'),(3258,8,4,'Guineal'),(3259,8,5,'Jicotea'),(3260,8,6,'Mina'),(3261,8,7,'Morado'),(3262,8,8,'Quebradas'),(3263,8,9,'San Martín'),(3264,8,10,'San Rafael'),(3265,8,11,'Tacotal.'),(3266,9,1,'Aquiares'),(3267,9,2,'Bolsón (parte)'),(3268,9,3,'Carmen (parte)'),(3269,9,4,'Río Claro'),(3270,9,5,'San Rafael'),(3271,9,6,'Verbena Norte'),(3272,9,7,'Verbena Sur.'),(3273,10,1,'Alto June'),(3274,10,2,'Corozal'),(3275,10,3,'Flor'),(3276,10,4,'Guanacasteca'),(3277,10,5,'Isla Bonita(parte)'),(3278,10,6,'Pilón de Azúcar'),(3279,10,7,'San Pablo'),(3280,10,8,'Sol.'),(3281,11,1,'Azul'),(3282,11,2,'Ánimas'),(3283,11,3,'Alto de Varas (Alto Varal)'),(3284,11,4,'Guayabo (parte)'),(3285,11,5,'Jesús María'),(3286,11,6,'La Isabel'),(3287,11,7,'San Martín.'),(3288,12,1,'Carolina'),(3289,12,2,'Chirripó Abajo (parte)'),(3290,12,3,'Chirripó Arriba'),(3291,12,4,'Damaris'),(3292,12,5,''),(3293,12,6,'Fortuna'),(3294,12,7,'Jekui'),(3295,12,8,'Moravia'),(3296,12,9,'Namaldí'),(3297,12,10,'Pacuare arriba'),(3298,12,11,'Paso Marcos'),(3299,12,12,'Tsipiri (Platanillo)'),(3300,12,13,'Playa Hermosa'),(3301,12,14,'Porvenir'),(3302,12,15,'Raíz de Hule'),(3303,12,16,'Río Blanco'),(3304,12,17,'Santubal'),(3305,12,18,'Surí'),(3306,12,19,'Vereh'),(3307,12,20,'Quetzal.'),(3308,1,1,'Lourdes'),(3309,1,2,'Patalillo.'),(3310,1,3,'Buenavista'),(3311,1,4,'Buenos Aires'),(3312,1,5,'Charcalillos'),(3313,1,6,'Encierrillo'),(3314,1,7,'Los Pinos (Coliblanco)'),(3315,1,8,'Llano Grande'),(3316,1,9,'Pascón'),(3317,1,10,'Pastora'),(3318,1,11,'Plantón'),(3319,1,12,'San Martín (Irazú Sur)'),(3320,1,13,'San Rafael de Irazú.'),(3321,2,1,'Bajo Malanga'),(3322,2,2,'Aguas (parte)'),(3323,2,3,'Bajo Solano'),(3324,2,4,'Ciudad del Cielo'),(3325,2,5,'Descanso'),(3326,2,6,'El Alto'),(3327,2,7,'Mata de Guineo'),(3328,2,8,'Monticel.'),(3329,3,1,'Bajo Abarca'),(3330,3,2,'Lourdes (Callejón)'),(3331,3,3,'Coliblanco'),(3332,3,4,'Santa Teresa.'),(3333,1,1,'Alto Cerrillos (Corazón de Jesús)'),(3334,1,2,'Artavia'),(3335,1,3,'Barrial'),(3336,1,4,'Bosque'),(3337,1,5,'Breñas'),(3338,1,6,'Caballo Blanco (parte)'),(3339,1,7,'Chircagre'),(3340,1,8,'Flores'),(3341,1,9,'Gamboa'),(3342,1,10,'José Jesús Méndez'),(3343,1,11,'Juan Pablo II'),(3344,1,12,'Sagrada Familia'),(3345,1,13,'Monseñor Sanabria.'),(3346,1,14,'Cuesta Chinchilla'),(3347,1,15,'Llano.'),(3348,2,1,'Mata de Mora'),(3349,2,2,'Páez (parte)'),(3350,2,3,'Paso Ancho'),(3351,2,4,'San Cayetano.'),(3352,3,1,'Maya'),(3353,3,2,'Cruce'),(3354,3,3,'Pisco'),(3355,3,4,'Sanabria'),(3356,3,5,'San Juan de Chicuá.'),(3357,4,1,'Aguas (parte)'),(3358,4,2,'Barrionuevo'),(3359,4,3,'Boquerón'),(3360,4,4,'Capira'),(3361,4,5,'Oratorio.'),(3362,5,1,'Cuesta Quemados'),(3363,5,2,'Pasquí'),(3364,5,3,'Platanillal'),(3365,5,4,'San Gerardo'),(3366,5,5,'San Juan'),(3367,5,6,'San Martín'),(3368,5,7,'San Pablo'),(3369,5,8,'Titoral.'),(3370,1,1,'Asunción'),(3371,1,2,'Barahona'),(3372,1,3,'Barrio Nuevo'),(3373,1,4,'Colonia'),(3374,1,5,'Chavarría'),(3375,1,6,'Sabana'),(3376,1,7,'Sabana Grande'),(3377,1,8,'San Rafael'),(3378,1,9,'Santa Gertrudis'),(3379,1,10,'Sauces'),(3380,1,11,'Silo'),(3381,1,12,'Viento Fresco.'),(3382,2,1,'Guatuso'),(3383,2,2,'Higuito'),(3384,2,3,'Potrerillos.'),(3385,2,4,'Altamiradas'),(3386,2,5,'Alto San Francisco'),(3387,2,6,'Bajo Gloria'),(3388,2,7,'Bajos de León'),(3389,2,8,'Barrancas (parte)'),(3390,2,9,'Cangreja'),(3391,2,10,'Cañón (parte)'),(3392,2,11,'Casablanca'),(3393,2,12,'Casamata'),(3394,2,13,'Cascajal'),(3395,2,14,'Conventillo'),(3396,2,15,'Cruces'),(3397,2,16,'Cruz'),(3398,2,17,'Chonta (parte)'),(3399,2,18,'Damita'),(3400,2,19,'Dos Amigos'),(3401,2,20,'Empalme (parte)'),(3402,2,21,'Esperanza'),(3403,2,22,'Estrella'),(3404,2,23,'Guayabal (parte)'),(3405,2,24,'La Luchita'),(3406,2,25,'La Paz'),(3407,2,26,'Macho Gaff'),(3408,2,27,'Montserrat'),(3409,2,28,'Ojo de Agua (parte)'),(3410,2,29,'Palmital'),(3411,2,30,'Palmital Sur'),(3412,2,31,'Palo Verde'),(3413,2,32,'Paso Macho (parte)'),(3414,2,33,'Purires (parte)'),(3415,2,34,'Salsipuedes (parte)'),(3416,2,35,'San Cayetano'),(3417,2,36,'Surtubal'),(3418,2,37,'Tres de Junio'),(3419,2,38,'Vara del Roble.'),(3420,3,1,'Achiotillo'),(3421,3,2,'Barrancas (parte)'),(3422,3,3,'Bodocal'),(3423,3,4,'Garita (parte)'),(3424,3,5,'Purires (parte)'),(3425,3,6,'Tablón.'),(3426,4,1,'Bajo Zopilote'),(3427,4,2,'Caragral'),(3428,4,3,'Común.'),(3429,1,1,'Ángeles'),(3430,1,2,'Carmen'),(3431,1,3,'Corazón de Jesús'),(3432,1,4,'Chino'),(3433,1,5,'Estadio'),(3434,1,6,'Fátima'),(3435,1,7,'Guayabal'),(3436,1,8,'La India'),(3437,1,9,'Lourdes'),(3438,1,10,'Hospital'),(3439,1,11,'María Auxiliadora (parte)'),(3440,1,12,'Oriente'),(3441,1,13,'Pirro'),(3442,1,14,'Puebla (parte)'),(3443,1,15,'Rancho Chico'),(3444,1,16,'San Fernando'),(3445,1,17,'San Vicente.'),(3446,2,1,'Burío'),(3447,2,2,'Carbonal'),(3448,2,3,'Cubujuquí'),(3449,2,4,'España'),(3450,2,5,'Labrador'),(3451,2,6,'Mercedes Sur'),(3452,2,7,'Monte Bello'),(3453,2,8,'San Jorge'),(3454,2,9,'Santa Inés.'),(3455,3,1,'Aries'),(3456,3,2,'Aurora (parte)'),(3457,3,3,'Bernardo Benavides'),(3458,3,4,'Chucos'),(3459,3,5,'El Cristo (parte)'),(3460,3,6,'Esmeralda'),(3461,3,7,'Esperanza'),(3462,3,8,'Granada'),(3463,3,9,'Gran Samaria'),(3464,3,10,'Guararí'),(3465,3,11,'Lagos'),(3466,3,12,'Malinches'),(3467,3,13,'Mayorga (parte)'),(3468,3,14,'Nísperos 3'),(3469,3,15,'Palma'),(3470,3,16,'Trébol'),(3471,3,17,'Tropical.'),(3472,4,1,'Arcos'),(3473,4,2,'Aurora (parte)'),(3474,4,3,'Bajos del Virilla (San Rafael)'),(3475,4,4,'Cariari (parte)'),(3476,4,5,'Carpintera'),(3477,4,6,'El Cristo (parte)'),(3478,4,7,'Lagunilla'),(3479,4,8,'Linda del Norte'),(3480,4,9,'Mayorga (parte)'),(3481,4,10,'Monterrey'),(3482,4,11,'Pitahaya'),(3483,4,12,'Pueblo Nuevo'),(3484,4,13,'Valencia (parte)'),(3485,4,14,'Vista Nosara.'),(3486,5,1,'Jesús María'),(3487,5,2,'Legua'),(3488,5,3,'Legua de Barva'),(3489,5,4,'Montaña Azul'),(3490,5,5,'San Rafael'),(3491,5,6,'Virgen del Socorro (parte).'),(3492,1,1,'Don Abraham'),(3493,1,2,'San Bartolomé.'),(3494,2,1,'Bosque'),(3495,2,2,'Calle Amada'),(3496,2,3,'Calle Los Naranjos'),(3497,2,4,'Espinos'),(3498,2,5,'Máquina'),(3499,2,6,'Mirador'),(3500,2,7,'Morazán'),(3501,2,8,'Puente Salas'),(3502,2,9,'Segura'),(3503,2,10,'Vista Llana.'),(3504,3,1,'Barrios (Barva): Cementerio'),(3505,3,2,'Ibís.'),(3506,3,3,'Buenavista.'),(3507,4,1,'Bello Higuerón'),(3508,4,2,'Los Luises'),(3509,4,3,'Plantación'),(3510,4,4,'Pórtico.'),(3511,5,1,'Doña Iris'),(3512,5,2,'Jardines del Beneficio'),(3513,5,3,'Paso Viga (parte)'),(3514,5,4,'Pedregal.'),(3515,5,5,'Getsemaní (parte)'),(3516,5,6,'Palmar (parte).'),(3517,6,1,'Gallito'),(3518,6,2,'Monte Alto'),(3519,6,3,'Cipresal'),(3520,6,4,'Doña Blanca'),(3521,6,5,'Doña Elena'),(3522,6,6,'Higuerón'),(3523,6,7,'Huacalillo'),(3524,6,8,'El Collado'),(3525,6,9,'Meseta'),(3526,6,10,'Paso Llano'),(3527,6,11,'Plan de Birrí'),(3528,6,12,'Porrosatí'),(3529,6,13,'Roblealto'),(3530,6,14,'Sacramento'),(3531,6,15,'San Martín'),(3532,6,16,'San Miguel'),(3533,6,17,'Santa Clara'),(3534,6,18,'Zapata.'),(3535,2,1,'Barro de Olla'),(3536,2,2,'Calle Don Pedro'),(3537,2,3,'Quintana'),(3538,2,4,'Yurusti.'),(3539,3,1,'Canoa (parte)'),(3540,3,2,'Castilla'),(3541,3,3,'Cuesta Rojas'),(3542,3,4,'Montero'),(3543,3,5,'Socorro'),(3544,3,6,'Villa Rossi.'),(3545,4,1,'Represa.'),(3546,5,1,'Barquero'),(3547,5,2,'Higinia'),(3548,5,3,'Pacífica.'),(3549,6,1,'La Cooperativa'),(3550,6,2,'Pedro León'),(3551,6,3,'Primero de Mayo'),(3552,6,4,'Quisqueya'),(3553,6,5,'Rinconada'),(3554,6,6,'Valencia (parte).'),(3555,7,1,'Calle Vieja'),(3556,7,2,'Lourdes'),(3557,7,3,'Quebradas (parte).'),(3558,8,1,'Caballero.'),(3559,8,2,'Canoa (parte).'),(3560,1,1,'Trompezón.'),(3561,2,1,'Betania'),(3562,2,2,'Rosales (parte).'),(3563,3,1,'Cinco Esquinas'),(3564,3,2,'Lotes Moreira'),(3565,3,3,'San Juan Arriba'),(3566,4,1,'Altagracia'),(3567,4,2,'Birrí'),(3568,4,3,'Calle Quirós (parte)'),(3569,4,4,'Catalina'),(3570,4,5,'Común (parte)'),(3571,4,6,'Cuesta Colorada'),(3572,4,7,'Guachipelines'),(3573,4,8,'Guaracha'),(3574,4,9,'Ulises.'),(3575,5,1,'Amapola'),(3576,5,2,'Cartagos'),(3577,5,3,'Chagüite'),(3578,5,4,'Giralda'),(3579,5,5,'Guararí'),(3580,5,6,'Tranquera.'),(3581,6,1,'Marías'),(3582,6,2,'Purabá'),(3583,6,3,'San Bosco.'),(3584,6,4,'Calle Quirós (parte)'),(3585,6,5,'Común (parte)'),(3586,6,6,'Lajas.'),(3587,1,1,'Amistad'),(3588,1,2,'Matasano (parte)'),(3589,1,3,'Paso Viga (parte).'),(3590,2,1,'Bajo Molinos'),(3591,2,2,'Joya'),(3592,2,3,'Matasano (parte)'),(3593,2,4,'Peralta'),(3594,2,5,'Santísima Trinidad.'),(3595,3,1,'Jardines de Roma'),(3596,3,2,'Jardines Universitarios'),(3597,3,3,'Suiza.'),(3598,4,1,'Paso Viga (parte)'),(3599,4,2,'Saca.'),(3600,4,3,'Calle Hernández (parte)'),(3601,4,4,'Castillo'),(3602,4,5,'Cerro Redondo'),(3603,4,6,'Getsemaní (parte)'),(3604,4,7,'Joaquina'),(3605,4,8,'Lobos'),(3606,4,9,'Montecito'),(3607,4,10,'Palmar (parte)'),(3608,4,11,'Puente Piedra (parte)'),(3609,4,12,'Quintanar de la Sierra'),(3610,4,13,'Uvita.'),(3611,5,1,'Palenque'),(3612,5,2,'Anonos'),(3613,5,3,'Burial'),(3614,5,4,'Calle Chávez (parte)'),(3615,5,5,'Calle Hernández (parte)'),(3616,5,6,'Ciénagas'),(3617,5,7,'Charquillo'),(3618,5,8,'Mora'),(3619,5,9,'Pilas'),(3620,5,10,'Puente Piedra (parte)'),(3621,5,11,'Tierra Blanca (parte)'),(3622,5,12,'Turú.'),(3623,1,1,'Calle Cementerio'),(3624,1,2,'Colonia Isidreña'),(3625,1,3,'Cooperativa'),(3626,1,4,'Cristo Rey'),(3627,1,5,'El Volador'),(3628,1,6,'Villaval.'),(3629,2,1,'Santa Cruz.'),(3630,2,2,'El Arroyo'),(3631,2,3,'Huacalillos'),(3632,2,4,'Santa Cecilia (parte)'),(3633,2,5,'Santa Elena'),(3634,2,6,'Trapiche'),(3635,2,7,'Yerbabuena.'),(3636,3,1,'Alhajas'),(3637,3,2,'Calle Caricias'),(3638,3,3,'Calle Chávez (parte)'),(3639,3,4,'Santa Cecilia'),(3640,4,1,'Aguacate'),(3641,4,2,'Astillero'),(3642,4,3,'Quebradas (parte)'),(3643,4,4,'Rinconada'),(3644,4,5,'Tierra Blanca             (parte)'),(3645,4,6,'Vallevistar'),(3646,4,7,'Viento Fresco.'),(3647,1,1,'Chompipes (parte)'),(3648,1,2,'Escobal'),(3649,1,3,'Labores (parte)'),(3650,1,4,'San Vicente'),(3651,1,5,'Zaiquí.'),(3652,2,1,'Fuente'),(3653,2,2,'Labores (parte)'),(3654,2,3,'Vista Linda'),(3655,2,4,'Cristo Rey (parte).'),(3656,2,5,'Echeverría (parte).'),(3657,3,1,'Arbolito'),(3658,3,2,'Bonanza'),(3659,3,3,'Bosques de Doña Rosa'),(3660,3,4,'Cariari (parte)'),(3661,3,5,'Chompipes (parte)'),(3662,3,6,'Cristo Rey (parte).'),(3663,1,1,'Campanario'),(3664,1,2,'Joaquineños'),(3665,1,3,'Luisiana'),(3666,1,4,'Santa Marta'),(3667,1,5,'Trinidad'),(3668,1,6,'Villa Lico'),(3669,1,7,'Villa María.'),(3670,2,1,'Barrantes'),(3671,2,2,'Ugalde.'),(3672,3,1,'Ángeles'),(3673,3,2,'Año 2000'),(3674,3,3,'Cristo Rey (parte)'),(3675,3,4,'Geranios'),(3676,3,5,'Las Hadas'),(3677,3,6,'Santa Elena'),(3678,3,7,'Siglo Veintiuno.'),(3679,3,8,'Echeverría (parte).'),(3680,1,1,'Acapulco'),(3681,1,2,'Amada'),(3682,1,3,'Asovigui'),(3683,1,4,'Colonial'),(3684,1,5,'Cruces'),(3685,1,6,'Doña Nina'),(3686,1,7,'Irazú'),(3687,1,8,'Irma'),(3688,1,9,'July'),(3689,1,10,'María Auxiliadora (parte)'),(3690,1,11,'Nueva Jerusalén'),(3691,1,12,'Pastoras'),(3692,1,13,'Puebla (parte)'),(3693,1,14,'Santa Isabel'),(3694,1,15,'Villa Cortés'),(3695,1,16,'Villa Dolores'),(3696,1,17,'Villa Quintana'),(3697,1,18,'Uriche'),(3698,1,19,'Uruca.'),(3699,1,20,'Corobicí'),(3700,1,21,'Estrella'),(3701,1,22,'Rincón de Ricardo'),(3702,1,23,'Santa Fe.'),(3703,1,1,'Colina'),(3704,1,2,'Esperanza'),(3705,1,3,'Jardín'),(3706,1,4,'Loma Linda'),(3707,1,5,'Progreso.'),(3708,1,6,'Achiote'),(3709,1,7,'Ahogados'),(3710,1,8,'Arbolitos (parte)'),(3711,1,9,'Arrepentidos'),(3712,1,10,'Boca Ceiba'),(3713,1,11,'Boca Río Sucio'),(3714,1,12,'Bun'),(3715,1,13,'Cabezas'),(3716,1,14,'Canfín'),(3717,1,15,'Caño Negro'),(3718,1,16,'Cerro Negro (Parte)'),(3719,1,17,'Colonia San José'),(3720,1,18,'Coyol'),(3721,1,19,'Cristo Rey'),(3722,1,20,'Chilamate'),(3723,1,21,'El Progreso'),(3724,1,22,'Esperanza'),(3725,1,23,'Estrellales'),(3726,1,24,'Guaria'),(3727,1,25,'Jardín'),(3728,1,26,'Jormo'),(3729,1,27,'Las Marías'),(3730,1,28,'Las Orquídeas'),(3731,1,29,'Los Lirios'),(3732,1,30,'Malinche'),(3733,1,31,'Media Vuelta'),(3734,1,32,'Medias (parte)'),(3735,1,33,'Muelle'),(3736,1,34,'Naranjal'),(3737,1,35,'Nogal'),(3738,1,36,'Pavas'),(3739,1,37,'Rojomaca'),(3740,1,38,'San José'),(3741,1,39,'San Julián'),(3742,1,40,'Tres Rosales'),(3743,1,41,'Vega de Sardinal (parte)'),(3744,1,42,'Zapote.'),(3745,2,1,'Ángeles'),(3746,2,2,'Arbolitos (parte)'),(3747,2,3,'Bajos de Chilamate'),(3748,2,4,'Boca Sardinal'),(3749,2,5,'Bosque'),(3750,2,6,'Búfalo'),(3751,2,7,'Delicias'),(3752,2,8,'El Uno'),(3753,2,9,'Esquipulas'),(3754,2,10,'Las Palmitas'),(3755,2,11,'Laquí'),(3756,2,12,'Lomas'),(3757,2,13,'Llano Grande'),(3758,2,14,'Magsaysay'),(3759,2,15,'Masaya'),(3760,2,16,'Medias (parte)'),(3761,2,17,'Pangola'),(3762,2,18,'Pozo Azul'),(3763,2,19,'Quebrada Grande'),(3764,2,20,'Río Magdaleno'),(3765,2,21,'Roble'),(3766,2,22,'San Gerardo (parte)'),(3767,2,23,'San Isidro'),(3768,2,24,'San José Sur'),(3769,2,25,'San Ramón'),(3770,2,26,'La Delia'),(3771,2,27,'Sardinal'),(3772,2,28,'Tirimbina'),(3773,2,29,'Vega de Sardinal (parte)'),(3774,2,30,'Venados.'),(3775,3,1,'Bambuzal'),(3776,3,2,'Cerro Negro (parte)'),(3777,3,3,'Colonia Bambú'),(3778,3,4,'Colonia Colegio'),(3779,3,5,'Colonia Esperanza'),(3780,3,6,'Colonia Huetar'),(3781,3,7,'Colonia Nazareth'),(3782,3,8,'Colonia Victoria'),(3783,3,9,'Colonia Villalobos'),(3784,3,10,'Cubujuquí'),(3785,3,11,'Chiripa'),(3786,3,12,'Fátima'),(3787,3,13,'Flaminia'),(3788,3,14,'Finca Uno'),(3789,3,15,'Finca Dos'),(3790,3,16,'Finca Tres'),(3791,3,17,'Finca Cinco'),(3792,3,18,'Finca Agua'),(3793,3,19,'Finca Zona Siete'),(3794,3,20,'Finca Zona Ocho'),(3795,3,21,'Finca Zona Diez'),(3796,3,22,'Finca Zona Once'),(3797,3,23,'Isla'),(3798,3,24,'Isla Grande'),(3799,3,25,'Isla Israel'),(3800,3,26,'La Conquista'),(3801,3,27,'La Chávez'),(3802,3,28,'La Vuelta'),(3803,3,29,'Rambla'),(3804,3,30,'Pedernales'),(3805,3,31,'Platanera'),(3806,3,32,'Río Frío'),(3807,3,33,'San Bernardino'),(3808,3,34,'San Luis'),(3809,3,35,'Santa Clara'),(3810,3,36,'Tapa Viento'),(3811,3,37,'Ticarí'),(3812,3,38,'Tigre'),(3813,3,39,'Villa Isabel'),(3814,3,40,'Villa Nueva.'),(3815,4,1,'Caño San Luis'),(3816,4,2,'Chimurria'),(3817,4,3,'Chirriposito'),(3818,4,4,'Delta'),(3819,4,5,'Gaspar'),(3820,4,6,'Lagunilla'),(3821,4,7,'La Lucha'),(3822,4,8,'Tigra.'),(3823,5,1,'Caño Tambor'),(3824,5,2,'Copalchí'),(3825,5,3,'Cureña'),(3826,5,4,'Paloseco'),(3827,5,5,'Remolinito'),(3828,5,6,'Tambor'),(3829,5,7,'Tierrabuena'),(3830,5,8,'Trinidad'),(3831,5,9,'Unión del Toro'),(3832,5,10,'Vuelta Cabo de Hornos.'),(3833,1,1,'Alaska'),(3834,1,2,'Ángeles'),(3835,1,3,'Buenos Aires'),(3836,1,4,'Capulín'),(3837,1,5,'Cerros'),(3838,1,6,'Condega'),(3839,1,7,'Corazón de Jesús'),(3840,1,8,'Curime'),(3841,1,9,'Choricera'),(3842,1,10,'Chorotega'),(3843,1,11,'Gallera'),(3844,1,12,'Guaria'),(3845,1,13,'Jícaro'),(3846,1,14,'La Carreta'),(3847,1,15,'Llano La Cruz'),(3848,1,16,'Mocho (Santa Lucía)'),(3849,1,17,'Moracia'),(3850,1,18,'Nazareth'),(3851,1,19,'Pueblo Nuevo'),(3852,1,20,'Sabanero'),(3853,1,21,'San Miguel'),(3854,1,22,'San Roque'),(3855,1,23,'Sitio'),(3856,1,24,'Veinticinco de Julio'),(3857,1,25,'Victoria'),(3858,1,26,'Villanueva.'),(3859,1,27,'Arena'),(3860,1,28,'Caraña'),(3861,1,29,'Isleta (parte)'),(3862,1,30,'Juanilama'),(3863,1,31,'Montañita'),(3864,1,32,'Paso Tempisque (parte)'),(3865,1,33,'Pelón de la Bajura'),(3866,1,34,'Polvazales'),(3867,1,35,'Roble de Sabana'),(3868,1,36,'Rodeito'),(3869,1,37,'Salto (parte)'),(3870,1,38,'San Benito'),(3871,1,39,'San Hernán'),(3872,1,40,'San Lucas'),(3873,1,41,'Santa Ana'),(3874,1,42,'Terreros'),(3875,1,43,'Zanjita.'),(3876,2,1,'Alcántaro'),(3877,2,2,'Buenavista'),(3878,2,3,'Guayacán'),(3879,2,4,'Pochote.'),(3880,2,5,'Brisas'),(3881,2,6,'Cedro'),(3882,2,7,'Congo'),(3883,2,8,'Cueva'),(3884,2,9,'Fortuna'),(3885,2,10,'Irigaray'),(3886,2,11,'Lilas'),(3887,2,12,'Pacayales'),(3888,2,13,'Panamacito'),(3889,2,14,'Pedregal'),(3890,2,15,'Pital'),(3891,2,16,'Pueblo Nuevo.'),(3892,3,1,'Lourdes'),(3893,3,2,'San Antonio.'),(3894,3,3,'Ángeles'),(3895,3,4,'Argentina'),(3896,3,5,'Buenavista'),(3897,3,6,'Consuelo.'),(3898,4,1,'Bejuco'),(3899,4,2,'Los Lagos'),(3900,4,3,'Nacascolo'),(3901,4,4,'Oratorio'),(3902,4,5,'Puerto Culebra'),(3903,4,6,'Triunfo.'),(3904,5,1,'Gallo'),(3905,5,2,'San Rafael.'),(3906,5,3,'Colorado'),(3907,5,4,'Curubandé'),(3908,5,5,'Porvenir.'),(3909,1,1,'Los Ángeles'),(3910,1,2,'Barro Negro'),(3911,1,3,'Cananga'),(3912,1,4,'Carmen'),(3913,1,5,'Chorotega'),(3914,1,6,'Guadalupe'),(3915,1,7,'Granja'),(3916,1,8,'San Martín'),(3917,1,9,'Santa Lucía'),(3918,1,10,'Virginia.'),(3919,1,11,'Cabeceras'),(3920,1,12,'Caimital'),(3921,1,13,'Carreta'),(3922,1,14,'Casitas'),(3923,1,15,'Cerro Verde'),(3924,1,16,'Cerro Redondo'),(3925,1,17,'Cola de Gallo'),(3926,1,18,'Cuesta'),(3927,1,19,'Cuesta Buenos Aires'),(3928,1,20,'Curime'),(3929,1,21,'Chivo'),(3930,1,22,'Dulce Nombre'),(3931,1,23,'Esperanza Norte'),(3932,1,24,'Estrella'),(3933,1,25,'Gamalotal'),(3934,1,26,'Garcimuñóz'),(3935,1,27,'Guaitil'),(3936,1,28,'Guastomatal'),(3937,1,29,'Guineas'),(3938,1,30,'Hondores'),(3939,1,31,'Jobo'),(3940,1,32,'Juan Díaz'),(3941,1,33,'Lajas'),(3942,1,34,'Loma Caucela'),(3943,1,35,'Miramar (noroeste)'),(3944,1,36,'Nambí'),(3945,1,37,'Oriente'),(3946,1,38,'Los Planes'),(3947,1,39,'Pedernal'),(3948,1,40,'Picudas'),(3949,1,41,'Pilahonda'),(3950,1,42,'Pilas'),(3951,1,43,'Pilas Blancas'),(3952,1,44,'Piragua'),(3953,1,45,'Ponedero'),(3954,1,46,'Quirimán'),(3955,1,47,'Quirimancito'),(3956,1,48,'Sabana Grande'),(3957,1,49,'Santa Ana'),(3958,1,50,'Sitio Botija'),(3959,1,51,'Tierra Blanca'),(3960,1,52,'Tres Quebradas'),(3961,1,53,'Varillas (Zapotillo)'),(3962,1,54,'Virginia'),(3963,1,55,'Zompopa.'),(3964,2,1,'Acoyapa'),(3965,2,2,'Boquete'),(3966,2,3,'Camarones'),(3967,2,4,'Guastomatal'),(3968,2,5,'Iguanita'),(3969,2,6,'Lapas'),(3970,2,7,'Limonal'),(3971,2,8,'Matambuguito'),(3972,2,9,'Matina'),(3973,2,10,'Mercedes'),(3974,2,11,'Monte Alto'),(3975,2,12,'Morote Norte'),(3976,2,13,'Nacaome'),(3977,2,14,'Obispo'),(3978,2,15,'Pital'),(3979,2,16,'Polvazales'),(3980,2,17,'Pueblo Viejo'),(3981,2,18,'Puente Guillermina'),(3982,2,19,'Puerto Jesús'),(3983,2,20,'Río Vueltas'),(3984,2,21,'San Joaquín'),(3985,2,22,'San Juan (parte)'),(3986,2,23,'Uvita (parte)'),(3987,2,24,'Vigía'),(3988,2,25,'Yerbabuena (parte)'),(3989,2,26,'Zapandí.'),(3990,3,1,'Guayabal.'),(3991,3,2,'Biscoyol'),(3992,3,3,'Bolsa'),(3993,3,4,'Boquete'),(3994,3,5,'Buenos Aires'),(3995,3,6,'Cañal'),(3996,3,7,'Carao'),(3997,3,8,'Cerro Mesas'),(3998,3,9,'Conchal'),(3999,3,10,'Corral de Piedra'),(4000,3,11,'Corralillo'),(4001,3,12,'Coyolar'),(4002,3,13,'Cuba'),(4003,3,14,'Cuesta Madroño'),(4004,3,15,'Chira'),(4005,3,16,'Flor'),(4006,3,17,'Florida'),(4007,3,18,'Guayabo'),(4008,3,19,'Loma Ayote'),(4009,3,20,'Matamba'),(4010,3,21,'México'),(4011,3,22,'Montañita'),(4012,3,23,'Monte Galán'),(4013,3,24,'Moracia'),(4014,3,25,'Ojo de Agua'),(4015,3,26,'Palos Negros'),(4016,3,27,'Piave'),(4017,3,28,'Piedras Blancas'),(4018,3,29,'Pozas'),(4019,3,30,'Pozo de Agua'),(4020,3,31,'Pueblo Nuevo'),(4021,3,32,'Puerto Humo'),(4022,3,33,'Rosario'),(4023,3,34,'San Lázaro'),(4024,3,35,'San Vicente'),(4025,3,36,'Silencio'),(4026,3,37,'Talolinga'),(4027,3,38,'Tamarindo'),(4028,3,39,'Zapote.'),(4029,4,1,'Tortuguero.'),(4030,4,2,'Botija'),(4031,4,3,'Caballito'),(4032,4,4,'Embarcadero'),(4033,4,5,'Copal'),(4034,4,6,'Loma Bonita'),(4035,4,7,'Millal'),(4036,4,8,'Paraíso'),(4037,4,9,'Paso Guabo'),(4038,4,10,'Pochote'),(4039,4,11,'Puerto Moreno'),(4040,4,12,'Roblar'),(4041,4,13,'San Juan (parte)'),(4042,4,14,'Sombrero'),(4043,4,15,'Sonzapote'),(4044,4,16,'Tres Esquinas.'),(4045,5,1,'Matapalo'),(4046,5,2,'Mala Noche.'),(4047,5,3,'Bajo Escondido'),(4048,5,4,'Barco Quebrado'),(4049,5,5,'Buenavista'),(4050,5,6,'Buenos Aires'),(4051,5,7,'Cambutes'),(4052,5,8,'Cangrejal'),(4053,5,9,'Cantarrana'),(4054,5,10,'Chinampas'),(4055,5,11,'Esterones'),(4056,5,12,'Galilea'),(4057,5,13,'Palmar'),(4058,5,14,'Panamá'),(4059,5,15,'Pavones'),(4060,5,16,'Playa Buenavista'),(4061,5,17,'Primavera'),(4062,5,18,'Pueblo Nuevo'),(4063,5,19,'Samaria'),(4064,5,20,'San Fernando'),(4065,5,21,'Santo Domingo'),(4066,5,22,'Taranta'),(4067,5,23,'Terciopelo'),(4068,5,24,'Torito.'),(4069,6,1,'Ángeles de Garza'),(4070,6,2,'Bijagua'),(4071,6,3,'Cabeceras de Garza'),(4072,6,4,'Coyoles'),(4073,6,5,'Cuesta Winch'),(4074,6,6,'Delicias'),(4075,6,7,'Esperanza Sur'),(4076,6,8,'Flores'),(4077,6,9,'Garza'),(4078,6,10,'Guiones'),(4079,6,11,'Ligia'),(4080,6,12,'Nosara'),(4081,6,13,'Playa Nosara'),(4082,6,14,'Playa Pelada'),(4083,6,15,'Portal'),(4084,6,16,'Río Montaña'),(4085,6,17,'San Juan'),(4086,6,18,'Santa Marta'),(4087,6,19,'Santa Teresa.'),(4088,7,1,'Arcos'),(4089,7,2,'Balsal'),(4090,7,3,'Caimitalito'),(4091,7,4,'Cuajiniquil'),(4092,7,5,'Cuesta Grande'),(4093,7,6,'Chumburán'),(4094,7,7,'Juntas'),(4095,7,8,'Maquenco'),(4096,7,9,'Minas'),(4097,7,10,'Miramar Sureste'),(4098,7,11,'Naranjal'),(4099,7,12,'Naranjalito'),(4100,7,13,'Nosarita'),(4101,7,14,'Platanillo'),(4102,7,15,'Quebrada Bonita'),(4103,7,16,'Santa Elena (parte)'),(4104,7,17,'Zaragoza.'),(4105,1,1,'Buenos Aires'),(4106,1,2,'Camarenos'),(4107,1,3,'Cátalo Rojas'),(4108,1,4,'Corobicí'),(4109,1,5,'Chorotega'),(4110,1,6,'Esquipulas'),(4111,1,7,'Estocolmo'),(4112,1,8,'Flores'),(4113,1,9,'Garúa'),(4114,1,10,'Guabo'),(4115,1,11,'Lajas'),(4116,1,12,'Los Amigos'),(4117,1,13,'Malinches'),(4118,1,14,'Manchón'),(4119,1,15,'Panamá'),(4120,1,16,'Pepe Lujan'),(4121,1,17,'Sagamat'),(4122,1,18,'San Martín'),(4123,1,19,'Santa Cecilia'),(4124,1,20,'Tenorio'),(4125,1,21,'Tulita Sandino.'),(4126,1,22,'Ángeles'),(4127,1,23,'Arado'),(4128,1,24,'Bernabela'),(4129,1,25,'Cacao'),(4130,1,26,'Caimito'),(4131,1,27,'Congal'),(4132,1,28,'Cuatro  Esquinas'),(4133,1,29,'Chibola'),(4134,1,30,'Chircó'),(4135,1,31,'Chumico (parte)'),(4136,1,32,'Guayabal'),(4137,1,33,'Hato Viejo'),(4138,1,34,'Lagunilla'),(4139,1,35,'Lechuza'),(4140,1,36,'Limón'),(4141,1,37,'Moya'),(4142,1,38,'Puente Negro'),(4143,1,39,'Retallano (parte)'),(4144,1,40,'Rincón'),(4145,1,41,'Río Cañas Viejo'),(4146,1,42,'San Juan'),(4147,1,43,'San Pedro'),(4148,1,44,'San Pedro Viejo'),(4149,1,45,'Vista al Mar.'),(4150,2,1,'Ortega.'),(4151,2,2,'Ballena (parte)'),(4152,2,3,'Lagartero'),(4153,2,4,'Pochotada.'),(4154,3,1,'Jobos.'),(4155,3,2,'Aguacate'),(4156,3,3,'Avellana'),(4157,3,4,'Barrosa'),(4158,3,5,'Brisas'),(4159,3,6,'Bruno'),(4160,3,7,'Cacaovano'),(4161,3,8,'Camones'),(4162,3,9,'Cañas Gordas'),(4163,3,10,'Ceiba Mocha'),(4164,3,11,'Cerro Brujo'),(4165,3,12,'Congo'),(4166,3,13,'Delicias'),(4167,3,14,'Espavelar'),(4168,3,15,'Florida'),(4169,3,16,'Gongolona'),(4170,3,17,'Guachipelín'),(4171,3,18,'Guapote'),(4172,3,19,'Hatillo'),(4173,3,20,'Isla  Verde'),(4174,3,21,'Junquillal'),(4175,3,22,'Junta de Río Verde'),(4176,3,23,'Mesas'),(4177,3,24,'Montaña'),(4178,3,25,'Monteverde'),(4179,3,26,'Níspero'),(4180,3,27,'Paraíso'),(4181,3,28,'Pargos'),(4182,3,29,'Paso Hondo'),(4183,3,30,'Pilas'),(4184,3,31,'Playa Lagartillo'),(4185,3,32,'Playa Negra'),(4186,3,33,'Pochotes'),(4187,3,34,'Ranchos'),(4188,3,35,'Retallano (parte)'),(4189,3,36,'Río Seco'),(4190,3,37,'Río Tabaco'),(4191,3,38,'San Francisco'),(4192,3,39,'San Jerónimo'),(4193,3,40,'Soncoyo'),(4194,3,41,'Tieso (San Rafael)'),(4195,3,42,'Trapiche'),(4196,3,43,'Venado'),(4197,3,44,'Vergel'),(4198,3,45,'.'),(4199,4,1,'Paraíso.'),(4200,4,2,'Bejuco'),(4201,4,3,'Chiles'),(4202,4,4,'El Llano'),(4203,4,5,'Huacas'),(4204,4,6,'Portegolpe'),(4205,4,7,'Potrero'),(4206,4,8,'Rincón.'),(4207,5,1,'Edén'),(4208,5,2,'Toyosa.'),(4209,5,3,'Cañafístula'),(4210,5,4,'Corocitos'),(4211,5,5,'Higuerón'),(4212,5,6,'Jobo'),(4213,5,7,'Lorena'),(4214,5,8,'Oratorio'),(4215,5,9,'sacatipe'),(4216,6,1,'Alemania'),(4217,6,2,'Bolillos'),(4218,6,3,'Cuajiniquil'),(4219,6,4,'Chiquero'),(4220,6,5,'Fortuna'),(4221,6,6,'Frijolar'),(4222,6,7,'Jazminal'),(4223,6,8,'Lagarto'),(4224,6,9,'Libertad'),(4225,6,10,'Limonal'),(4226,6,11,'Manzanillo'),(4227,6,12,'Marbella'),(4228,6,13,'Ostional'),(4229,6,14,'Palmares'),(4230,6,15,'Piedras Amarillas'),(4231,6,16,'Progreso'),(4232,6,17,'Punta Caliente'),(4233,6,18,'Quebrada Seca'),(4234,6,19,'Quebrada Zapote'),(4235,6,20,'Rayo'),(4236,6,21,'Roble'),(4237,6,22,'Rosario'),(4238,6,23,'Santa Cecilia'),(4239,6,24,'Santa Elena'),(4240,6,25,'Socorro'),(4241,6,26,'Unión'),(4242,6,27,'Veracrúz.'),(4243,7,1,'Ángeles'),(4244,7,2,'Duendes'),(4245,7,3,'Lomitas'),(4246,7,4,'Oriente.'),(4247,7,5,'Calle Vieja'),(4248,7,6,'Coyolar'),(4249,7,7,'Chumico (parte)'),(4250,7,8,'Diría'),(4251,7,9,'Guaitil'),(4252,7,10,'Polvazal'),(4253,7,11,'Sequeira'),(4254,7,12,'Talolinguita'),(4255,7,13,'Trompillal.'),(4256,8,1,'Brasilito'),(4257,8,2,'Buen Pastor'),(4258,8,3,'Conchal'),(4259,8,4,'Flamenco'),(4260,8,5,'Garita Vieja'),(4261,8,6,'Jesús María'),(4262,8,7,'Lajas'),(4263,8,8,'Lomas'),(4264,8,9,'Playa Cabuya'),(4265,8,10,'Playa Grande'),(4266,8,11,'Playa Mina'),(4267,8,12,'Playa Real'),(4268,8,13,'Puerto Viejo'),(4269,8,14,'Salinas'),(4270,8,15,'Salinitas'),(4271,8,16,'Tacasolapa'),(4272,8,17,'Zapotillal.'),(4273,9,1,'Cañafístula'),(4274,9,2,'Cebadilla'),(4275,9,3,'El Llano'),(4276,9,4,'Garita'),(4277,9,5,'Guatemala'),(4278,9,6,'Hernández'),(4279,9,7,'Icacal'),(4280,9,8,'La Loma'),(4281,9,9,'Linderos'),(4282,9,10,'Mangos'),(4283,9,11,'Palmar'),(4284,9,12,'San Andrés'),(4285,9,13,'San José Pinilla'),(4286,9,14,'Santa Rosa'),(4287,9,15,'Tamarindo.'),(4288,1,1,'Lima'),(4289,1,2,'Pedro Nolasco'),(4290,1,3,'Redondel.'),(4291,1,4,'Aguacaliente'),(4292,1,5,'Arbolito'),(4293,1,6,'Bagatzi'),(4294,1,7,'Brisas'),(4295,1,8,'Bebedero (parte)'),(4296,1,9,'Casavieja (parte)'),(4297,1,10,'Cofradía'),(4298,1,11,'Colmenar'),(4299,1,12,'Llanos de Cortés'),(4300,1,13,'Mojica'),(4301,1,14,'Montano'),(4302,1,15,'Montenegro'),(4303,1,16,'Piedras'),(4304,1,17,'Pijije'),(4305,1,18,'Plazuela'),(4306,1,19,'Salitral'),(4307,1,20,'Salto (parte)'),(4308,1,21,'Santa Rosa.'),(4309,2,1,'Miravalles.'),(4310,2,2,'Casavieja (parte)'),(4311,2,3,'Cuipilapa'),(4312,2,4,'Giganta'),(4313,2,5,'Hornillas'),(4314,2,6,'Macuá'),(4315,2,7,'Martillete'),(4316,2,8,'Mozotal'),(4317,2,9,'Pozo Azul'),(4318,2,10,'Sagrada Familia'),(4319,2,11,'San Bernardo'),(4320,2,12,'San Joaquín'),(4321,2,13,'Santa Cecilia'),(4322,2,14,'Santa Fe'),(4323,2,15,'Santa Rosa'),(4324,2,16,'Unión Ferrer.'),(4325,3,1,'Los Ángeles'),(4326,3,2,'Oses.'),(4327,3,3,'Barro de Olla'),(4328,3,4,'Horcones'),(4329,3,5,'La Ese'),(4330,3,6,'Limonal'),(4331,3,7,'Manglar'),(4332,3,8,'Mochadero'),(4333,3,9,'Pueblo Nuevo'),(4334,3,10,'Rincón de La Cruz'),(4335,3,11,'San Isidro de Limonal'),(4336,3,12,'San Jorge'),(4337,3,13,'San Pedro'),(4338,3,14,'Torno.'),(4339,4,1,'Naranjito.'),(4340,4,2,'Río Chiquito.'),(4341,1,1,'Bambú'),(4342,1,2,'Cinco Esquinas'),(4343,1,3,'Hollywood'),(4344,1,4,'La Cruz'),(4345,1,5,'Santa Lucía'),(4346,1,6,'Ballena (parte)'),(4347,1,7,'Corralillo'),(4348,1,8,'Guinea'),(4349,1,9,'Isleta (parte)'),(4350,1,10,'Jocote'),(4351,1,11,'Juanilama'),(4352,1,12,'Moralito'),(4353,1,13,'Ojoche'),(4354,1,14,'San Francisco.'),(4355,2,1,'Coyolera'),(4356,2,2,'María Auxiliadora.'),(4357,2,3,'Ángeles'),(4358,2,4,'Comunidad'),(4359,2,5,'Paso Tempisque (parte)'),(4360,2,6,'San Rafael.'),(4361,3,1,'Carpintera'),(4362,3,2,'Colegios'),(4363,3,3,'Verdún.'),(4364,3,4,'Artola'),(4365,3,5,'Cacique'),(4366,3,6,'Coco'),(4367,3,7,'Chorrera'),(4368,3,8,'Guacamaya'),(4369,3,9,'Huaquitas'),(4370,3,10,'Libertad'),(4371,3,11,'Los Canales'),(4372,3,12,'Matapalo'),(4373,3,13,'Nancital'),(4374,3,14,'Nuevo Colón'),(4375,3,15,'Obandito'),(4376,3,16,'Ocotal'),(4377,3,17,'Pilas'),(4378,3,18,'Playa Hermosa'),(4379,3,19,'Playones'),(4380,3,20,'San Blas'),(4381,3,21,'San Martín'),(4382,3,22,'Santa Rita'),(4383,3,23,'Segovia'),(4384,3,24,'Tabores'),(4385,3,25,'Zapotal.'),(4386,4,1,'Villita'),(4387,4,2,'Alto San Antonio'),(4388,4,3,'Cachimbo'),(4389,4,4,'Castilla de Oro'),(4390,4,5,'Coyolito'),(4391,4,6,'Gallina'),(4392,4,7,'Juanilama'),(4393,4,8,'Loma Bonita'),(4394,4,9,'LLano'),(4395,4,10,'Ojochal'),(4396,4,11,'Palestina'),(4397,4,12,'Palmas'),(4398,4,13,'Paraíso'),(4399,4,14,'Penca'),(4400,4,15,'Planes'),(4401,4,16,'Poroporo'),(4402,4,17,'Río Cañas Nuevo'),(4403,4,18,'Santa Ana'),(4404,4,19,'Santo Domingo.'),(4405,1,1,'Albania'),(4406,1,2,'Ángeles'),(4407,1,3,'Bello Horizonte'),(4408,1,4,'Cantarrana'),(4409,1,5,'Castillo'),(4410,1,6,'Cueva'),(4411,1,7,'Chorotega'),(4412,1,8,'Las Cañas'),(4413,1,9,'Malinches'),(4414,1,10,'Miravalles'),(4415,1,11,'Palmas'),(4416,1,12,'San Cristóbal'),(4417,1,13,'San Martín'),(4418,1,14,'San Pedro'),(4419,1,15,'Santa Isabel Abajo'),(4420,1,16,'Santa Isabel Arriba'),(4421,1,17,'Tenorio'),(4422,1,18,'Tres Marías'),(4423,1,19,'Unión.'),(4424,1,20,'Cedros'),(4425,1,21,'Cepo'),(4426,1,22,'Concepción'),(4427,1,23,'Corobicí'),(4428,1,24,'Correntadas'),(4429,1,25,'Cuesta el Diablo'),(4430,1,26,'Cuesta el Mico'),(4431,1,27,'Hotel'),(4432,1,28,'Jabilla Abajo'),(4433,1,29,'Jabilla Arriba'),(4434,1,30,'Libertad'),(4435,1,31,'Montes de Oro'),(4436,1,32,'Paso Lajas'),(4437,1,33,'Pedregal'),(4438,1,34,'Pochota'),(4439,1,35,'Pueblo Nuevo'),(4440,1,36,'Sandial (Sandillal)'),(4441,1,37,'San Isidro (parte)'),(4442,1,38,'Santa Lucía (parte)'),(4443,1,39,'Vergel.'),(4444,2,1,'Aguacaliente'),(4445,2,2,'Aguas Gatas (parte)'),(4446,2,3,'Coyota'),(4447,2,4,'Huacal'),(4448,2,5,'Las Flores'),(4449,2,6,'Martirio'),(4450,2,7,'Panales'),(4451,2,8,'Paraíso (parte)'),(4452,2,9,'San Isidro (parte)'),(4453,2,10,'Santa Lucía (parte)'),(4454,2,11,'Tenorio'),(4455,2,12,'Vueltas.'),(4456,3,1,'El Coco'),(4457,3,2,'El Güis'),(4458,3,3,'Eskameca (parte)'),(4459,3,4,'Gotera'),(4460,3,5,'Higuerón'),(4461,3,6,'Higuerón Viejo'),(4462,3,7,'San Juan.'),(4463,4,1,'Loma.'),(4464,4,2,'Coopetaboga'),(4465,4,3,'Taboga (parte).'),(4466,5,1,'Brisas'),(4467,5,2,'Eskameca (parte)'),(4468,5,3,'Guapinol'),(4469,5,4,'Pozas'),(4470,5,5,'Puerto Alegre'),(4471,5,6,'Quesera'),(4472,5,7,'Santa Lucía'),(4473,5,8,'Taboga (parte)'),(4474,5,9,'Tiquirusas.'),(4475,1,1,'Bellavista'),(4476,1,2,'Cinco Esquinas'),(4477,1,3,'La Gloria'),(4478,1,4,'Paso Ancho'),(4479,1,5,'San Antonio'),(4480,1,6,'San Jorge'),(4481,1,7,'San Pablo.'),(4482,1,8,'Blanco'),(4483,1,9,'Cecilia'),(4484,1,10,'Codornices'),(4485,1,11,'Concepción'),(4486,1,12,'Coyolito (parte)'),(4487,1,13,'Chiqueros'),(4488,1,14,'Desjarretado'),(4489,1,15,'Irma'),(4490,1,16,'Jarquín (parte)'),(4491,1,17,'Jesús'),(4492,1,18,'Lajas'),(4493,1,19,'Las Huacas (Parte)'),(4494,1,20,'Limonal'),(4495,1,21,'Limonal Viejo'),(4496,1,22,'Matapalo'),(4497,1,23,'Naranjos Agrios'),(4498,1,24,'Palma'),(4499,1,25,'Peña'),(4500,1,26,'Puente de Tierra'),(4501,1,27,'Rancho Alegre (parte)'),(4502,1,28,'Lourdes (Rancho Ania) (parte)'),(4503,1,29,'San Cristóbal'),(4504,1,30,'San Francisco'),(4505,1,31,'San Juan Chiquito'),(4506,1,32,'Santa Lucía'),(4507,1,33,'Tortugal'),(4508,1,34,'Zapote.'),(4509,2,1,'Aguas Claras'),(4510,2,2,'Alto Cebadilla'),(4511,2,3,'Campos de Oro'),(4512,2,4,'Candelaria'),(4513,2,5,'Cañitas'),(4514,2,6,'Cruz'),(4515,2,7,'Cuesta Yugo'),(4516,2,8,'Dos de Abangares'),(4517,2,9,'Marsellesa'),(4518,2,10,'San Antonio'),(4519,2,11,'San Rafael'),(4520,2,12,'Tornos'),(4521,2,13,'Tres Amigos'),(4522,2,14,'Turín (parte).'),(4523,3,1,'Arizona'),(4524,3,2,'Congo'),(4525,3,3,'Nancital'),(4526,3,4,'Portones'),(4527,3,5,'Pozo Azul'),(4528,3,6,'Rancho Alegre (parte)'),(4529,3,7,'Lourdes (Rancho Ania) (parte)'),(4530,3,8,'Tierra Colorada'),(4531,3,9,'Vainilla.'),(4532,4,1,'Almendros'),(4533,4,2,'Barbudal'),(4534,4,3,'Gavilanes'),(4535,4,4,'Higuerillas'),(4536,4,5,'Las Huacas (parte)'),(4537,4,6,'Monte Potrero'),(4538,4,7,'Quebracho'),(4539,4,8,'Peñablanca'),(4540,4,9,'San Buenaventura'),(4541,4,10,'San Joaquín'),(4542,4,11,'Solimar'),(4543,4,12,'Villafuerte.'),(4544,1,1,'Cabra'),(4545,1,2,'Carmen'),(4546,1,3,'Juan XXIII'),(4547,1,4,'Lomalinda.'),(4548,1,5,'Cuatro Esquinas'),(4549,1,6,'Chiripa'),(4550,1,7,'Piamonte'),(4551,1,8,'Río Chiquito'),(4552,1,9,'San Luis'),(4553,1,10,'Tejona'),(4554,1,11,'Tres Esquinas.'),(4555,2,1,'Barrionuevo'),(4556,2,2,'Cabeceras de Cañas'),(4557,2,3,'Campos de Oro'),(4558,2,4,'Dos de Tilarán'),(4559,2,5,'Esperanza'),(4560,2,6,'Florida'),(4561,2,7,'Monte Olivos'),(4562,2,8,'Nubes'),(4563,2,9,'San Miguel'),(4564,2,10,'Turín (parte)'),(4565,2,11,'Vueltas.'),(4566,3,1,'Arenal Viejo'),(4567,3,2,'Colonia Menonita'),(4568,3,3,'Río Chiquito Abajo'),(4569,3,4,'Silencio.'),(4570,4,1,'Aguilares'),(4571,4,2,'Campos Azules'),(4572,4,3,'Montes de Oro (parte)'),(4573,4,4,'Naranjos Agrios'),(4574,4,5,'Palma'),(4575,4,6,'Quebrada Azul'),(4576,4,7,'Ranchitos'),(4577,4,8,'Santa Rosa.'),(4578,5,1,'Alto Cartago'),(4579,5,2,'Maravilla'),(4580,5,3,'San José'),(4581,5,4,'Solania.'),(4582,6,1,'Aguacate'),(4583,6,2,'Aguas Gatas (parte)'),(4584,6,3,'Bajo Paires'),(4585,6,4,'Guadalajara'),(4586,6,5,'Montes de Oro (parte)'),(4587,6,6,'Paraíso (parte)'),(4588,6,7,'Río Piedras'),(4589,6,8,'Sabalito.'),(4590,7,1,'Mata de Caña'),(4591,7,2,'Sangregado'),(4592,7,3,'San Antonio'),(4593,7,4,'Unión.'),(4594,1,1,'Camas'),(4595,1,2,'Limones'),(4596,1,3,'Maquenco'),(4597,1,4,'San Rafael'),(4598,1,5,'Vista de Mar.'),(4599,2,1,'Angostura'),(4600,2,2,'Cacao'),(4601,2,3,'Chumico'),(4602,2,4,'Guaria'),(4603,2,5,'Guastomatal'),(4604,2,6,'Morote'),(4605,2,7,'Tacanis'),(4606,2,8,'Uvita (parte)'),(4607,2,9,'Yerbabuena (parte).'),(4608,3,1,'Altos de Mora'),(4609,3,2,'Cabeceras de Río Ora'),(4610,3,3,'Camaronal'),(4611,3,4,'Carmen'),(4612,3,5,'Cuesta Bijagua'),(4613,3,6,'Leona'),(4614,3,7,'Manzanales'),(4615,3,8,'Río Blanco Este'),(4616,3,9,'Río de Oro'),(4617,3,10,'Río Ora'),(4618,3,11,'San Martín'),(4619,3,12,'San Pedro'),(4620,3,13,'Soledad.'),(4621,4,1,'Canjel'),(4622,4,2,'Canjelito'),(4623,4,3,'Corozal Oeste'),(4624,4,4,'Chamarro'),(4625,4,5,'Isla Berrugate'),(4626,4,6,'Pavones'),(4627,4,7,'Puerto Thiel'),(4628,4,8,'San Pablo Viejo.'),(4629,5,1,'Ángeles'),(4630,5,2,'Bellavista'),(4631,5,3,'Cabeceras de Río Bejuco'),(4632,5,4,'Chompipe (parte)'),(4633,5,5,'Delicias'),(4634,5,6,'Quebrada Grande'),(4635,5,7,'San Josecito.'),(4636,6,1,'Caletas'),(4637,6,2,'Candelillo'),(4638,6,3,'Corozalito'),(4639,6,4,'Chiruta'),(4640,6,5,'Chompipe (parte)'),(4641,6,6,'I Griega'),(4642,6,7,'Islita'),(4643,6,8,'Jabilla'),(4644,6,9,'Jabillos'),(4645,6,10,'Maicillal'),(4646,6,11,'Maquencal'),(4647,6,12,'Milagro'),(4648,6,13,'Millal'),(4649,6,14,'Mono'),(4650,6,15,'Pampas'),(4651,6,16,'Paso Vigas'),(4652,6,17,'Pencal'),(4653,6,18,'Playa Coyote'),(4654,6,19,'Playa San Miguel'),(4655,6,20,'Pueblo Nuevo'),(4656,6,21,'Punta Bejuco'),(4657,6,22,'Puerto Coyote'),(4658,6,23,'Quebrada Nando'),(4659,6,24,'Quebrada Seca'),(4660,6,25,'Rancho Floriana'),(4661,6,26,'San Francisco de Coyote'),(4662,6,27,'San Gabriel'),(4663,6,28,'San Miguel'),(4664,6,29,'Triunfo'),(4665,6,30,'Zapote.'),(4666,1,1,'Corazón de Jesús'),(4667,1,2,'Fátima'),(4668,1,3,'Irving'),(4669,1,4,'Orosí'),(4670,1,5,'Pinos'),(4671,1,6,'Santa Rosa.'),(4672,1,7,'Bellavista'),(4673,1,8,'Bello Horizonte'),(4674,1,9,'Brisas'),(4675,1,10,'Cacao'),(4676,1,11,'Carrizal'),(4677,1,12,'Carrizales'),(4678,1,13,'Colonia Bolaños'),(4679,1,14,'Copalchí'),(4680,1,15,'Infierno'),(4681,1,16,'Jobo'),(4682,1,17,'Libertad'),(4683,1,18,'Monte Plata'),(4684,1,19,'Montes de Oro'),(4685,1,20,'Pampa'),(4686,1,21,'Pegón'),(4687,1,22,'Peñas Blancas'),(4688,1,23,'Piedra Pómez'),(4689,1,24,'Puerto Soley'),(4690,1,25,'Recreo'),(4691,1,26,'San Buenaventura'),(4692,1,27,'San  Dimas'),(4693,1,28,'San Paco'),(4694,1,29,'San Roque'),(4695,1,30,'Santa Rogelia'),(4696,1,31,'Santa Rosa'),(4697,1,32,'Soley'),(4698,1,33,'Sonzapote'),(4699,1,34,'Tempatal'),(4700,1,35,'Vueltas.'),(4701,2,1,'Ángeles'),(4702,2,2,'Corrales Negros'),(4703,2,3,'Pueblo Nuevo'),(4704,2,4,''),(4705,2,5,'Argendora'),(4706,2,6,'Armenia'),(4707,2,7,'Belice'),(4708,2,8,'Bellavista'),(4709,2,9,'Brisas'),(4710,2,10,'Caoba'),(4711,2,11,'Esperanza'),(4712,2,12,'Flor del Norte'),(4713,2,13,'Lajosa'),(4714,2,14,'Marías'),(4715,2,15,'Palmares'),(4716,2,16,'San Antonio'),(4717,2,17,'San Cristóbal'),(4718,2,18,'San Rafael'),(4719,2,19,'San Vicente'),(4720,2,20,'Santa Elena'),(4721,2,21,'Sardina'),(4722,2,22,'Virgen.'),(4723,3,1,'Paraíso.'),(4724,3,2,'Agua Muerta'),(4725,3,3,'Andes'),(4726,3,4,'Asilo'),(4727,3,5,'Cañita'),(4728,3,6,'Carmen'),(4729,3,7,'Fortuna'),(4730,3,8,'Gloria'),(4731,3,9,'Guapinol'),(4732,3,10,'Inocentes'),(4733,3,11,'Lavaderos'),(4734,3,12,'Pochote'),(4735,3,13,'San Antonio'),(4736,3,14,'Tapesco.'),(4737,4,1,'Cedros'),(4738,4,2,'Guaria'),(4739,4,3,'Puerto Castilla'),(4740,4,4,'Rabo de Mico (Aguacaliente).'),(4741,1,1,'Ángeles'),(4742,1,2,'Arena'),(4743,1,3,'Ceiba'),(4744,1,4,'Cuesta Blanca'),(4745,1,5,'Libertad'),(4746,1,6,'Maravilla'),(4747,1,7,'Matambú'),(4748,1,8,'Palo de Jabón'),(4749,1,9,'Pilangosta'),(4750,1,10,'San Juan Bosco'),(4751,1,11,'San Rafael'),(4752,1,12,'Santa Elena (parte)'),(4753,1,13,'Varillal.'),(4754,2,1,'Altos del Socorro'),(4755,2,2,'Bajo Saltos'),(4756,2,3,'Cabrera'),(4757,2,4,'Cuesta Roja'),(4758,2,5,'Delicias'),(4759,2,6,'Guapinol'),(4760,2,7,'Loros'),(4761,2,8,'Mercedes'),(4762,2,9,'Palmares'),(4763,2,10,'Río Zapotal'),(4764,2,11,'San Isidro'),(4765,2,12,'Trinidad.'),(4766,3,1,'Angostura'),(4767,3,2,'Arbolito'),(4768,3,3,'Cuesta Malanoche'),(4769,3,4,'Estrada'),(4770,3,5,'Jobo'),(4771,3,6,'Lajas'),(4772,3,7,'Quebrada Bonita (parte)'),(4773,3,8,'San Miguel'),(4774,3,9,'Santa María.'),(4775,4,1,'Avellana'),(4776,4,2,'Pita Rayada'),(4777,4,3,'Río Blanco Oeste'),(4778,4,4,'Tres Quebradas.'),(4779,1,1,'Angostura'),(4780,1,2,'Carmen'),(4781,1,3,'Cocal'),(4782,1,4,'Playitas'),(4783,1,5,'Pochote'),(4784,1,6,'Pueblo Nuevo.'),(4785,1,7,'Isla Bejuco'),(4786,1,8,'Isla Caballo'),(4787,1,9,'Palmar.'),(4788,2,1,'Aranjuéz'),(4789,2,2,'Brillante (parte)'),(4790,2,3,'Cebadilla'),(4791,2,4,'Chapernal'),(4792,2,5,'Palermo'),(4793,2,6,'Pitahaya Vieja'),(4794,2,7,'Rancho Grande'),(4795,2,8,'San Marcos (parte)'),(4796,2,9,'Zapotal.'),(4797,3,1,'Alto Pie de Paloma'),(4798,3,2,'Cambalache'),(4799,3,3,'Cocoroca'),(4800,3,4,'Coyoles Motos'),(4801,3,5,'Don Jaime'),(4802,3,6,'Jarquín (parte)'),(4803,3,7,'Judas'),(4804,3,8,'Laberinto'),(4805,3,9,'Lagarto'),(4806,3,10,'Malinche'),(4807,3,11,'Morales'),(4808,3,12,'Pita'),(4809,3,13,'Playa Coco'),(4810,3,14,'Pocitos'),(4811,3,15,'Punta Morales'),(4812,3,16,'San Agustín'),(4813,3,17,'San Gerardo'),(4814,3,18,'Santa Juana'),(4815,3,19,'Sarmiento'),(4816,3,20,'Terrero'),(4817,3,21,'Vanegas'),(4818,3,22,'Yomalé.'),(4819,4,1,'Alto Fresca'),(4820,4,2,'Bajo Mora'),(4821,4,3,'Balsa'),(4822,4,4,'Balso'),(4823,4,5,'Bijagua'),(4824,4,6,'Brisas'),(4825,4,7,'Cabo Blanco'),(4826,4,8,'Camaronal'),(4827,4,9,'Cantil'),(4828,4,10,'Cañablancal'),(4829,4,11,'Cerro Frío'),(4830,4,12,'Cerro Indio'),(4831,4,13,'Cerro Pando'),(4832,4,14,'Corozal'),(4833,4,15,'Coto'),(4834,4,16,'Cuajiniquil'),(4835,4,17,'Chanchos'),(4836,4,18,'Chiqueros'),(4837,4,19,'Dominica'),(4838,4,20,'El Mora'),(4839,4,21,'Encanto'),(4840,4,22,'Fresca'),(4841,4,23,'Gloria'),(4842,4,24,'Golfo'),(4843,4,25,'Guabo'),(4844,4,26,'Guadalupe'),(4845,4,27,'Ilusión'),(4846,4,28,'Isla Venado'),(4847,4,29,'Jicaral'),(4848,4,30,'Juan de León'),(4849,4,31,'Milpa'),(4850,4,32,'Montaña Grande'),(4851,4,33,'Níspero'),(4852,4,34,'Nubes'),(4853,4,35,'Once Estrellas'),(4854,4,36,'Piedades'),(4855,4,37,'Pilas de Canjel'),(4856,4,38,'Punta de Cera'),(4857,4,39,'Río Seco'),(4858,4,40,'Sahíno'),(4859,4,41,'San Blas'),(4860,4,42,'San Miguel'),(4861,4,43,'San Miguel de Río Blanco'),(4862,4,44,'San Pedro'),(4863,4,45,'San Rafael'),(4864,4,46,'San Ramón de Río Blanco'),(4865,4,47,'Santa Rosa'),(4866,4,48,'Tigra'),(4867,4,49,'Tres Ríos'),(4868,4,50,'Tronconal'),(4869,4,51,'Unión'),(4870,4,52,'Vainilla.'),(4871,5,1,'Angeles'),(4872,5,2,'Astro Blanco'),(4873,5,3,'Bajo Negro'),(4874,5,4,'Cabeceras de Río Seco'),(4875,5,5,'Campiñas'),(4876,5,6,'Cerro Brujo'),(4877,5,7,'Concepción'),(4878,5,8,'Curú'),(4879,5,9,'Dulce Nombre'),(4880,5,10,'Espaveles'),(4881,5,11,'Esperanza'),(4882,5,12,'Flor'),(4883,5,13,'Gigante'),(4884,5,14,'Guaria'),(4885,5,15,'Higueronal'),(4886,5,16,'Isla Cedros'),(4887,5,17,'Isla Jesucita'),(4888,5,18,'Isla Tortuga'),(4889,5,19,'Leona'),(4890,5,20,'Mango'),(4891,5,21,'Naranjo'),(4892,5,22,'Pánica'),(4893,5,23,'Paraíso'),(4894,5,24,'Playa Blanca'),(4895,5,25,'Playa Cuchillo'),(4896,5,26,'Pochote'),(4897,5,27,'Punta del Río'),(4898,5,28,'Quebrada Bonita'),(4899,5,29,'Río Grande'),(4900,5,30,'Río Guarial'),(4901,5,31,'Río Seco'),(4902,5,32,'Rivas'),(4903,5,33,'San Fernando'),(4904,5,34,'San Luis'),(4905,5,35,'San Pedro'),(4906,5,36,'San Rafael'),(4907,5,37,'San Vicente'),(4908,5,38,'Santa Cecilia'),(4909,5,39,'Santa Lucía'),(4910,5,40,'Santa Rosa'),(4911,5,41,'Sonzapote'),(4912,5,42,'Tronco Negro'),(4913,5,43,'Valle Azul'),(4914,5,44,'Vueltas.'),(4915,6,1,'Abangaritos'),(4916,6,2,'Camarita'),(4917,6,3,'Costa de Pájaros'),(4918,6,4,'Coyolito (parte)'),(4919,6,5,'Cuesta Portillo.'),(4920,7,1,'Alto Méndez'),(4921,7,2,'Altos Fernández'),(4922,7,3,'Ángeles'),(4923,7,4,'Guaria'),(4924,7,5,'Lajón'),(4925,7,6,'San Antonio'),(4926,7,7,'Santa Rosa'),(4927,7,8,'Surtubal'),(4928,7,9,'Veracruz.'),(4929,8,1,'Rioja.'),(4930,8,2,'Obregón'),(4931,8,3,'San Joaquín'),(4932,8,4,'San Miguel'),(4933,8,5,'San Miguelito'),(4934,8,6,'Santa Ana.'),(4935,9,1,'Cerro Plano'),(4936,9,2,'Cuesta Blanca'),(4937,9,3,'Lindora'),(4938,9,4,'Llanos'),(4939,9,5,'Monte Verde'),(4940,9,6,'San Luis.'),(4941,11,1,'Abuela'),(4942,11,2,'Arío'),(4943,11,3,'Bajos de Arío'),(4944,11,4,'Bajos de Fernández'),(4945,11,5,'Bello Horizonte'),(4946,11,6,'Betel'),(4947,11,7,'Cabuya'),(4948,11,8,'Canaán'),(4949,11,9,'Cañada'),(4950,11,10,'Caño Seco Abajo'),(4951,11,11,'Caño Seco Arriba'),(4952,11,12,'Caño Seco Enmedio'),(4953,11,13,'Carmen'),(4954,11,14,'Cedro'),(4955,11,15,'Cerital'),(4956,11,16,'Cerro Buenavista'),(4957,11,17,'Cocal'),(4958,11,18,'Cocalito'),(4959,11,19,'Delicias'),(4960,11,20,'Malpaís'),(4961,11,21,'Montezuma'),(4962,11,22,'Muelle'),(4963,11,23,'Pachanga'),(4964,11,24,'Pavón'),(4965,11,25,'Pénjamo'),(4966,11,26,'Piedra Amarilla'),(4967,11,27,'Pita'),(4968,11,28,'Río Enmedio'),(4969,11,29,'Río Frío'),(4970,11,30,'Río Negro'),(4971,11,31,'San Antonio'),(4972,11,32,'San Isidro'),(4973,11,33,'San Jorge'),(4974,11,34,'San Ramón'),(4975,11,35,'Santa Clemencia'),(4976,11,36,'Santa Fe'),(4977,11,37,'Santa Teresa'),(4978,11,38,'Santiago'),(4979,11,39,'Tacotales'),(4980,11,40,'Tambor'),(4981,11,41,'Villalta.'),(4982,12,1,'Camboya'),(4983,12,2,'Carrizal'),(4984,12,3,'Chacarita'),(4985,12,4,'Chacarita Norte'),(4986,12,5,'Fertica'),(4987,12,6,'Fray Casiano'),(4988,12,7,'Huerto'),(4989,12,8,'Lindavista'),(4990,12,9,'Pueblo Redondo'),(4991,12,10,'Reyes'),(4992,12,11,'San Isidro'),(4993,12,12,'Santa Eduvigis'),(4994,12,13,'Tanque'),(4995,12,14,'Veinte de Noviembre.'),(4996,13,1,'Bocana'),(4997,13,2,'Lagartero'),(4998,13,3,'Montero'),(4999,13,4,'Pilas'),(5000,13,5,'Pochote'),(5001,13,6,'Puerto Coloradito'),(5002,13,7,'Puerto Mauricio'),(5003,13,8,'Puerto Palito.'),(5004,14,1,'Acapulco'),(5005,14,2,'Aranjuecito'),(5006,14,3,'Chapernalito'),(5007,14,4,'Claraboya'),(5008,14,5,'Coyolar'),(5009,14,6,'Quebrada Honda'),(5010,14,7,'San Marcos (parte).'),(5011,15,1,'Boca de Barranca'),(5012,15,2,'Chagüite'),(5013,15,3,'El Roble.'),(5014,16,1,'Poblados. Arancibia Norte'),(5015,16,2,'Arancibia Sur'),(5016,16,3,'Lagunas'),(5017,16,4,'Ojo de Agua'),(5018,16,5,'Rincón'),(5019,16,6,'San Martín Norte'),(5020,16,7,'San Martín Sur.'),(5021,1,1,'Marañonal (parte)'),(5022,1,2,'Mojón'),(5023,1,3,'Tejar.'),(5024,1,4,'Gregg'),(5025,1,5,'Humo'),(5026,1,6,'Mojoncito'),(5027,1,7,'Pan de Azúcar.'),(5028,2,1,'Jocote'),(5029,2,2,'Juanilama'),(5030,2,3,'San Juan Chiquito.'),(5031,3,1,'Marañonal (parte).'),(5032,3,2,'Bruselas'),(5033,3,3,'Guapinol'),(5034,3,4,'Nances'),(5035,3,5,'San Roque.'),(5036,4,1,'Alto Corteza'),(5037,4,2,'Barón'),(5038,4,3,'Facio'),(5039,4,4,'Llanada del Cacao'),(5040,4,5,'Maratón.'),(5041,5,1,'Cerrillos'),(5042,5,2,'Mesetas Abajo'),(5043,5,3,'Mesetas Arriba'),(5044,5,4,'Peña Blanca'),(5045,5,5,'Pretiles'),(5046,5,6,'Quebradas'),(5047,5,7,'Sabana Bonita.'),(5048,6,1,'Alto de Las Mesas'),(5049,6,2,'Artieda'),(5050,6,3,'Caldera'),(5051,6,4,'Cabezas'),(5052,6,5,'Cambalache'),(5053,6,6,'Cascabel'),(5054,6,7,'Corralillo'),(5055,6,8,'Cuesta Jocote'),(5056,6,9,'Figueroa'),(5057,6,10,'Finca Brazo Seco'),(5058,6,11,'Finca Cortijo'),(5059,6,12,'Guardianes de La Piedra'),(5060,6,13,'Hacienda La Moncha'),(5061,6,14,'Hacienda Mata de Guinea'),(5062,6,15,'Hacienda Playa Linda'),(5063,6,16,'Hacienda Salinas'),(5064,6,17,'Jesús María'),(5065,6,18,'Quebrada Honda'),(5066,6,19,'Salinas'),(5067,6,20,'San Antonio'),(5068,6,21,'Silencio'),(5069,6,22,'Tivives'),(5070,6,23,'Villanueva.'),(5071,1,1,'Alto Buenos Aires'),(5072,1,2,'Lomas.'),(5073,1,3,'Alto Alejo'),(5074,1,4,'Alto Brisas'),(5075,1,5,'Alto Calderón'),(5076,1,6,'Bajo Brisas'),(5077,1,7,'Bolas'),(5078,1,8,'Brujo'),(5079,1,9,'Cabagra (parte)'),(5080,1,10,'Caracol'),(5081,1,11,'Ceibo'),(5082,1,12,'Colepato'),(5083,1,13,'El Carmen'),(5084,1,14,'Guanacaste'),(5085,1,15,'Guadalupe'),(5086,1,16,'López'),(5087,1,17,'Los Altos'),(5088,1,18,'Llano Verde'),(5089,1,19,'Machomontes'),(5090,1,20,'Palmital'),(5091,1,21,'Paraíso (Ánimas)'),(5092,1,22,'Paso Verbá'),(5093,1,23,'Piñera'),(5094,1,24,'Platanares'),(5095,1,25,'Potrero Cerrado'),(5096,1,26,'Puente de Salitre'),(5097,1,27,'Río Azul'),(5098,1,28,'Salitre'),(5099,1,29,'San Carlos'),(5100,1,30,'San Luis (Florida)'),(5101,1,31,'San Miguel Este'),(5102,1,32,'San Miguel Oeste'),(5103,1,33,'San Vicente'),(5104,1,34,'Santa Cruz'),(5105,1,35,'Santa Eduvigis'),(5106,1,36,'Santa Marta'),(5107,1,37,'Sipar'),(5108,1,38,'Ujarrás'),(5109,1,39,'Villahermosa'),(5110,1,40,'Yheri.'),(5111,2,1,'Altamira'),(5112,2,2,'Ángel Arriba'),(5113,2,3,'Bajos del Río Grande'),(5114,2,4,'Cacao'),(5115,2,5,'Convento'),(5116,2,6,'Cordoncillo'),(5117,2,7,'Los Ángeles'),(5118,2,8,'Longo Mai'),(5119,2,9,'Peje'),(5120,2,10,'Quebradas'),(5121,2,11,'Río Grande'),(5122,2,12,'Sabanilla'),(5123,2,13,'Sonador'),(5124,2,14,'Tarise'),(5125,2,15,'Tres Ríos'),(5126,2,16,'Ultrapez.'),(5127,3,1,'Alto La Cruz.'),(5128,3,2,'Alto Tigre'),(5129,3,3,'Ángeles'),(5130,3,4,'Boca Limón'),(5131,3,5,'Brazos de Oro'),(5132,3,6,'Cabagra (parte)'),(5133,3,7,'Campo Alegre'),(5134,3,8,'Capri'),(5135,3,9,'Caracol'),(5136,3,10,'Caracucho'),(5137,3,11,'Clavera'),(5138,3,12,'Colegallo'),(5139,3,13,'Copal'),(5140,3,14,'Coto Brus (parte)'),(5141,3,15,'Cuesta Marañones'),(5142,3,16,'Delicias'),(5143,3,17,'Garrote'),(5144,3,18,'Guácimo'),(5145,3,19,'Guaria'),(5146,3,20,'Helechales'),(5147,3,21,'Jabillo'),(5148,3,22,'Jorón'),(5149,3,23,'Juntas'),(5150,3,24,'Lucha'),(5151,3,25,'Maravilla'),(5152,3,26,'Mesas'),(5153,3,27,'Mirador'),(5154,3,28,'Montelimar'),(5155,3,29,'Mosca'),(5156,3,30,'Palmira'),(5157,3,31,'Paso Real'),(5158,3,32,'Peje'),(5159,3,33,'Pita'),(5160,3,34,'Platanillal'),(5161,3,35,'Quijada'),(5162,3,36,'Río Coto'),(5163,3,37,'San Antonio'),(5164,3,38,'San Carlos'),(5165,3,39,'San Rafael de Cabagra'),(5166,3,40,'Santa Cecilia'),(5167,3,41,'Singri'),(5168,3,42,'Tablas'),(5169,3,43,'Tamarindo'),(5170,3,44,'Térraba'),(5171,3,45,'Tres Colinas'),(5172,3,46,'Tierras Negras'),(5173,3,47,'Volcancito'),(5174,3,48,'Vueltas.'),(5175,4,1,'Alto del Mojón'),(5176,4,2,'Bellavista'),(5177,4,3,'Cajón'),(5178,4,4,'Curré'),(5179,4,5,'Chamba'),(5180,4,6,'Changuenita'),(5181,4,7,'Doboncragua'),(5182,4,8,'Iguana'),(5183,4,9,'Kuibín'),(5184,4,10,'Lagarto'),(5185,4,11,'Mano de Tigre'),(5186,4,12,'Miravalles'),(5187,4,13,'Ojo de Agua (parte)'),(5188,4,14,'Presa'),(5189,4,15,'Puerto Nuevo'),(5190,4,16,'Sabanas (Barranco) (parte)'),(5191,4,17,'San Joaquín'),(5192,4,18,'Santa Cruz'),(5193,4,19,'Tigre'),(5194,4,20,'Tres Ríos.'),(5195,5,1,'Alto Pilas'),(5196,5,2,'Bajo Pilas'),(5197,5,3,'Bijagual'),(5198,5,4,'Ceibón'),(5199,5,5,'Concepción (La Danta)'),(5200,5,6,'Dibujada'),(5201,5,7,'Fortuna'),(5202,5,8,'La Gloria (Los Mangos)'),(5203,5,9,'Laguna'),(5204,5,10,'Ojo de Agua'),(5205,5,11,'Paso La Tinta'),(5206,5,12,'Pueblo Nuevo'),(5207,5,13,'Sabanas (Barranco parte)'),(5208,5,14,'Silencio'),(5209,5,15,'Tumbas.'),(5210,6,1,'Aguas Frescas'),(5211,6,2,'Alto Esmeralda'),(5212,6,3,'Ángeles'),(5213,6,4,'Bajo Dioses'),(5214,6,5,'Bajo Maíz'),(5215,6,6,'Bolsa'),(5216,6,7,'Cedral (Boquete)'),(5217,6,8,'Escuadra'),(5218,6,9,'Filadelfia (Aguabuena)'),(5219,6,10,'Guagaral'),(5220,6,11,'Jabillo'),(5221,6,12,'Jalisco'),(5222,6,13,'Laguna'),(5223,6,14,'Lajas'),(5224,6,15,'Maíz de Boruca'),(5225,6,16,'Mallal'),(5226,6,17,'Nubes'),(5227,6,18,'Ojo de Agua (parte)'),(5228,6,19,'San Luis'),(5229,6,20,'Virgen.'),(5230,7,1,'Alto Cacao'),(5231,7,2,'Bajo Mamey'),(5232,7,3,'Bonga'),(5233,7,4,'Cacique'),(5234,7,5,'Cantú'),(5235,7,6,'Cruces'),(5236,7,7,'Limón'),(5237,7,8,'Paraíso'),(5238,7,9,'Pataste'),(5239,7,10,'Pilón'),(5240,7,11,'Quebrada Bonita'),(5241,7,12,'San Luis'),(5242,7,13,'Santa Lucía'),(5243,7,14,'Santa María'),(5244,7,15,'Tres Ríos'),(5245,7,16,'Vegas de Chánguena'),(5246,7,17,'Vuelta Campana'),(5247,7,18,'Zapotal.'),(5248,8,1,'Almácigo'),(5249,8,2,'Altamira'),(5250,8,3,'Alto Sábalo'),(5251,8,4,'Bajo Sábalo'),(5252,8,5,'Bajos de Coto'),(5253,8,6,'Biolley'),(5254,8,7,'Carmen'),(5255,8,8,'Hamacas'),(5256,8,9,'Guayacán'),(5257,8,10,'Manzano'),(5258,8,11,'Naranjos'),(5259,8,12,'Puna.'),(5260,9,1,'Achiote'),(5261,9,2,'Alto Achiote'),(5262,9,3,'Cañas'),(5263,9,4,'Guadalajara'),(5264,9,5,'Llano Bonito'),(5265,9,6,'Oasis'),(5266,9,7,'San Rafael'),(5267,9,8,'Santa Cecilia'),(5268,9,9,'Santa María'),(5269,9,10,'Santa Rosa'),(5270,9,11,'Socorro.'),(5271,1,1,'Alto Pavones'),(5272,1,2,'Bajo Zamora'),(5273,1,3,'Barbudal'),(5274,1,4,'Bellavista'),(5275,1,5,'Brillante (parte)'),(5276,1,6,'Cabuyal'),(5277,1,7,'Delicias'),(5278,1,8,'Fraijanes'),(5279,1,9,'Lagunilla'),(5280,1,10,'Río Seco'),(5281,1,11,'Tajo Alto'),(5282,1,12,'Trinidad'),(5283,1,13,'Zagala Vieja'),(5284,1,14,'Zamora'),(5285,1,15,'Zapotal (parte).'),(5286,2,1,'Bajo Caliente (parte)'),(5287,2,2,'Cedral'),(5288,2,3,'Laguna'),(5289,2,4,'Micas'),(5290,2,5,'Palmital'),(5291,2,6,'San Buenaventura'),(5292,2,7,'Velásquez'),(5293,2,8,'Ventanas'),(5294,2,9,'Zagala Nueva.'),(5295,3,1,'Aguabuena'),(5296,3,2,'Ciruelas'),(5297,3,3,'Cuatro Cruces'),(5298,3,4,'Isla'),(5299,3,5,'Santa Rosa'),(5300,3,6,'Tiocinto.'),(5301,1,1,'Canadá'),(5302,1,2,'Cementerio'),(5303,1,3,'Cinco Esquinas'),(5304,1,4,'Precario'),(5305,1,5,'Pueblo Nuevo'),(5306,1,6,'Renacimiento'),(5307,1,7,'Yuca.'),(5308,1,8,'Balsar'),(5309,1,9,'Bocabrava'),(5310,1,10,'Bocachica'),(5311,1,11,'Cerrón'),(5312,1,12,'Coronado'),(5313,1,13,'Chontales'),(5314,1,14,'Delicias'),(5315,1,15,'Embarcadero'),(5316,1,16,'Fuente'),(5317,1,17,'Isla Sorpresa'),(5318,1,18,'Lindavista'),(5319,1,19,'Lourdes'),(5320,1,20,'Ojochal'),(5321,1,21,'Ojo de Agua'),(5322,1,22,'Parcelas'),(5323,1,23,'Pozo'),(5324,1,24,'Punta Mala'),(5325,1,25,'Punta Mala Arriba'),(5326,1,26,'San Buenaventura'),(5327,1,27,'San Juan'),(5328,1,28,'San Marcos'),(5329,1,29,'Tagual'),(5330,1,30,'Tortuga Abajo'),(5331,1,31,'Tres Ríos'),(5332,1,32,'Vista de Térraba.'),(5333,2,1,'Betania'),(5334,2,2,'Once de Abril'),(5335,2,3,'Palmar Sur.'),(5336,2,4,'Alemania'),(5337,2,5,'Alto Ángeles'),(5338,2,6,'Alto Encanto'),(5339,2,7,'Alto Montura'),(5340,2,8,'Bellavista'),(5341,2,9,'Calavera'),(5342,2,10,'Cansot'),(5343,2,11,'Cañablancal (Este)'),(5344,2,12,'Cañablancal (Oeste) Coobó (Progreso)'),(5345,2,13,'Coquito'),(5346,2,14,'Gorrión'),(5347,2,15,'Jalaca (parte)'),(5348,2,16,'Olla Cero'),(5349,2,17,'Palma'),(5350,2,18,'Paraíso'),(5351,2,19,'Primero de Marzo'),(5352,2,20,'Puerta del Sol'),(5353,2,21,'San Cristóbal'),(5354,2,22,'San Francisco (Tinoco)'),(5355,2,23,'San Gabriel'),(5356,2,24,'San Isidro'),(5357,2,25,'San Rafael'),(5358,2,26,'Santa Elena'),(5359,2,27,'Silencio'),(5360,2,28,'Trocha'),(5361,2,29,'Vergel'),(5362,2,30,'Victoria'),(5363,2,31,'Zapote.'),(5364,3,1,'Ajuntaderas'),(5365,3,2,'Alto Los Mogos'),(5366,3,3,'Alto San Juan'),(5367,3,4,'Bahía Chal'),(5368,3,5,'Bajos Matías'),(5369,3,6,'Barco'),(5370,3,7,'Bejuco'),(5371,3,8,'Boca Chocuaco'),(5372,3,9,'Gallega'),(5373,3,10,'Camíbar'),(5374,3,11,'Campo de Aguabuena'),(5375,3,12,'Cantarrana'),(5376,3,13,'Charcos'),(5377,3,14,'Chocuaco'),(5378,3,15,'Garrobo'),(5379,3,16,'Guabos'),(5380,3,17,'Isidora'),(5381,3,18,'Islotes'),(5382,3,19,'Jalaca (parte)'),(5383,3,20,'Julia'),(5384,3,21,'Miramar'),(5385,3,22,'Mogos'),(5386,3,23,'Monterrey'),(5387,3,24,'Playa Palma'),(5388,3,25,'Playitas'),(5389,3,26,'Potrero'),(5390,3,27,'Puerto Escondido'),(5391,3,28,'Rincón'),(5392,3,29,'Sábalo'),(5393,3,30,'San Gerardo'),(5394,3,31,'San Juan'),(5395,3,32,'Taboga'),(5396,3,33,'Taboguita'),(5397,3,34,'Tigre'),(5398,3,35,'Varillal.'),(5399,4,1,'Bahía'),(5400,4,2,'Ballena'),(5401,4,3,'Brisas'),(5402,4,4,'Cambutal'),(5403,4,5,'Dominical'),(5404,4,6,'Dominicalito'),(5405,4,7,'Escaleras'),(5406,4,8,'Piedra Achiote'),(5407,4,9,'Piñuela'),(5408,4,10,'Playa Hermosa'),(5409,4,11,'Poza Azul'),(5410,4,12,'Puerto Nuevo'),(5411,4,13,'Quebrada Grande'),(5412,4,14,'Rocas Amancio'),(5413,4,15,'San Josecito'),(5414,4,16,'San Martín'),(5415,4,17,'Tortuga Arriba'),(5416,4,18,'Ventanas.'),(5417,5,1,'Ángeles'),(5418,5,2,'Bellavista'),(5419,5,3,'Calera'),(5420,5,4,'Cerro Oscuro'),(5421,5,5,'Chacarita'),(5422,5,6,'Fila'),(5423,5,7,'Finca Alajuela'),(5424,5,8,'Finca Guanacaste'),(5425,5,9,'Finca Puntarenas'),(5426,5,10,'Florida'),(5427,5,11,'Guaria'),(5428,5,12,'Kilómetro 40'),(5429,5,13,'Navidad'),(5430,5,14,'Nubes'),(5431,5,15,'Porvenir'),(5432,5,16,'Rincón Caliente'),(5433,5,17,'Salamá'),(5434,5,18,'San Martín'),(5435,5,19,'Santa Cecilia'),(5436,5,20,'Santa Rosa'),(5437,5,21,'Sinaí'),(5438,5,22,'Venecia'),(5439,5,23,'Villa Bonita'),(5440,5,24,'Villa Colón.'),(5441,6,1,'Ángeles'),(5442,6,2,'Banegas'),(5443,6,3,'Boca Ganado'),(5444,6,4,'Campanario'),(5445,6,5,'Caletas'),(5446,6,6,'Guerra'),(5447,6,7,'Planes'),(5448,6,8,'Progreso'),(5449,6,9,'Quebrada Ganado'),(5450,6,10,'Rancho Quemado'),(5451,6,11,'Riyito'),(5452,6,12,'San                   Josecito (Rincón)'),(5453,6,13,'San Pedrillo.'),(5454,1,1,'Boca Vieja'),(5455,1,2,'Cocal'),(5456,1,3,'Colinas del Este'),(5457,1,4,'Inmaculada'),(5458,1,5,'Junta Naranjo'),(5459,1,6,'La Zona'),(5460,1,7,'Rancho Grande.'),(5461,1,8,'Anita'),(5462,1,9,'Bartolo'),(5463,1,10,'Boca Naranjo'),(5464,1,11,'Cañas'),(5465,1,12,'Cañitas'),(5466,1,13,'Cerritos'),(5467,1,14,'Cerros'),(5468,1,15,'Damas'),(5469,1,16,'Delicias'),(5470,1,17,'Espadilla'),(5471,1,18,'Estero Damas'),(5472,1,19,'Estero Garita'),(5473,1,20,'Gallega'),(5474,1,21,'Llamarón'),(5475,1,22,'Llorona'),(5476,1,23,'Managua'),(5477,1,24,'Manuel Antonio'),(5478,1,25,'Marítima'),(5479,1,26,'Mona'),(5480,1,27,'Papaturro'),(5481,1,28,'Paquita'),(5482,1,29,'Pastora'),(5483,1,30,'Quebrada Azul'),(5484,1,31,'Rey'),(5485,1,32,'Ríos'),(5486,1,33,'Roncador'),(5487,1,34,'San Rafael.'),(5488,2,1,'Dos Bocas'),(5489,2,2,'Guabas'),(5490,2,3,'Guápil'),(5491,2,4,'Hatillo Nuevo'),(5492,2,5,'Hatillo Viejo'),(5493,2,6,'Laguna'),(5494,2,7,'Nubes'),(5495,2,8,'Palma Quemada'),(5496,2,9,'Pasito'),(5497,2,10,'Paso'),(5498,2,11,'Paso Guanacaste'),(5499,2,12,'Platanillo'),(5500,2,13,'Playa Matapalo'),(5501,2,14,'Portalón'),(5502,2,15,'Punto de Mira'),(5503,2,16,'Salitral'),(5504,2,17,'Salsipuedes'),(5505,2,18,'San Andrés'),(5506,2,19,'Santo Domingo'),(5507,2,20,'Silencio'),(5508,2,21,'Tierras Morenas'),(5509,2,22,'Tres Piedras (parte).'),(5510,3,1,'Bijagual'),(5511,3,2,'Buenos Aires'),(5512,3,3,'Capital'),(5513,3,4,'Concepción'),(5514,3,5,'Cotos'),(5515,3,6,'Londres'),(5516,3,7,'Negro'),(5517,3,8,'Pascua'),(5518,3,9,'Paso Indios'),(5519,3,10,'Paso Real'),(5520,3,11,'Sábalo'),(5521,3,12,'Santa Juana'),(5522,3,13,'Tocorí'),(5523,3,14,'Villanueva.'),(5524,1,1,'Alamedas'),(5525,1,2,'Bellavista'),(5526,1,3,'Bolsa'),(5527,1,4,'Disco'),(5528,1,5,'Kilómetro 1'),(5529,1,6,'Kilómetro 2'),(5530,1,7,'Kilómetro 3'),(5531,1,8,'Laguna'),(5532,1,9,'Llano Bonito'),(5533,1,10,'Minerva'),(5534,1,11,'Naranjal'),(5535,1,12,'Oasis de Esperanza'),(5536,1,13,'Parroquial'),(5537,1,14,'Pueblo Civil'),(5538,1,15,'Rotonda'),(5539,1,16,'San Andrés'),(5540,1,17,'San Martín'),(5541,1,18,'Zona Gris.'),(5542,1,19,'Aguada'),(5543,1,20,'Ánimas'),(5544,1,21,'Atrocho'),(5545,1,22,'Bajo Chontales'),(5546,1,23,'Bajo de Coto'),(5547,1,24,'Bajo Grapa'),(5548,1,25,'Bajo Mansito'),(5549,1,26,'Bajo Sucio'),(5550,1,27,'Bajos de Cañablanca'),(5551,1,28,'Cuarenta y Cinco'),(5552,1,29,'Dos Ríos'),(5553,1,30,'Esperanza de Coto'),(5554,1,31,'Gallardo'),(5555,1,32,'Huacas'),(5556,1,33,'Jorge Brenes Durán'),(5557,1,34,'Kilómetro 5'),(5558,1,35,'Kilómetro 7'),(5559,1,36,'Kilómetro 9'),(5560,1,37,'Kilómetro 16'),(5561,1,38,'Kilómetro 20'),(5562,1,39,'Kilómetro 24'),(5563,1,40,'Manuel Tucker Martínez'),(5564,1,41,'Mona'),(5565,1,42,'Nazaret'),(5566,1,43,'Paso Higuerón'),(5567,1,44,'Playa Cacao'),(5568,1,45,'Puerto Escondido'),(5569,1,46,'Puntarenitas'),(5570,1,47,'Purruja'),(5571,1,48,'Rancho Relámpago'),(5572,1,49,'Riyito'),(5573,1,50,'Saladero'),(5574,1,51,'Saladerito'),(5575,1,52,'San Francisco'),(5576,1,53,'San Josecito'),(5577,1,54,'Torres'),(5578,1,55,'Trenzas'),(5579,1,56,'Unión de Coto'),(5580,1,57,'Ureña'),(5581,1,58,'Valle Bonito'),(5582,1,59,'Viquilla Dos.'),(5583,2,1,'Pueblo Nuevo.'),(5584,2,2,'Aguabuena'),(5585,2,3,'Agujas'),(5586,2,4,'Miramar (Altos Corozal)'),(5587,2,5,'Amapola'),(5588,2,6,'Balsa'),(5589,2,7,'Bambú'),(5590,2,8,'Barrigones'),(5591,2,9,'Barrio Bonito'),(5592,2,10,'Boca Gallardo'),(5593,2,11,'Cañaza'),(5594,2,12,'Carate'),(5595,2,13,'Carbonera'),(5596,2,14,'Cerro de Oro'),(5597,2,15,'Dos Brazos'),(5598,2,16,'Guadalupe'),(5599,2,17,'Independencia'),(5600,2,18,'Lajitas'),(5601,2,19,'Ñeque'),(5602,2,20,'Palma'),(5603,2,21,'Paloseco'),(5604,2,22,'Playa Blanca'),(5605,2,23,'Playa Tigre'),(5606,2,24,'Puerto Escondido'),(5607,2,25,'Quebrada Latarde'),(5608,2,26,'Río Nuevo'),(5609,2,27,'Río Oro'),(5610,2,28,'Río Piro (Coyunda)'),(5611,2,29,'Sándalo'),(5612,2,30,'San Miguel'),(5613,2,31,'Sombrero'),(5614,2,32,'Terrones'),(5615,2,33,'Tigre.'),(5616,3,1,'Santiago.'),(5617,3,2,'Bajo Bonita'),(5618,3,3,'Bajo Cedros'),(5619,3,4,'Buenavista'),(5620,3,5,'Cerro Café'),(5621,3,6,'Chiqueros'),(5622,3,7,'Delicias'),(5623,3,8,'El Alto'),(5624,3,9,'Esperanza'),(5625,3,10,'Gamba'),(5626,3,11,'Kilómetro 29'),(5627,3,12,'Kilómetro 33'),(5628,3,13,'La Julieta'),(5629,3,14,'Santiago de Caracol'),(5630,3,15,'Tigre (Caracol Norte)'),(5631,3,16,'Valle Cedros'),(5632,3,17,'Vegas de Río Claro'),(5633,3,18,'Villa Briceño'),(5634,3,19,'Viquilla Uno.'),(5635,4,1,'Altos de Conte'),(5636,4,2,'Banco'),(5637,4,3,'Burica'),(5638,4,4,'Clarita'),(5639,4,5,'Cocal Amarillo'),(5640,4,6,'Cuervito'),(5641,4,7,'Escuadra'),(5642,4,8,'Esperanza de Sábalos'),(5643,4,9,'Estero Colorado'),(5644,4,10,'Estrella'),(5645,4,11,'Flor de Coto'),(5646,4,12,'Fortuna de Coto'),(5647,4,13,'Guaymí'),(5648,4,14,'Higo'),(5649,4,15,'Jardín'),(5650,4,16,'La Virgen'),(5651,4,17,'Lindamar'),(5652,4,18,'Manzanillo'),(5653,4,19,'Pavones'),(5654,4,20,'Peñas'),(5655,4,21,'Peñita'),(5656,4,22,'Puerto Pilón'),(5657,4,23,'Puesto La Playa'),(5658,4,24,'Punta Banco'),(5659,4,25,'Quebrada Honda'),(5660,4,26,'Riviera'),(5661,4,27,'Sábalos'),(5662,4,28,'Tigrito'),(5663,4,29,'Unión del Sur'),(5664,4,30,'Vanegas'),(5665,4,31,'Yerba'),(5666,4,32,'Zancudo.'),(5667,1,1,'Canadá'),(5668,1,2,'María Auxiliadora'),(5669,1,3,'Tres Ríos.'),(5670,1,4,'Aguas Claras'),(5671,1,5,'Bajo Reyes'),(5672,1,6,'Bajo Venado'),(5673,1,7,'Barrantes'),(5674,1,8,'Ceibo'),(5675,1,9,'Cruces'),(5676,1,10,'Cuenca de Oro'),(5677,1,11,'Danto'),(5678,1,12,'Fila Guinea'),(5679,1,13,'Isla'),(5680,1,14,'Lindavista'),(5681,1,15,'Lourdes'),(5682,1,16,'Maravilla'),(5683,1,17,'Piedra Pintada'),(5684,1,18,'San Joaquín'),(5685,1,19,'Santa Clara'),(5686,1,20,'Torre Alta.'),(5687,2,1,'Ángeles'),(5688,2,2,'Brasilia'),(5689,2,3,'Casablanca'),(5690,2,4,'Chanchera'),(5691,2,5,'El Gallo'),(5692,2,6,'Juntas'),(5693,2,7,'La Esmeralda'),(5694,2,8,'Lucha'),(5695,2,9,'Mellizas'),(5696,2,10,'Miraflores'),(5697,2,11,'Piedra de Candela'),(5698,2,12,'Plantel'),(5699,2,13,'Porto Llano'),(5700,2,14,'Primavera'),(5701,2,15,'Progreso'),(5702,2,16,'Providencia'),(5703,2,17,'Pueblo Nuevo'),(5704,2,18,'Río Negro'),(5705,2,19,'Río Sereno'),(5706,2,20,'San Antonio'),(5707,2,21,'San Bosco'),(5708,2,22,'San Francisco'),(5709,2,23,'San Luis'),(5710,2,24,'San Marcos'),(5711,2,25,'San Miguel'),(5712,2,26,'San Rafael'),(5713,2,27,'San Ramón'),(5714,2,28,'Santa Rosa'),(5715,2,29,'Santa Teresa'),(5716,2,30,'Tigra'),(5717,2,31,'Trinidad'),(5718,2,32,'Unión'),(5719,2,33,'Valle Hermoso.'),(5720,3,1,'Bello Oriente'),(5721,3,2,'Campo Tres'),(5722,3,3,'Cañas Gordas'),(5723,3,4,'Concepción'),(5724,3,5,'Copabuena'),(5725,3,6,'Copal'),(5726,3,7,'Fila Zapote'),(5727,3,8,'Metaponto'),(5728,3,9,'Pilares'),(5729,3,10,'Pueblo Nuevo'),(5730,3,11,'Quebrada Bonita'),(5731,3,12,'Río Salto'),(5732,3,13,'San Francisco'),(5733,3,14,'San Gabriel'),(5734,3,15,'San Pedro'),(5735,3,16,'Santa Cecilia'),(5736,3,17,'Santa Marta'),(5737,3,18,'Santo Domingo'),(5738,3,19,'Valle Azul.'),(5739,4,1,'Aguacate'),(5740,4,2,'Alto Limoncito'),(5741,4,3,'Ángeles'),(5742,4,4,'Bonanza'),(5743,4,5,'Brusmalis'),(5744,4,6,'Chiva'),(5745,4,7,'Desamparados'),(5746,4,8,'Esperanza'),(5747,4,9,'Fila'),(5748,4,10,'Manchuria'),(5749,4,11,'Sabanilla'),(5750,4,12,'San Gerardo'),(5751,4,13,'San Juan'),(5752,4,14,'San Miguel'),(5753,4,15,'San Rafael'),(5754,4,16,'Santa Marta'),(5755,4,17,'Santa Rita'),(5756,4,18,'Unión'),(5757,4,19,'Valle'),(5758,4,20,'Villapalacios'),(5759,4,21,'Zumbona.'),(5760,5,1,'Aguacaliente'),(5761,5,2,'Camaquiri'),(5762,5,3,'Cocorí'),(5763,5,4,'Coto Brus (parte)'),(5764,5,5,'Fila Méndez'),(5765,5,6,'Fila Naranjo'),(5766,5,7,'Fila Tigre'),(5767,5,8,'Marías'),(5768,5,9,'Monterrey'),(5769,5,10,'Palmira'),(5770,5,11,'Santa Fe.'),(5771,6,1,'Alpha'),(5772,6,2,'Alturas de Cotón'),(5773,6,3,'Brisas'),(5774,6,4,'Fila Pinar'),(5775,6,5,'Fila San Rafael'),(5776,6,6,'Flor del Roble'),(5777,6,7,'Guinea Arriba'),(5778,6,8,'La Administración'),(5779,6,9,'Libertad'),(5780,6,10,'Poma'),(5781,6,11,'Río Marzo'),(5782,6,12,'Roble'),(5783,6,13,'Roble Arriba'),(5784,6,14,'Siete Colinas.'),(5785,1,1,'Julieta'),(5786,1,2,'Pueblo Nuevo.'),(5787,1,3,'Alto Camacho'),(5788,1,4,'Ángeles'),(5789,1,5,'Bajos Jicote'),(5790,1,6,'Bambú'),(5791,1,7,'Bandera'),(5792,1,8,'Barbudal'),(5793,1,9,'Bejuco'),(5794,1,10,'Boca del Parrita'),(5795,1,11,'Carmen (parte)'),(5796,1,12,'Chires'),(5797,1,13,'Chires Arriba'),(5798,1,14,'Chirraca Abajo'),(5799,1,15,'Chirraca Arriba'),(5800,1,16,'Esterillos Centro'),(5801,1,17,'Esterillos Este'),(5802,1,18,'Esterillos Oeste'),(5803,1,19,'Fila Surubres'),(5804,1,20,'Guapinol'),(5805,1,21,'Higuito'),(5806,1,22,'I Griega'),(5807,1,23,'Isla Damas'),(5808,1,24,'Isla Palo Seco'),(5809,1,25,'Jicote'),(5810,1,26,'Loma'),(5811,1,27,'Mesas'),(5812,1,28,'Palmas'),(5813,1,29,'Palo Seco'),(5814,1,30,'Pirrís'),(5815,1,31,'Playa Palma'),(5816,1,32,'Playón'),(5817,1,33,'Playón Sur'),(5818,1,34,'Pirrís (Las Parcelas)'),(5819,1,35,'Pocares'),(5820,1,36,'Pocarito'),(5821,1,37,'Porvenir'),(5822,1,38,'Punta Judas'),(5823,1,39,'Rincón Morales'),(5824,1,40,'Río Negro (parte)'),(5825,1,41,'Río Seco'),(5826,1,42,'San Antonio'),(5827,1,43,'San Bosco'),(5828,1,44,'San Gerardo'),(5829,1,45,'San Isidro'),(5830,1,46,'San Juan'),(5831,1,47,'San Julián'),(5832,1,48,'San Rafael Norte'),(5833,1,49,'Sardinal'),(5834,1,50,'Sardinal Sur'),(5835,1,51,'Surubres'),(5836,1,52,'Teca'),(5837,1,53,'Tigre'),(5838,1,54,'Turbio'),(5839,1,55,'Valle Vasconia'),(5840,1,56,'Vueltas.'),(5841,1,1,'Bosque'),(5842,1,2,'Caño Seco'),(5843,1,3,'Capri'),(5844,1,4,'Carmen'),(5845,1,5,'Corredor'),(5846,1,6,'Progreso'),(5847,1,7,'San Juan'),(5848,1,8,'Valle del Sur.'),(5849,1,9,'Abrojo'),(5850,1,10,'Aguilares'),(5851,1,11,'Alto Limoncito'),(5852,1,12,'Bajo Indios'),(5853,1,13,'Betel'),(5854,1,14,'Cacoragua'),(5855,1,15,'Campiña'),(5856,1,16,'Campo Dos'),(5857,1,17,'Campo Dos y Medio'),(5858,1,18,'Cañada'),(5859,1,19,'Caracol Sur'),(5860,1,20,'Castaños'),(5861,1,21,'Coloradito'),(5862,1,22,'Concordia'),(5863,1,23,'Coto 42'),(5864,1,24,'Coto 44'),(5865,1,25,'Coto 45'),(5866,1,26,'Coto 47'),(5867,1,27,'Coto 49'),(5868,1,28,'Coto 50-51'),(5869,1,29,'Coto 52-53'),(5870,1,30,'Cuesta Fila de Cal'),(5871,1,31,'Estrella del Sur'),(5872,1,32,'Florida'),(5873,1,33,'Fortuna'),(5874,1,34,'Kilómetro 10'),(5875,1,35,'Miramar'),(5876,1,36,'Montezuma'),(5877,1,37,'Nubes'),(5878,1,38,'Pangas'),(5879,1,39,'Planes'),(5880,1,40,'Pueblo Nuevo'),(5881,1,41,'Río Bonito'),(5882,1,42,'Río Nuevo (Norte)'),(5883,1,43,'Río Nuevo (Sur)'),(5884,1,44,'San Antonio Abajo'),(5885,1,45,'San Francisco'),(5886,1,46,'San Josecito'),(5887,1,47,'San Rafael'),(5888,1,48,'Santa Cecilia'),(5889,1,49,'Santa Marta (parte)'),(5890,1,50,'Santa Rita'),(5891,1,51,'Tropezón'),(5892,1,52,'Unión'),(5893,1,53,'Vegas de Abrojo'),(5894,1,54,'Villa Roma.'),(5895,2,1,'Canoas Abajo (parte)'),(5896,2,2,'Control'),(5897,2,3,'Cuervito'),(5898,2,4,'Chorro.'),(5899,3,1,'Lotes (San Jorge).'),(5900,3,2,'Altos del Brujo'),(5901,3,3,'Bajo Brujo'),(5902,3,4,'Bajo'),(5903,3,5,'Barrionuevo'),(5904,3,6,'Canoas Abajo (parte)'),(5905,3,7,'Canoas Arriba'),(5906,3,8,'Cañaza'),(5907,3,9,'Cerro Brujo'),(5908,3,10,'Colorado'),(5909,3,11,'Chiva'),(5910,3,12,'Darizara'),(5911,3,13,'Gloria'),(5912,3,14,'Guay'),(5913,3,15,'Guayabal'),(5914,3,16,'Mariposa'),(5915,3,17,'Níspero'),(5916,3,18,'Palma'),(5917,3,19,'Paso Canoas'),(5918,3,20,'San Antonio'),(5919,3,21,'San Isidro'),(5920,3,22,'San Martín'),(5921,3,23,'San Miguel'),(5922,3,24,'Santa Marta (parte)'),(5923,3,25,'Veguitas de Colorado'),(5924,3,26,'Veracruz'),(5925,3,27,'Villas de Darizara.'),(5926,4,1,'Alto Vaquita'),(5927,4,2,'Bambito'),(5928,4,3,'Bella Luz'),(5929,4,4,'Bijagual'),(5930,4,5,'Caimito'),(5931,4,6,'Cangrejo Verde'),(5932,4,7,'Caracol de la Vaca'),(5933,4,8,'Cariari'),(5934,4,9,'Caucho'),(5935,4,10,'Cenizo'),(5936,4,11,'Colonia Libertad'),(5937,4,12,'Coyoche'),(5938,4,13,'Jobo Civil'),(5939,4,14,'Kilómetro 22'),(5940,4,15,'Kilómetro 25'),(5941,4,16,'Kilómetro 27'),(5942,4,17,'Kilómetro 29'),(5943,4,18,'Mango'),(5944,4,19,'Pueblo de Dios'),(5945,4,20,'Puerto González Víquez'),(5946,4,21,'Río Incendio'),(5947,4,22,'Roble'),(5948,4,23,'San Juan'),(5949,4,24,'Santa Lucía'),(5950,4,25,'Tamarindo'),(5951,4,26,'Vaca (Santa Rosa)'),(5952,4,27,'Vereh'),(5953,4,28,'Zaragoza.'),(5954,1,1,'Agujitas'),(5955,1,2,'Buenos Aires'),(5956,1,3,'Cañablancal'),(5957,1,4,'Cerro Fresco'),(5958,1,5,'Herradura'),(5959,1,6,'Mona'),(5960,1,7,'Playa Hermosa'),(5961,1,8,'Playa Herradura'),(5962,1,9,'Pochotal'),(5963,1,10,'Puerto Escondido'),(5964,1,11,'Quebrada Amarilla'),(5965,1,12,'San Antonio'),(5966,1,13,'Turrubaritos'),(5967,1,14,'Tusubres.'),(5968,2,1,'Agujas'),(5969,2,2,'Bajamar'),(5970,2,3,'Bellavista'),(5971,2,4,'Caletas'),(5972,2,5,'Camaronal'),(5973,2,6,'Camaronal Arriba'),(5974,2,7,'Capulín'),(5975,2,8,'Carrizal de Bajamar'),(5976,2,9,'Guacalillo'),(5977,2,10,'Mantas'),(5978,2,11,'Nambí'),(5979,2,12,'Peñón de Tivives'),(5980,2,13,'Pigres'),(5981,2,14,'Pita'),(5982,2,15,'Playa Azul'),(5983,2,16,'Pógeres'),(5984,2,17,'Puerto Peje'),(5985,2,18,'Punta Leona'),(5986,2,19,'Tárcoles'),(5987,2,20,'Tarcolitos.'),(5988,1,1,'Bellavista'),(5989,1,2,'Bohío'),(5990,1,3,'Bosque'),(5991,1,4,'Buenos Aires'),(5992,1,5,'Cangrejos'),(5993,1,6,'Cariari'),(5994,1,7,'Cerro Mocho'),(5995,1,8,'Cielo Amarillo'),(5996,1,9,'Cieneguita'),(5997,1,10,'Colina'),(5998,1,11,'Corales'),(5999,1,12,'Cruce'),(6000,1,13,'Fortín'),(6001,1,14,'Garrón'),(6002,1,15,'Hospital'),(6003,1,16,'Jamaica Town'),(6004,1,17,'Japdeva'),(6005,1,18,'Laureles'),(6006,1,19,'Limoncito'),(6007,1,20,'Lirios'),(6008,1,21,'Moín'),(6009,1,22,'Piuta'),(6010,1,23,'Portete'),(6011,1,24,'Pueblo Nuevo'),(6012,1,25,'San Juan'),(6013,1,26,'Santa Eduvigis'),(6014,1,27,'Trinidad'),(6015,1,28,'Veracruz.'),(6016,1,29,'Buenos Aires'),(6017,1,30,'Cocal'),(6018,1,31,'Dos Bocas'),(6019,1,32,'Empalme Moín'),(6020,1,33,'Milla Nueve'),(6021,1,34,'Santa Rosa'),(6022,1,35,'Valle La Aurora'),(6023,1,36,'Villas del Mar Uno'),(6024,1,37,'Villas del Mar Dos'),(6025,1,38,'Villa Hermosa.'),(6026,2,1,'Colonia'),(6027,2,2,'Finca Ocho'),(6028,2,3,'Guaria'),(6029,2,4,'Loras'),(6030,2,5,'Pandora Oeste'),(6031,2,6,'Río Ley.'),(6032,2,7,'Alsacia'),(6033,2,8,'Armenia'),(6034,2,9,'Atalanta'),(6035,2,10,'Bananito Sur'),(6036,2,11,'Boca Cuen'),(6037,2,12,'Boca Río Estrella'),(6038,2,13,'Bocuare'),(6039,2,14,'Bonifacio'),(6040,2,15,'Brisas'),(6041,2,16,'Buenavista'),(6042,2,17,'Burrico'),(6043,2,18,'Calveri'),(6044,2,19,'Caño Negro'),(6045,2,20,'Cartagena'),(6046,2,21,'Casa Amarilla'),(6047,2,22,'Cerere'),(6048,2,23,'Concepción'),(6049,2,24,'Cuen'),(6050,2,25,'Chirripó Abajo (parte)'),(6051,2,26,'Durfuy (San Miguel)'),(6052,2,27,'Duruy'),(6053,2,28,'Fortuna'),(6054,2,29,'Gavilán'),(6055,2,30,'Hueco'),(6056,2,31,'I Griega'),(6057,2,32,'Jabuy'),(6058,2,33,'Llano Grande'),(6059,2,34,'Manú'),(6060,2,35,'Miramar'),(6061,2,36,'Moi (San Vicente)'),(6062,2,37,'Nanabre'),(6063,2,38,'Nubes'),(6064,2,39,'Penshurt'),(6065,2,40,'Pléyades'),(6066,2,41,'Porvenir'),(6067,2,42,'Progreso'),(6068,2,43,'Río Seco'),(6069,2,44,'San Andrés'),(6070,2,45,'San Carlos'),(6071,2,46,'San Clemente'),(6072,2,47,'San Rafael'),(6073,2,48,'Suruy'),(6074,2,49,'Talía'),(6075,2,50,'Tobruk'),(6076,2,51,'Tuba Creek (parte)'),(6077,2,52,'Valle de las Rosas'),(6078,2,53,'Vegas de Cerere'),(6079,2,54,'Vesta.'),(6080,2,55,'Brisas'),(6081,2,56,'Brisas de Veragua'),(6082,2,57,'Búfalo'),(6083,2,58,'Limón 2000'),(6084,2,59,'Loma Linda'),(6085,2,60,'México'),(6086,2,61,'Milla 9'),(6087,2,62,'Miravalles'),(6088,2,63,'Río Blanco'),(6089,2,64,'Río Cedro'),(6090,2,65,'Río Madre'),(6091,2,66,'Río Quito'),(6092,2,67,'Río Victoria'),(6093,2,68,'Sandoval'),(6094,2,69,'Santa Rita'),(6095,2,70,'Victoria.'),(6096,4,1,'Aguas Zarcas'),(6097,4,2,'Asunción'),(6098,4,3,'Bananito Norte'),(6099,4,4,'Bearesem'),(6100,4,5,'Beverley'),(6101,4,6,'Calle Tranvía'),(6102,4,7,'Castillo Nuevo'),(6103,4,8,'Dondonia'),(6104,4,9,'Filadelfia Norte'),(6105,4,10,'Filadelfia Sur'),(6106,4,11,'Kent'),(6107,4,12,'María Luisa'),(6108,4,13,'Mountain Cow'),(6109,4,14,'Paraíso'),(6110,4,15,'Polonia'),(6111,4,16,'Quitaría'),(6112,4,17,'Río Banano'),(6113,4,18,'San Cecilio'),(6114,4,19,'Tigre'),(6115,4,20,'Trébol'),(6116,4,21,'Westfalia.'),(6117,1,1,'Ángeles'),(6118,1,2,'Calle Vargas'),(6119,1,3,'Cacique'),(6120,1,4,'Cecilia'),(6121,1,5,'Coopevigua'),(6122,1,6,'Diamantes'),(6123,1,7,'Emilia'),(6124,1,8,'Floresta'),(6125,1,9,'Garabito'),(6126,1,10,'Jesús'),(6127,1,11,'Palma Dorada'),(6128,1,12,'Palmera'),(6129,1,13,'San Miguel'),(6130,1,14,'Sauces'),(6131,1,15,'Toro Amarillo.'),(6132,1,16,'Blanco'),(6133,1,17,'Calle Ángeles'),(6134,1,18,'Calle Gobierno'),(6135,1,19,'Corinto'),(6136,1,20,'Flores'),(6137,1,21,'La Guaria'),(6138,1,22,'Marina'),(6139,1,23,'Rancho Redondo.'),(6140,2,1,'Granja'),(6141,2,2,'Molino'),(6142,2,3,'Numancia'),(6143,2,4,'Santa Clara.'),(6144,2,5,'Anita Grande'),(6145,2,6,'Calle Diez'),(6146,2,7,'Calle Emilia'),(6147,2,8,'Calle Seis'),(6148,2,9,'Calle Uno'),(6149,2,10,'Condado del Río'),(6150,2,11,'Floritas'),(6151,2,12,'Parasal'),(6152,2,13,'San Luis'),(6153,2,14,'San Martín'),(6154,2,15,'San Valentín'),(6155,2,16,'Suerre.'),(6156,3,1,'Cruce de Jordán'),(6157,3,2,'Peligro'),(6158,3,3,'Pueblo Nuevo.'),(6159,3,4,'Balastre'),(6160,3,5,'Cantagallo'),(6161,3,6,'Cartagena'),(6162,3,7,'Cayuga'),(6163,3,8,'Cocorí'),(6164,3,9,'Chirvalo'),(6165,3,10,'Encina'),(6166,3,11,'Gallopinto'),(6167,3,12,'Hamburgo'),(6168,3,13,'I Griega'),(6169,3,14,'Indio'),(6170,3,15,'Jardín'),(6171,3,16,'Mercedes'),(6172,3,17,'Palmitas'),(6173,3,18,'Porvenir'),(6174,3,19,'Primavera'),(6175,3,20,'Rótulo'),(6176,3,21,'San Carlos'),(6177,3,22,'San Cristóbal'),(6178,3,23,'San Gerardo'),(6179,3,24,'San Pedro'),(6180,3,25,'Santa Elena'),(6181,3,26,'Santa Rosa'),(6182,3,27,'Sirena'),(6183,3,28,'Suárez'),(6184,3,29,'Suerte'),(6185,3,30,'Tarire'),(6186,3,31,'Teresa'),(6187,3,32,'Ticabán'),(6188,3,33,'Triángulo'),(6189,3,34,'Victoria.'),(6190,4,1,'La Cruz'),(6191,4,2,'Lesville'),(6192,4,3,'Punta de Riel.'),(6193,4,4,'Aguas Frías'),(6194,4,5,'Anabán'),(6195,4,6,'Boca Guápiles (parte)'),(6196,4,7,'Castañal'),(6197,4,8,'Cruce'),(6198,4,9,'Curia'),(6199,4,10,'Curva'),(6200,4,11,'Curva del Humo'),(6201,4,12,'Esperanza'),(6202,4,13,'Fortuna'),(6203,4,14,'Humo'),(6204,4,15,'La Lidia'),(6205,4,16,'Lomas Azules'),(6206,4,17,'Londres'),(6207,4,18,'Llano Bonito'),(6208,4,19,'Maravilla'),(6209,4,20,'Mata de Limón'),(6210,4,21,'Millón'),(6211,4,22,'Milloncito'),(6212,4,23,'Oeste'),(6213,4,24,'Prado (parte)'),(6214,4,25,'Roxana Tres'),(6215,4,26,'San Francisco'),(6216,4,27,'San Jorge'),(6217,4,28,'Vegas de Tortuguero.'),(6218,5,1,'Astúa-Pirie'),(6219,5,2,'Campo de Aterrizaje (Pueblo Triste)'),(6220,5,3,'Formosa'),(6221,5,4,'Palermo.'),(6222,5,5,'Ángeles'),(6223,5,6,'Banamola'),(6224,5,7,'Boca Guápiles (parte)'),(6225,5,8,'Campo Cuatro'),(6226,5,9,'Campo Dos'),(6227,5,10,'Campo Tres'),(6228,5,11,'Campo Tres Este'),(6229,5,12,'Campo Tres Oeste'),(6230,5,13,'Esperanza (Cantarrana)'),(6231,5,14,'Caño Chiquero'),(6232,5,15,'Carolina'),(6233,5,16,'Ceibo'),(6234,5,17,'Coopecariari'),(6235,5,18,'Cuatro Esquinas'),(6236,5,19,'Encanto'),(6237,5,20,'Frutera'),(6238,5,21,'Gaviotas'),(6239,5,22,'Hojancha'),(6240,5,23,'Maná'),(6241,5,24,'Monterrey'),(6242,5,25,'Nazaret'),(6243,5,26,'Progreso'),(6244,5,27,'Pueblo Nuevo'),(6245,5,28,'Sagrada Familia'),(6246,5,29,'San Miguel'),(6247,5,30,'Semillero'),(6248,5,31,'Vega de Río Palacios'),(6249,5,32,'Zacatales.'),(6250,6,1,'Barra del Colorado Este.'),(6251,6,2,'Aragón'),(6252,6,3,'Buenavista'),(6253,6,4,'Malanga'),(6254,6,5,'Puerto Lindo'),(6255,6,6,'San Gerardo'),(6256,6,7,'Tortuguero'),(6257,6,8,'Verdades.'),(6258,7,1,'Santa Elena.'),(6259,7,2,'Brisas del Toro Amarillo'),(6260,7,3,'Cascadas'),(6261,7,4,'La Victoria'),(6262,7,5,'Losilla'),(6263,7,6,'San Bosco'),(6264,7,7,'Prado (parte).'),(6265,1,1,'Betania'),(6266,1,2,'Brooklin'),(6267,1,3,'Indiana Uno'),(6268,1,4,'INVU'),(6269,1,5,'María Auxiliadora'),(6270,1,6,'Palmiras'),(6271,1,7,'Quebrador'),(6272,1,8,'San Rafael'),(6273,1,9,'San Martín'),(6274,1,10,'Triunfo.'),(6275,1,11,'Amelia'),(6276,1,12,'Amistad'),(6277,1,13,'Ángeles'),(6278,1,14,'Bajo Tigre'),(6279,1,15,'Barnstorf'),(6280,1,16,'Boca Pacuare'),(6281,1,17,'Boca Parismina'),(6282,1,18,'Calvario'),(6283,1,19,'Calle Tajo'),(6284,1,20,'Canadá'),(6285,1,21,'Caño Blanco'),(6286,1,22,'Carmen'),(6287,1,23,'Celina'),(6288,1,24,'Ciudadela Flores'),(6289,1,25,'Cocal'),(6290,1,26,'Coco'),(6291,1,27,'Dos Bocas (Suerre)'),(6292,1,28,'Encanto (norte)'),(6293,1,29,'Encanto (sur)'),(6294,1,30,'Ganga'),(6295,1,31,'Guayacán'),(6296,1,32,'Imperio'),(6297,1,33,'Indiana Dos'),(6298,1,34,'Indiana Tres'),(6299,1,35,'Islona'),(6300,1,36,'Lindavista'),(6301,1,37,'Livingston'),(6302,1,38,'Lucha'),(6303,1,39,'Maryland'),(6304,1,40,'Milla 52'),(6305,1,41,'Moravia'),(6306,1,42,'Morazán'),(6307,1,43,'Nueva Esperanza'),(6308,1,44,'Nueva Virginia'),(6309,1,45,'Pueblo Civil'),(6310,1,46,'San Alberto Nuevo'),(6311,1,47,'San Alberto Viejo'),(6312,1,48,'San Alejo'),(6313,1,49,'San Joaquín'),(6314,1,50,'Santo Domingo'),(6315,1,51,'Vegas de Imperio.'),(6316,2,1,'Alto Mirador'),(6317,2,2,'Altos de Pacuarito'),(6318,2,3,'Buenos Aires'),(6319,2,4,'Cimarrones'),(6320,2,5,'Culpeper'),(6321,2,6,'Cultivez'),(6322,2,7,'Freehold'),(6323,2,8,'Freeman (San Rafael)'),(6324,2,9,'Galicia'),(6325,2,10,'Isla Nueva'),(6326,2,11,'Leona'),(6327,2,12,'Madre de Dios'),(6328,2,13,'Manila'),(6329,2,14,'Monteverde'),(6330,2,15,'Pacuare'),(6331,2,16,'Perla'),(6332,2,17,'Perlita'),(6333,2,18,'Río Hondo'),(6334,2,19,'San Luis'),(6335,2,20,'San Carlos'),(6336,2,21,'San Isidro'),(6337,2,22,'San Pablo'),(6338,2,23,'Santa Rosa'),(6339,2,24,'Ten Switch'),(6340,2,25,'Trinidad'),(6341,2,26,'Unión Campesina'),(6342,2,27,'Waldeck.'),(6343,3,1,'El Alto.'),(6344,3,2,'Alto Gracias a Dios'),(6345,3,3,'Alto Laurelar'),(6346,3,4,'Altos de Pascua'),(6347,3,5,'Bonilla Abajo'),(6348,3,6,'Casorla'),(6349,3,7,'Chonta'),(6350,3,8,'Destierro'),(6351,3,9,'Fourth Cliff'),(6352,3,10,'Huecos'),(6353,3,11,'Lomas'),(6354,3,12,'Llano'),(6355,3,13,'Pascua'),(6356,3,14,'Roca'),(6357,3,15,'Rubí'),(6358,3,16,'San Antonio'),(6359,3,17,'Tunel Camp.'),(6360,4,1,'América'),(6361,4,2,'Babilonia.'),(6362,4,3,'Cacao'),(6363,4,4,'Colombiana'),(6364,4,5,'Herediana'),(6365,4,6,'Milano'),(6366,4,7,'Trinidad'),(6367,4,8,'Williamsburg.'),(6368,5,1,'Francia'),(6369,5,2,'Ana'),(6370,5,3,'Bellavista'),(6371,5,4,'Boca Río Jiménez'),(6372,5,5,'Catalinas'),(6373,5,6,'Castilla'),(6374,5,7,'Cocal'),(6375,5,8,'Golden  Grove'),(6376,5,9,'Josefina'),(6377,5,10,'Junta'),(6378,5,11,'Laureles'),(6379,5,12,'Luisiana'),(6380,5,13,'Milla 3'),(6381,5,14,'Milla 4'),(6382,5,15,'Milla 5'),(6383,5,16,'Milla 6'),(6384,5,17,'Ontario'),(6385,5,18,'Peje'),(6386,5,19,'Seis Amigos'),(6387,5,20,'Silencio.'),(6388,6,1,'Alto Herediana'),(6389,6,2,'Cruce'),(6390,6,3,'Portón Iberia'),(6391,6,4,'Río Peje'),(6392,6,5,'Vueltas.'),(6393,1,1,'Fields'),(6394,1,2,'Sand Box.'),(6395,1,3,'Altamira'),(6396,1,4,'Akberie (Piedra Grande)'),(6397,1,5,'Bambú'),(6398,1,6,'Chase'),(6399,1,7,'Cuabre'),(6400,1,8,'Gavilán Canta'),(6401,1,9,'Mleyuk 1'),(6402,1,10,'Mleyuk 2'),(6403,1,11,'Monte Sión'),(6404,1,12,'Olivia'),(6405,1,13,'Hu-Berie (Rancho Grande)'),(6406,1,14,'Shiroles'),(6407,1,15,'Sibujú'),(6408,1,16,'Suretka'),(6409,1,17,'Uatsi.'),(6410,2,1,'Ania'),(6411,2,2,'Boca Sixaola'),(6412,2,3,'Catarina'),(6413,2,4,'Celia'),(6414,2,5,'Daytonia'),(6415,2,6,'Gandoca'),(6416,2,7,'Margarita'),(6417,2,8,'Mata de Limón'),(6418,2,9,'Noventa y Seis'),(6419,2,10,'Palma'),(6420,2,11,'Paraíso'),(6421,2,12,'Parque'),(6422,2,13,'San Miguel'),(6423,2,14,'San Miguelito'),(6424,2,15,'San Rafael'),(6425,2,16,'Virginia'),(6426,2,17,'Zavala.'),(6427,3,1,'Buenavista (Katuir)'),(6428,3,2,'Bordón'),(6429,3,3,'Carbón'),(6430,3,4,'Carbón 1'),(6431,3,5,'Carbón 2'),(6432,3,6,'Catarata'),(6433,3,7,'Cocles'),(6434,3,8,'Comadre'),(6435,3,9,'Dindirí'),(6436,3,10,'Gibraltar'),(6437,3,11,'Hone Creek'),(6438,3,12,'Hotel Creek'),(6439,3,13,'Kekoldi'),(6440,3,14,'Limonal'),(6441,3,15,'Manzanillo'),(6442,3,16,'Mile Creek'),(6443,3,17,'Patiño'),(6444,3,18,'Playa Chiquita'),(6445,3,19,'Puerto Viejo'),(6446,3,20,'Punta Caliente'),(6447,3,21,'Punta Cocles'),(6448,3,22,'Punta Mona'),(6449,3,23,'Punta Uva'),(6450,3,24,'Tuba Creek (parte).'),(6451,4,1,'Alto Cuen (Kjacka Bata)'),(6452,4,2,'Alto Lari (Duriñak)'),(6453,4,3,'Alto Urén'),(6454,4,4,'Arenal'),(6455,4,5,'Bajo Blei'),(6456,4,6,'Bajo Cuen'),(6457,4,7,'Boca Urén'),(6458,4,8,'Bris'),(6459,4,9,'Cachabli'),(6460,4,10,'Coroma'),(6461,4,11,'Croriña'),(6462,4,12,'China Kichá'),(6463,4,13,'Dururpe'),(6464,4,14,'Guachalaba'),(6465,4,15,'Katsi'),(6466,4,16,'Kichuguecha'),(6467,4,17,'Kivut'),(6468,4,18,'Mojoncito'),(6469,4,19,'Namuwakir'),(6470,4,20,'Orochico'),(6471,4,21,'Ourut'),(6472,4,22,'Purisquí'),(6473,4,23,'Purita'),(6474,4,24,'Rangalle'),(6475,4,25,'San José Cabecar'),(6476,4,26,'Sepeque'),(6477,4,27,'Shewab'),(6478,4,28,'Sipurio'),(6479,4,29,'Soky'),(6480,4,30,'Sorókicha'),(6481,4,31,'Sukut'),(6482,4,32,'Surayo'),(6483,4,33,'Suiri'),(6484,4,34,'Telire'),(6485,4,35,'Turubokicha'),(6486,4,36,'Urén.'),(6487,1,1,'Goli'),(6488,1,2,'Luisa Oeste'),(6489,1,3,'Milla 23.'),(6490,1,4,'Baltimore'),(6491,1,5,'Barra de Matina Norte'),(6492,1,6,'Bristol'),(6493,1,7,'Colonia Puriscaleña'),(6494,1,8,'Corina'),(6495,1,9,'Chirripó'),(6496,1,10,'Chumico'),(6497,1,11,'Esperanza'),(6498,1,12,'Helvetia'),(6499,1,13,'Hilda'),(6500,1,14,'Línea B'),(6501,1,15,'Milla 4'),(6502,1,16,'Palmeras'),(6503,1,17,'Pozo Azul'),(6504,1,18,'Punta de Lanza'),(6505,1,19,'San Miguel'),(6506,1,20,'Victoria'),(6507,1,21,'Xirinachs.'),(6508,2,1,'Almendros'),(6509,2,2,'Margarita'),(6510,2,3,'Milla 24'),(6511,2,4,'Milla 25'),(6512,2,5,'Parcelas'),(6513,2,6,'Ramal Siete.'),(6514,2,7,'Barbilla'),(6515,2,8,'Berta'),(6516,2,9,'Damasco'),(6517,2,10,'Davao'),(6518,2,11,'Dos Ramas'),(6519,2,12,'Espavel'),(6520,2,13,'Goshen'),(6521,2,14,'Leyte'),(6522,2,15,'Lola'),(6523,2,16,'Luzón'),(6524,2,17,'Milla 27'),(6525,2,18,'Milla 28'),(6526,2,19,'Oracabesa'),(6527,2,20,'Sahara'),(6528,2,21,'Santa Marta'),(6529,2,22,'Titán'),(6530,2,23,'Vegas.'),(6531,3,1,'San José.'),(6532,3,2,'Bananita'),(6533,3,3,'Barra de Matina Sur'),(6534,3,4,'Boca del Pantano'),(6535,3,5,'Boca Río Matina'),(6536,3,6,'Boston'),(6537,3,7,'Brisas'),(6538,3,8,'California'),(6539,3,9,'Indio'),(6540,3,10,'Larga Distancia'),(6541,3,11,'Lomas del Toro'),(6542,3,12,'Luisa Este'),(6543,3,13,'Maravilla'),(6544,3,14,'Milla 14'),(6545,3,15,'Nueva York'),(6546,3,16,'Palacios'),(6547,3,17,'Palestina'),(6548,3,18,'Peje'),(6549,3,19,'Punta de Riel'),(6550,3,20,'Río Cuba'),(6551,3,21,'Río Peje'),(6552,3,22,'Saborío'),(6553,3,23,'San Edmundo'),(6554,3,24,'Santa María'),(6555,3,25,'Sterling'),(6556,3,26,'Strafford'),(6557,3,27,'Toro'),(6558,3,28,'Trinidad'),(6559,3,29,'Venecia'),(6560,3,30,'Zent.'),(6561,1,1,'Africa'),(6562,1,2,'Cantarrana'),(6563,1,3,'Estación Rudín'),(6564,1,4,'Guayacán.'),(6565,1,5,'Aguacate'),(6566,1,6,'Angelina'),(6567,1,7,'Bosque'),(6568,1,8,'Cabaña'),(6569,1,9,'Edén'),(6570,1,10,'El Tres'),(6571,1,11,'Fox Hall'),(6572,1,12,'Guaira'),(6573,1,13,'Hogar'),(6574,1,14,'Parismina'),(6575,1,15,'San Luis'),(6576,1,16,'Selva.'),(6577,2,1,'Bremen'),(6578,2,2,'Argentina'),(6579,2,3,'Confianza'),(6580,2,4,'Iroquois.'),(6581,3,1,'Pocora Sur.'),(6582,3,2,'Ojo de Agua.'),(6583,4,1,'Ángeles'),(6584,4,2,'Bocas del Río Silencio'),(6585,4,3,'Camarón'),(6586,4,4,'Cartagena'),(6587,4,5,'Dulce Nombre'),(6588,4,6,'Escocia'),(6589,4,7,'Irlanda'),(6590,4,8,'Jardín'),(6591,4,9,'Ligia'),(6592,4,10,'Lucha'),(6593,4,11,'Santa María'),(6594,4,12,'Santa Rosa'),(6595,4,13,'Socorro.'),(6596,5,1,'Aguas Gatas'),(6597,5,2,'Carambola'),(6598,5,3,'Castaño'),(6599,5,4,'Esperanza'),(6600,5,5,'Fruta de Pan'),(6601,5,6,'Limbo'),(6602,5,7,'San Cristóbal'),(6603,5,8,'Zancudo.');

--
-- Table structure for table `cantones`
--

CREATE TABLE `cantones` (
  `id` int(11) NOT NULL,
  `provincia_id` int(11) NOT NULL,
  `codigo` int(11) NOT NULL,
  `canton` varchar(45) DEFAULT NULL,
  PRIMARY KEY (`id`),
  KEY `provincia_id` (`provincia_id`),
  CONSTRAINT `cantones_ibfk_1` FOREIGN KEY (`provincia_id`) REFERENCES `provincias` (`id`) ON UPDATE CASCADE
) ENGINE=InnoDB DEFAULT CHARSET=latin1 COLLATE=latin1_swedish_ci;

--
-- Dumping data for table `cantones`
--

INSERT INTO `cantones` VALUES (1,1,1,'San José'),(2,1,2,'Escazú'),(3,1,3,'Desamparados'),(4,1,4,'Puriscal'),(5,1,5,'Tarrazú'),(6,1,6,'Aserrí'),(7,1,7,'Mora'),(8,1,8,'Goicoechea'),(9,1,9,'Santa Ana'),(10,1,10,'Alajuelita'),(11,1,11,'Vásquez de Coronado'),(12,1,12,'Acosta'),(13,1,13,'Tibás'),(14,1,14,'Moravia'),(15,1,15,'Montes de Oca'),(16,1,16,'Turrubares'),(17,1,17,'Dota'),(18,1,18,'Curridabat'),(19,1,19,'Pérez Zeledón'),(20,1,20,'León Cortéz Castro'),(21,2,1,'Alajuela'),(22,2,2,'San Ramón'),(23,2,3,'Grecia'),(24,2,4,'San Mateo'),(25,2,5,'Atenas'),(26,2,6,'Naranjo'),(27,2,7,'Palmares'),(28,2,8,'Poás'),(29,2,9,'Orotina'),(30,2,10,'San Carlos'),(31,2,11,'Zarcero'),(32,2,12,'Valverde Vega'),(33,2,13,'Upala'),(34,2,14,'Los Chiles'),(35,2,15,'Guatuso'),(36,3,1,'Cartago'),(37,3,2,'Paraíso'),(38,3,3,'La Unión'),(39,3,4,'Jiménez'),(40,3,5,'Turrialba'),(41,3,6,'Alvarado'),(42,3,7,'Oreamuno'),(43,3,8,'El Guarco'),(44,4,1,'Heredia'),(45,4,2,'Barva'),(46,4,3,'Santo Domingo'),(47,4,4,'Santa Bárbara'),(48,4,5,'San Rafaél'),(49,4,6,'San Isidro'),(50,4,7,'Belén'),(51,4,8,'Flores'),(52,4,9,'San Pablo'),(53,4,10,'Sarapiquí'),(54,5,1,'Liberia'),(55,5,2,'Nicoya'),(56,5,3,'Santa Cruz'),(57,5,4,'Bagaces'),(58,5,5,'Carrillo'),(59,5,6,'Cañas'),(60,5,7,'Abangáres'),(61,5,8,'Tilarán'),(62,5,9,'Nandayure'),(63,5,10,'La Cruz'),(64,5,11,'Hojancha'),(65,6,1,'Puntarenas'),(66,6,2,'Esparza'),(67,6,3,'Buenos Aires'),(68,6,4,'Montes de Oro'),(69,6,5,'Osa'),(70,6,6,'Aguirre'),(71,6,7,'Golfito'),(72,6,8,'Coto Brus'),(73,6,9,'Parrita'),(74,6,10,'Corredores'),(75,6,11,'Garabito'),(76,7,1,'Limón'),(77,7,2,'Pococí'),(78,7,3,'Siquirres'),(79,7,4,'Talamanca'),(80,7,5,'Matina'),(81,7,6,'Guácimo');

--
-- Table structure for table `choferes`
--

CREATE TABLE `choferes` (
  `id` int(11) NOT NULL AUTO_INCREMENT,
  `tipo_identificacion_id` int(11) DEFAULT NULL,
  `identificacion` varchar(12) DEFAULT NULL,
  `estado_civil_id` int(11) DEFAULT NULL,
  `tipo_licencia_id` int(11) DEFAULT NULL,
  `nombre` varchar(150) NOT NULL,
  `fecha_nacimiento` date DEFAULT NULL,
  `fecha_ingreso` date DEFAULT NULL,
  `telefono` varchar(50) DEFAULT NULL,
  `celular` varchar(50) DEFAULT NULL,
  `direccion` varchar(200) DEFAULT NULL,
  `email` varchar(60) DEFAULT NULL,
  `licencia_fecha_expira` date DEFAULT NULL,
  `foto1` varchar(255) DEFAULT NULL,
  `activo` tinyint(1) DEFAULT 1,
  PRIMARY KEY (`id`),
  KEY `tipo_identificacion_id` (`tipo_identificacion_id`),
  KEY `estado_civil_id` (`estado_civil_id`),
  KEY `tipo_licencia_id` (`tipo_licencia_id`),
  CONSTRAINT `choferes_ibfk_1` FOREIGN KEY (`tipo_identificacion_id`) REFERENCES `tipos_identificacion` (`id`) ON UPDATE CASCADE,
  CONSTRAINT `choferes_ibfk_2` FOREIGN KEY (`estado_civil_id`) REFERENCES `tipos_estados_civil` (`id`) ON UPDATE CASCADE,
  CONSTRAINT `choferes_ibfk_3` FOREIGN KEY (`tipo_licencia_id`) REFERENCES `tipos_licencias` (`id`) ON UPDATE CASCADE
) ENGINE=InnoDB AUTO_INCREMENT=17 DEFAULT CHARSET=utf8 COLLATE=utf8_general_ci;

--
-- Dumping data for table `choferes`
--

INSERT INTO `choferes` VALUES (2,1,'602750626',4,4,'Oslin Rodriguez Villalobos',NULL,'2019-12-01','','88214556','Cabuya','oslinrodriguez@yahoo.es',NULL,'8vu1xj.jpg',1),(4,1,'603250012',2,4,'Leandro Rodriguez Delgado','1982-11-11','2004-10-01','88270938','88270938','Barrio los Mangos de Cobano','leonet225@hotmail.com','2027-06-21','hhommo.jpg',1),(9,1,'503590328',1,4,'Luis Arnaldo Ramirez Perez','1987-07-27','2019-12-01','8377 3768','8377 3768','Nicoya Guanacaste','luisarnaldoramirezperez1@gmail.com','2024-09-07','o8ywzf.png',1),(12,1,'205590528',2,4,'ANGEL RODRIGUEZ VARGAS','1981-04-04','2021-01-01','70355535','70355535','Las Delicias','notine@notiene.com','2025-03-19','egoefp.jpg',1),(13,1,'602990523',2,4,'Leonal Harley Salas Campos','1979-07-04','2021-01-01','89110415','89110415','Cobano','notine@notiene.com','2025-08-11','npccc9.jpg',0),(14,1,'401520449',2,4,'Olman Solis Dabilla','1970-08-18','2021-11-16','86538577','86538577','Nicoya ','notine@notiene.com','2024-09-28','oaeym9.jpg',1),(16,1,'113470581',1,4,'Jose Rafael Flores Trejos','1984-11-26','2021-12-16','85966389','85966389','Cobano','notine@notiene.com','2025-07-10',NULL,1);

--
-- Table structure for table `configuracion`
--

CREATE TABLE `configuracion` (
  `id` int(11) NOT NULL AUTO_INCREMENT,
  `centro_costo_id` int(11) NOT NULL,
  `tipo_cambio_dolar` decimal(15,2) NOT NULL DEFAULT 572.00,
  `fecha_tipo_cambio` date NOT NULL,
  `emisor_factura_gasto_id` int(11) DEFAULT NULL,
  PRIMARY KEY (`id`),
  KEY `emisor_factura_gasto_id` (`emisor_factura_gasto_id`),
  KEY `configuracion_ibfk_1` (`centro_costo_id`)
) ENGINE=InnoDB AUTO_INCREMENT=2 DEFAULT CHARSET=utf8 COLLATE=utf8_general_ci;

--
-- Dumping data for table `configuracion`
--

INSERT INTO `configuracion` VALUES (1,1,609.46,'2019-04-05',1);

--
-- Table structure for table `destinos`
--

CREATE TABLE `destinos` (
  `id` int(11) NOT NULL AUTO_INCREMENT,
  `nombre` varchar(100) NOT NULL,
  PRIMARY KEY (`id`)
) ENGINE=InnoDB AUTO_INCREMENT=28 DEFAULT CHARSET=utf8 COLLATE=utf8_general_ci;

--
-- Dumping data for table `destinos`
--

INSERT INTO `destinos` VALUES (1,'Cabuya'),(2,'Montezuma'),(5,'Santa Teresa'),(6,'Tambor'),(7,'Paquera'),(8,'Jicaral'),(9,'Nicoya'),(10,'Samara'),(11,'Nosara'),(12,'Liberia'),(13,'Santa Cruz'),(14,'Peñas Blancas'),(15,'Tamarindo'),(16,'Playas del Coco'),(17,'Flamingo'),(18,'Brasilito'),(19,'Playa Grande Tamarindo'),(20,'Hacienda Pinilla'),(21,'Papagayo'),(22,'La Cruz GTE'),(23,'San Jose'),(24,'Puntarenas'),(25,'La Fortuna'),(26,'Monteverde'),(27,'Manuel Antonio');

--
-- Table structure for table `distritos`
--

CREATE TABLE `distritos` (
  `id` int(11) NOT NULL,
  `canton_id` int(11) DEFAULT NULL,
  `codigo` int(11) DEFAULT NULL,
  `distrito` varchar(70) DEFAULT NULL,
  PRIMARY KEY (`id`),
  KEY `canton_id` (`canton_id`),
  CONSTRAINT `distritos_ibfk_1` FOREIGN KEY (`canton_id`) REFERENCES `cantones` (`id`) ON UPDATE CASCADE
) ENGINE=InnoDB DEFAULT CHARSET=latin1 COLLATE=latin1_swedish_ci;

--
-- Dumping data for table `distritos`
--

INSERT INTO `distritos` VALUES (1,1,1,'CARMEN'),(2,1,2,'MERCED'),(3,1,3,'HOSPITAL'),(4,1,4,'CATEDRAL'),(5,1,5,'ZAPOTE'),(6,1,6,'SAN FRANCISCO DE DOS RÍOS'),(7,1,7,'URUCA'),(8,1,8,'MATA REDONDA'),(9,1,9,'PAVAS'),(10,1,10,'HATILLO'),(11,1,11,'SAN SEBASTIÁN'),(12,2,1,'ESCAZÚ'),(13,2,2,'SAN ANTONIO'),(14,2,3,'SAN RAFAEL'),(15,3,1,'DESAMPARADOS'),(16,3,2,'SAN MIGUEL'),(17,3,3,'SAN JUAN DE DIOS'),(18,3,4,'SAN RAFAEL ARRIBA'),(19,3,5,'SAN ANTONIO'),(20,3,6,'FRAILES'),(21,3,7,'PATARRÁ'),(22,3,8,'SAN CRISTÓBAL'),(23,3,9,'ROSARIO'),(24,3,10,'DAMAS'),(25,3,11,'SAN RAFAEL ABAJO'),(26,3,12,'GRAVILIAS'),(27,3,13,'LOS GUIDO'),(28,4,1,'SANTIAGO'),(29,4,2,'MERCEDES SUR'),(30,4,3,'BARBACOAS'),(31,4,4,'GRIFO ALTO'),(32,4,5,'SAN RAFAEL'),(33,4,6,'CANDELARITA'),(34,4,7,'DESAMPARADITOS'),(35,4,8,'SAN ANTONIO'),(36,4,9,'CHIRES'),(37,5,1,'SAN MARCOS'),(38,5,2,'SAN LORENZO'),(39,5,3,'SAN CARLOS'),(40,6,1,'ASERRI'),(41,6,2,'TARBACA'),(42,6,3,'VUELTA DE JORCO'),(43,6,4,'SAN GABRIEL'),(44,6,5,'LEGUA'),(45,6,6,'MONTERREY'),(46,6,7,'SALITRILLOS'),(47,7,1,'COLÓN'),(48,7,2,'GUAYABO'),(49,7,3,'TABARCIA'),(50,7,4,'PIEDRAS NEGRAS'),(51,7,5,'PICAGRES'),(52,7,6,'JARIS'),(53,7,7,'QUITIRRISI'),(54,8,1,'GUADALUPE'),(55,8,2,'SAN FRANCISCO'),(56,8,3,'CALLE BLANCOS'),(57,8,4,'MATA DE PLÁTANO'),(58,8,5,'IPÍS'),(59,8,6,'RANCHO REDONDO'),(60,8,7,'PURRAL'),(61,9,1,'SANTA ANA'),(62,9,2,'SALITRAL'),(63,9,3,'POZOS'),(64,9,4,'URUCA'),(65,9,5,'PIEDADES'),(66,9,6,'BRASIL'),(67,10,1,'ALAJUELITA'),(68,10,2,'SAN JOSECITO'),(69,10,3,'SAN ANTONIO'),(70,10,4,'CONCEPCIÓN'),(71,10,5,'SAN FELIPE'),(72,11,1,'SAN ISIDRO'),(73,11,2,'SAN RAFAEL'),(74,11,3,'DULCE NOMBRE DE JESÚS'),(75,11,4,'PATALILLO'),(76,11,5,'CASCAJAL'),(77,12,1,'SAN IGNACIO'),(78,12,2,'GUAITIL Villa'),(79,12,3,'PALMICHAL'),(80,12,4,'CANGREJAL'),(81,12,5,'SABANILLAS'),(82,13,1,'SAN JUAN'),(83,13,2,'CINCO ESQUINAS'),(84,13,3,'ANSELMO LLORENTE'),(85,13,4,'LEON XIII'),(86,13,5,'COLIMA'),(87,14,1,'SAN VICENTE'),(88,14,2,'SAN JERÓNIMO'),(89,14,3,'LA TRINIDAD'),(90,15,1,'SAN PEDRO'),(91,15,2,'SABANILLA'),(92,15,3,'MERCEDES'),(93,15,4,'SAN RAFAEL'),(94,16,1,'SAN PABLO'),(95,16,2,'SAN PEDRO'),(96,16,3,'SAN JUAN DE MATA'),(97,16,4,'SAN LUIS'),(98,16,5,'CARARA'),(99,17,1,'SANTA MARÍA'),(100,17,2,'JARDÍN'),(101,17,3,'COPEY'),(102,18,1,'CURRIDABAT'),(103,18,2,'GRANADILLA'),(104,18,3,'SÁNCHEZ'),(105,18,4,'TIRRASES'),(106,19,1,'SAN ISIDRO DE EL GENERAL'),(107,19,2,'EL GENERAL'),(108,19,3,'DANIEL FLORES'),(109,19,4,'RIVAS'),(110,19,5,'SAN PEDRO'),(111,19,6,'PLATANARES'),(112,19,7,'PEJIBAYE'),(113,19,8,'CAJÓN'),(114,19,9,'BARÚ'),(115,19,10,'RÍO NUEVO'),(116,19,11,'PÁRAMO'),(117,20,1,'SAN PABLO'),(118,20,2,'SAN ANDRÉS'),(119,20,3,'LLANO BONITO'),(120,20,4,'SAN ISIDRO'),(121,20,5,'SANTA CRUZ'),(122,20,6,'SAN ANTONIO'),(123,21,1,'ALAJUELA'),(124,21,2,'SAN JOSÉ'),(125,21,3,'CARRIZAL'),(126,21,4,'SAN ANTONIO'),(127,21,5,'GUÁCIMA'),(128,21,6,'SAN ISIDRO'),(129,21,7,'SABANILLA'),(130,21,8,'SAN RAFAEL'),(131,21,9,'RÍO SEGUNDO'),(132,21,10,'DESAMPARADOS'),(133,21,11,'TURRÚCARES'),(134,21,12,'TAMBOR'),(135,21,13,'GARITA'),(136,21,14,'SARAPIQUÍ'),(137,22,1,'SAN RAMÓN'),(138,22,2,'SANTIAGO'),(139,22,3,'SAN JUAN'),(140,22,4,'PIEDADES NORTE'),(141,22,5,'PIEDADES SUR'),(142,22,6,'SAN RAFAEL'),(143,22,7,'SAN ISIDRO'),(144,22,8,'ÁNGELES'),(145,22,9,'ALFARO'),(146,22,10,'VOLIO'),(147,22,11,'CONCEPCIÓN'),(148,22,12,'ZAPOTAL'),(149,22,13,'PEÑAS BLANCAS'),(150,23,1,'GRECIA'),(151,23,2,'SAN ISIDRO'),(152,23,3,'SAN JOSÉ'),(153,23,4,'SAN ROQUE'),(154,23,5,'TACARES'),(155,23,6,'RÍO CUARTO'),(156,23,7,'PUENTE DE PIEDRA'),(157,23,8,'BOLÍVAR'),(158,24,1,'SAN MATEO'),(159,24,2,'DESMONTE'),(160,24,3,'JESÚS MARÍA'),(161,24,4,'LABRADOR'),(162,25,1,'ATENAS'),(163,25,2,'JESÚS'),(164,25,3,'MERCEDES'),(165,25,4,'SAN ISIDRO'),(166,25,5,'CONCEPCIÓN'),(167,25,6,'SAN JOSE'),(168,25,7,'SANTA EULALIA'),(169,25,8,'ESCOBAL'),(170,26,1,'NARANJO'),(171,26,2,'SAN MIGUEL'),(172,26,3,'SAN JOSÉ'),(173,26,4,'CIRRÍ SUR'),(174,26,5,'SAN JERÓNIMO'),(175,26,6,'SAN JUAN'),(176,26,7,'EL ROSARIO'),(177,26,8,'PALMITOS'),(178,27,1,'PALMARES'),(179,27,2,'ZARAGOZA'),(180,27,3,'BUENOS AIRES'),(181,27,4,'SANTIAGO'),(182,27,5,'CANDELARIA'),(183,27,6,'ESQUÍPULAS'),(184,27,7,'LA GRANJA'),(185,28,1,'SAN PEDRO'),(186,28,2,'SAN JUAN'),(187,28,3,'SAN RAFAEL'),(188,28,4,'CARRILLOS'),(189,28,5,'SABANA REDONDA'),(190,29,1,'OROTINA'),(191,29,2,'EL MASTATE'),(192,29,3,'HACIENDA VIEJA'),(193,29,4,'COYOLAR'),(194,29,5,'LA CEIBA'),(195,30,1,'QUESADA'),(196,30,2,'FLORENCIA'),(197,30,3,'BUENAVISTA'),(198,30,4,'AGUAS ZARCAS'),(199,30,5,'VENECIA'),(200,30,6,'PITAL'),(201,30,7,'LA FORTUNA'),(202,30,8,'LA TIGRA'),(203,30,9,'LA PALMERA'),(204,30,10,'VENADO'),(205,30,11,'CUTRIS'),(206,30,12,'MONTERREY'),(207,30,13,'POCOSOL'),(208,31,1,'ZARCERO'),(209,31,2,'LAGUNA'),(210,31,4,'GUADALUPE'),(211,31,5,'PALMIRA'),(212,31,6,'ZAPOTE'),(213,31,7,'BRISAS'),(214,32,1,'SARCHÍ NORTE'),(215,32,2,'SARCHÍ SUR'),(216,32,3,'TORO AMARILLO'),(217,32,4,'SAN PEDRO'),(218,32,5,'RODRÍGUEZ'),(219,33,1,'UPALA'),(220,33,2,'AGUAS CLARAS'),(221,33,3,'SAN JOSÉ o PIZOTE'),(222,33,4,'BIJAGUA'),(223,33,5,'DELICIAS'),(224,33,6,'DOS RÍOS'),(225,33,7,'YOLILLAL'),(226,33,8,'CANALETE'),(227,34,1,'LOS CHILES'),(228,34,2,'CAÑO NEGRO'),(229,34,3,'EL AMPARO'),(230,34,4,'SAN JORGE'),(231,35,2,'BUENAVISTA'),(232,35,3,'COTE'),(233,35,4,'KATIRA'),(234,36,1,'ORIENTAL'),(235,36,2,'OCCIDENTAL'),(236,36,3,'CARMEN'),(237,36,4,'SAN NICOLÁS'),(238,36,5,'AGUACALIENTE o SAN FRANCISCO'),(239,36,6,'GUADALUPE o ARENILLA'),(240,36,7,'CORRALILLO'),(241,36,8,'TIERRA BLANCA'),(242,36,9,'DULCE NOMBRE'),(243,36,10,'LLANO GRANDE'),(244,36,11,'QUEBRADILLA'),(245,37,1,'PARAÍSO'),(246,37,2,'SANTIAGO'),(247,37,3,'OROSI'),(248,37,4,'CACHÍ'),(249,37,5,'LLANOS DE SANTA LUCÍA'),(250,38,1,'TRES RÍOS'),(251,38,2,'SAN DIEGO'),(252,38,3,'SAN JUAN'),(253,38,4,'SAN RAFAEL'),(254,38,5,'CONCEPCIÓN'),(255,38,6,'DULCE NOMBRE'),(256,38,7,'SAN RAMÓN'),(257,38,8,'RÍO AZUL'),(258,39,1,'JUAN VIÑAS'),(259,39,2,'TUCURRIQUE'),(260,39,3,'PEJIBAYE'),(261,40,1,'TURRIALBA'),(262,40,2,'LA SUIZA'),(263,40,3,'PERALTA'),(264,40,4,'SANTA CRUZ'),(265,40,5,'SANTA TERESITA'),(266,40,6,'PAVONES'),(267,40,7,'TUIS'),(268,40,8,'TAYUTIC'),(269,40,9,'SANTA ROSA'),(270,40,10,'TRES EQUIS'),(271,40,11,'LA ISABEL'),(272,40,12,'CHIRRIPÓ'),(273,41,1,'PACAYAS'),(274,41,2,'CERVANTES'),(275,41,3,'CAPELLADES'),(276,42,1,'SAN RAFAEL'),(277,42,2,'COT'),(278,42,3,'POTRERO CERRADO'),(279,42,4,'CIPRESES'),(280,42,5,'SANTA ROSA'),(281,43,1,'EL TEJAR'),(282,43,2,'SAN ISIDRO'),(283,43,3,'TOBOSI'),(284,43,4,'PATIO DE AGUA'),(285,44,1,'HEREDIA'),(286,44,2,'MERCEDES'),(287,44,3,'SAN FRANCISCO'),(288,44,4,'ULLOA'),(289,44,5,'VARABLANCA'),(290,45,1,'BARVA'),(291,45,2,'SAN PEDRO'),(292,45,3,'SAN PABLO'),(293,45,4,'SAN ROQUE'),(294,45,5,'SANTA LUCÍA'),(295,45,6,'SAN JOSÉ DE LA MONTAÑA'),(296,46,2,'SAN VICENTE'),(297,46,3,'SAN MIGUEL'),(298,46,4,'PARACITO'),(299,46,5,'SANTO TOMÁS'),(300,46,6,'SANTA ROSA'),(301,46,7,'TURES'),(302,46,8,'PARÁ'),(303,47,1,'SANTA BÁRBARA'),(304,47,2,'SAN PEDRO'),(305,47,3,'SAN JUAN'),(306,47,4,'JESÚS'),(307,47,5,'SANTO DOMINGO'),(308,47,6,'PURABÁ'),(309,48,1,'SAN RAFAEL'),(310,48,2,'SAN JOSECITO'),(311,48,3,'SANTIAGO'),(312,48,4,'ÁNGELES'),(313,48,5,'CONCEPCIÓN'),(314,49,1,'SAN ISIDRO'),(315,49,2,'SAN JOSÉ'),(316,49,3,'CONCEPCIÓN'),(317,49,4,'SAN FRANCISCO'),(318,50,1,'SAN ANTONIO'),(319,50,2,'LA RIBERA'),(320,50,3,'LA ASUNCIÓN'),(321,51,1,'SAN JOAQUÍN'),(322,51,2,'BARRANTES'),(323,51,3,'LLORENTE'),(324,52,1,'SAN PABLO'),(325,53,1,'PUERTO VIEJO'),(326,53,2,'LA VIRGEN'),(327,53,3,'LAS HORQUETAS'),(328,53,4,'LLANURAS DEL GASPAR'),(329,53,5,'CUREÑA'),(330,54,1,'LIBERIA'),(331,54,2,'CAÑAS DULCES'),(332,54,3,'MAYORGA'),(333,54,4,'NACASCOLO'),(334,54,5,'CURUBANDÉ'),(335,55,1,'NICOYA'),(336,55,2,'MANSIÓN'),(337,55,3,'SAN ANTONIO'),(338,55,4,'QUEBRADA HONDA'),(339,55,5,'SÁMARA'),(340,55,6,'NOSARA'),(341,55,7,'BELÉN DE NOSARITA'),(342,56,1,'SANTA CRUZ'),(343,56,2,'BOLSÓN'),(344,56,3,'VEINTISIETE DE ABRIL'),(345,56,4,'TEMPATE'),(346,56,5,'CARTAGENA'),(347,56,6,'CUAJINIQUIL'),(348,56,7,'DIRIÁ'),(349,56,8,'CABO VELAS'),(350,56,9,'TAMARINDO'),(351,57,1,'BAGACES'),(352,57,2,'LA FORTUNA'),(353,57,3,'MOGOTE'),(354,57,4,'RÍO NARANJO'),(355,58,1,'FILADELFIA'),(356,58,2,'PALMIRA'),(357,58,3,'SARDINAL'),(358,58,4,'BELÉN'),(359,59,1,'CAÑAS'),(360,59,2,'PALMIRA'),(361,59,3,'SAN MIGUEL'),(362,59,4,'BEBEDERO'),(363,59,5,'POROZAL'),(364,60,1,'LAS JUNTAS'),(365,60,2,'SIERRA'),(366,60,3,'SAN JUAN'),(367,60,4,'COLORADO'),(368,61,1,'TILARÁN'),(369,61,2,'QUEBRADA GRANDE'),(370,61,3,'TRONADORA'),(371,61,4,'SANTA ROSA'),(372,61,5,'LÍBANO'),(373,61,6,'TIERRAS MORENAS'),(374,61,7,'ARENAL'),(375,62,1,'CARMONA'),(376,62,2,'SANTA RITA'),(377,62,3,'ZAPOTAL'),(378,62,4,'SAN PABLO'),(379,62,5,'PORVENIR'),(380,62,6,'BEJUCO'),(381,63,1,'LA CRUZ'),(382,63,2,'SANTA CECILIA'),(383,63,3,'LA GARITA'),(384,63,4,'SANTA ELENA'),(385,64,1,'HOJANCHA'),(386,64,2,'MONTE ROMO'),(387,64,3,'PUERTO CARRILLO'),(388,64,4,'HUACAS'),(389,65,1,'PUNTARENAS'),(390,65,2,'PITAHAYA'),(391,65,3,'CHOMES'),(392,65,4,'LEPANTO'),(393,65,5,'PAQUERA'),(394,65,6,'MANZANILLO'),(395,65,7,'GUACIMAL'),(396,65,8,'BARRANCA'),(397,65,9,'MONTE VERDE'),(398,65,11,'CÓBANO'),(399,65,12,'CHACARITA'),(400,65,13,'CHIRA'),(401,65,14,'ACAPULCO'),(402,65,15,'EL ROBLE'),(403,65,16,'ARANCIBIA'),(404,66,1,'ESPÍRITU SANTO'),(405,66,2,'SAN JUAN GRANDE'),(406,66,3,'MACACONA'),(407,66,4,'SAN RAFAEL'),(408,66,5,'SAN JERÓNIMO'),(409,66,6,'CALDERA'),(410,67,1,'BUENOS AIRES'),(411,67,2,'VOLCÁN'),(412,67,3,'POTRERO GRANDE'),(413,67,4,'BORUCA'),(414,67,5,'PILAS'),(415,67,6,'COLINAS'),(416,67,7,'CHÁNGUENA'),(417,67,8,'BIOLLEY'),(418,67,9,'BRUNKA'),(419,68,1,'MIRAMAR'),(420,68,2,'LA UNIÓN'),(421,68,3,'SAN ISIDRO'),(422,69,1,'PUERTO CORTÉS'),(423,69,2,'PALMAR'),(424,69,3,'SIERPE'),(425,69,4,'BAHÍA BALLENA'),(426,69,5,'PIEDRAS BLANCAS'),(427,69,6,'BAHÍA DRAKE'),(428,70,1,'QUEPOS'),(429,70,2,'SAVEGRE'),(430,70,3,'NARANJITO'),(431,71,1,'GOLFITO'),(432,71,2,'PUERTO JIMÉNEZ'),(433,71,3,'GUAYCARÁ'),(434,71,4,'PAVÓN'),(435,72,1,'SAN VITO'),(436,72,2,'SABALITO'),(437,72,3,'AGUABUENA'),(438,72,4,'LIMONCITO'),(439,72,5,'PITTIER'),(440,72,6,'GUTIERREZ BRAUN'),(441,73,1,'PARRITA'),(442,74,1,'CORREDOR'),(443,74,2,'LA CUESTA'),(444,74,3,'CANOAS'),(445,74,4,'LAUREL'),(446,75,1,'JACÓ'),(447,75,2,'TÁRCOLES'),(448,76,1,'LIMÓN'),(449,76,2,'VALLE LA ESTRELLA'),(450,76,4,'MATAMA'),(451,77,1,'GUÁPILES'),(452,77,2,'JIMÉNEZ'),(453,77,3,'RITA'),(454,77,4,'ROXANA'),(455,77,5,'CARIARI'),(456,77,6,'COLORADO'),(457,77,7,'LA COLONIA'),(458,78,1,'SIQUIRRES'),(459,78,2,'PACUARITO'),(460,78,3,'FLORIDA'),(461,78,4,'GERMANIA'),(462,78,5,'EL CAIRO'),(463,78,6,'ALEGRÍA'),(464,79,1,'BRATSI'),(465,79,2,'SIXAOLA'),(466,79,3,'CAHUITA'),(467,79,4,'TELIRE'),(468,80,1,'MATINA'),(469,80,2,'BATÁN'),(470,80,3,'CARRANDI'),(471,81,1,'GUÁCIMO'),(472,81,2,'MERCEDES'),(473,81,3,'POCORA'),(474,81,4,'RÍO JIMÉNEZ'),(475,81,5,'DUACARÍ');

--
-- Table structure for table `paises`
--

CREATE TABLE `paises` (
  `id` int(11) NOT NULL,
  `nombre` varchar(100) NOT NULL,
  `iso2` varchar(2) DEFAULT NULL,
  `iso3` varchar(3) DEFAULT NULL,
  `codigoTelefono` int(11) NOT NULL,
  PRIMARY KEY (`id`)
) ENGINE=InnoDB DEFAULT CHARSET=latin1 COLLATE=latin1_swedish_ci;

--
-- Dumping data for table `paises`
--

INSERT INTO `paises` VALUES (1,'AFGANISTÁN','AF','AFG',93),(2,'ALBANIA','AL','ALB',355),(3,'ALEMANIA','DE','DEU',49),(4,'ALGERIA','DZ','DZA',213),(5,'ANDORRA','AD','AND',376),(6,'ANGOLA','AO','AGO',244),(7,'ANGUILA','AI','AIA',1264),(8,'ANTÁRTIDA','AQ','ATA',672),(9,'ANTIGUA Y BARBUDA','AG','ATG',1268),(10,'ANTILLAS NEERLANDESAS','AN','ANT',599),(11,'ARABIA SAUDITA','SA','SAU',966),(12,'ARGENTINA','AR','ARG',54),(13,'ARMENIA','AM','ARM',374),(14,'ARUBA','AW','ABW',297),(15,'AUSTRALIA','AU','AUS',61),(16,'AUSTRIA','AT','AUT',43),(17,'AZERBAYÁN','AZ','AZE',994),(18,'BÉLGICA','BE','BEL',32),(19,'BAHAMAS','BS','BHS',1242),(20,'BAHREIN','BH','BHR',973),(21,'BANGLADESH','BD','BGD',880),(22,'BARBADOS','BB','BRB',1246),(23,'BELICE','BZ','BLZ',501),(24,'BENÍN','BJ','BEN',229),(25,'BHUTÁN','BT','BTN',975),(26,'BIELORRUSIA','BY','BLR',375),(27,'BIRMANIA','MM','MMR',95),(28,'BOLIVIA','BO','BOL',591),(29,'BOSNIA Y HERZEGOVINA','BA','BIH',387),(30,'BOTSUANA','BW','BWA',267),(31,'BRASIL','BR','BRA',55),(32,'BRUNÉI','BN','BRN',673),(33,'BULGARIA','BG','BGR',359),(34,'BURKINA FASO','BF','BFA',226),(35,'BURUNDI','BI','BDI',257),(36,'CABO VERDE','CV','CPV',238),(37,'CAMBOYA','KH','KHM',855),(38,'CAMERÚN','CM','CMR',237),(39,'CANADÁ','CA','CAN',1),(40,'CHAD','TD','TCD',235),(41,'CHILE','CL','CHL',56),(42,'CHINA','CN','CHN',86),(43,'CHIPRE','CY','CYP',357),(44,'CIUDAD DEL VATICANO','VA','VAT',39),(45,'COLOMBIA','CO','COL',57),(46,'COMORAS','KM','COM',269),(47,'CONGO','CG','COG',242),(48,'CONGO','CD','COD',243),(49,'COREA DEL NORTE','KP','PRK',850),(50,'COREA DEL SUR','KR','KOR',82),(51,'COSTA DE MARFIL','CI','CIV',225),(52,'COSTA RICA','CR','CRI',506),(53,'CROACIA','HR','HRV',385),(54,'CUBA','CU','CUB',53),(55,'DINAMARCA','DK','DNK',45),(56,'DOMINICA','DM','DMA',1767),(57,'ECUADOR','EC','ECU',593),(58,'EGIPTO','EG','EGY',20),(59,'EL SALVADOR','SV','SLV',503),(60,'EMIRATOS ÁRABES UNIDOS','AE','ARE',971),(61,'ERITREA','ER','ERI',291),(62,'ESLOVAQUIA','SK','SVK',421),(63,'ESLOVENIA','SI','SVN',386),(64,'ESPAÑA','ES','ESP',34),(65,'ESTADOS UNIDOS DE AMÉRICA','US','USA',1),(66,'ESTONIA','EE','EST',372),(67,'ETIOPÍA','ET','ETH',251),(68,'FILIPINAS','PH','PHL',63),(69,'FINLANDIA','FI','FIN',358),(70,'FIYI','FJ','FJI',679),(71,'FRANCIA','FR','FRA',33),(72,'GABÓN','GA','GAB',241),(73,'GAMBIA','GM','GMB',220),(74,'GEORGIA','GE','GEO',995),(75,'GHANA','GH','GHA',233),(76,'GIBRALTAR','GI','GIB',350),(77,'GRANADA','GD','GRD',1473),(78,'GRECIA','GR','GRC',30),(79,'GROENLANDIA','GL','GRL',299),(80,'GUADALUPE','GP','GLP',0),(81,'GUAM','GU','GUM',1671),(82,'GUATEMALA','GT','GTM',502),(83,'GUAYANA FRANCESA','GF','GUF',0),(84,'GUERNSEY','GG','GGY',0),(85,'GUINEA','GN','GIN',224),(86,'GUINEA ECUATORIAL','GQ','GNQ',240),(87,'GUINEA-BISSAU','GW','GNB',245),(88,'GUYANA','GY','GUY',592),(89,'HAITÍ','HT','HTI',509),(90,'HONDURAS','HN','HND',504),(91,'HONG KONG','HK','HKG',852),(92,'HUNGRÍA','HU','HUN',36),(93,'INDIA','IN','IND',91),(94,'INDONESIA','ID','IDN',62),(95,'IRÁN','IR','IRN',98),(96,'IRAK','IQ','IRQ',964),(97,'IRLANDA','IE','IRL',353),(98,'ISLA BOUVET','BV','BVT',0),(99,'ISLA DE MAN','IM','IMN',44),(100,'ISLA DE NAVIDAD','CX','CXR',61),(101,'ISLA NORFOLK','NF','NFK',0),(102,'ISLANDIA','IS','ISL',354),(103,'ISLAS BERMUDAS','BM','BMU',1441),(104,'ISLAS CAIMÁN','KY','CYM',1345),(105,'ISLAS COCOS (KEELING)','CC','CCK',61),(106,'ISLAS COOK','CK','COK',682),(107,'ISLAS DE ÅLAND','AX','ALA',0),(108,'ISLAS FEROE','FO','FRO',298),(109,'ISLAS GEORGIAS DEL SUR Y SANDWICH DEL SUR','GS','SGS',0),(110,'ISLAS HEARD Y MCDONALD','HM','HMD',0),(111,'ISLAS MALDIVAS','MV','MDV',960),(112,'ISLAS MALVINAS','FK','FLK',500),(113,'ISLAS MARIANAS DEL NORTE','MP','MNP',1670),(114,'ISLAS MARSHALL','MH','MHL',692),(115,'ISLAS PITCAIRN','PN','PCN',870),(116,'ISLAS SALOMÓN','SB','SLB',677),(117,'ISLAS TURCAS Y CAICOS','TC','TCA',1649),(118,'ISLAS ULTRAMARINAS MENORES DE ESTADOS UNIDOS','UM','UMI',0),(119,'ISLAS VÍRGENES BRITÁNICAS','VG','VG',1284),(120,'ISLAS VÍRGENES DE LOS ESTADOS UNIDOS','VI','VIR',1340),(121,'ISRAEL','IL','ISR',972),(122,'ITALIA','IT','ITA',39),(123,'JAMAICA','JM','JAM',1876),(124,'JAPÓN','JP','JPN',81),(125,'JERSEY','JE','JEY',0),(126,'JORDANIA','JO','JOR',962),(127,'KAZAJISTÁN','KZ','KAZ',7),(128,'KENIA','KE','KEN',254),(129,'KIRGIZSTÁN','KG','KGZ',996),(130,'KIRIBATI','KI','KIR',686),(131,'KUWAIT','KW','KWT',965),(132,'LÍBANO','LB','LBN',961),(133,'LAOS','LA','LAO',856),(134,'LESOTO','LS','LSO',266),(135,'LETONIA','LV','LVA',371),(136,'LIBERIA','LR','LBR',231),(137,'LIBIA','LY','LBY',218),(138,'LIECHTENSTEIN','LI','LIE',423),(139,'LITUANIA','LT','LTU',370),(140,'LUXEMBURGO','LU','LUX',352),(141,'MÉXICO','MX','MEX',52),(142,'MÓNACO','MC','MCO',377),(143,'MACAO','MO','MAC',853),(144,'MACEDÔNIA','MK','MKD',389),(145,'MADAGASCAR','MG','MDG',261),(146,'MALASIA','MY','MYS',60),(147,'MALAWI','MW','MWI',265),(148,'MALI','ML','MLI',223),(149,'MALTA','MT','MLT',356),(150,'MARRUECOS','MA','MAR',212),(151,'MARTINICA','MQ','MTQ',0),(152,'MAURICIO','MU','MUS',230),(153,'MAURITANIA','MR','MRT',222),(154,'MAYOTTE','YT','MYT',262),(155,'MICRONESIA','FM','FSM',691),(156,'MOLDAVIA','MD','MDA',373),(157,'MONGOLIA','MN','MNG',976),(158,'MONTENEGRO','ME','MNE',382),(159,'MONTSERRAT','MS','MSR',1664),(160,'MOZAMBIQUE','MZ','MOZ',258),(161,'NAMIBIA','NA','NAM',264),(162,'NAURU','NR','NRU',674),(163,'NEPAL','NP','NPL',977),(164,'NICARAGUA','NI','NIC',505),(165,'NIGER','NE','NER',227),(166,'NIGERIA','NG','NGA',234),(167,'NIUE','NU','NIU',683),(168,'NORUEGA','NO','NOR',47),(169,'NUEVA CALEDONIA','NC','NCL',687),(170,'NUEVA ZELANDA','NZ','NZL',64),(171,'OMÁN','OM','OMN',968),(172,'PAÍSES BAJOS','NL','NLD',31),(173,'PAKISTÁN','PK','PAK',92),(174,'PALAU','PW','PLW',680),(175,'PALESTINA','PS','PSE',0),(176,'PANAMÁ','PA','PAN',507),(177,'PAPÚA NUEVA GUINEA','PG','PNG',675),(178,'PARAGUAY','PY','PRY',595),(179,'PERÚ','PE','PER',51),(180,'POLINESIA FRANCESA','PF','PYF',689),(181,'POLONIA','PL','POL',48),(182,'PORTUGAL','PT','PRT',351),(183,'PUERTO RICO','PR','PRI',1),(184,'QATAR','QA','QAT',974),(185,'REINO UNIDO','GB','GBR',44),(186,'REPÚBLICA CENTROAFRICANA','CF','CAF',236),(187,'REPÚBLICA CHECA','CZ','CZE',420),(188,'REPÚBLICA DOMINICANA','DO','DOM',1809),(189,'REUNIÓN','RE','REU',0),(190,'RUANDA','RW','RWA',250),(191,'RUMANÍA','RO','ROU',40),(192,'RUSIA','RU','RUS',7),(193,'SAHARA OCCIDENTAL','EH','ESH',0),(194,'SAMOA','WS','WSM',685),(195,'SAMOA AMERICANA','AS','ASM',1684),(196,'SAN BARTOLOMÉ','BL','BLM',590),(197,'SAN CRISTÓBAL Y NIEVES','KN','KNA',1869),(198,'SAN MARINO','SM','SMR',378),(199,'SAN MARTÍN (FRANCIA)','MF','MAF',1599),(200,'SAN PEDRO Y MIQUELÓN','PM','SPM',508),(201,'SAN VICENTE Y LAS GRANADINAS','VC','VCT',1784),(202,'SANTA ELENA','SH','SHN',290),(203,'SANTA LUCÍA','LC','LCA',1758),(204,'SANTO TOMÉ Y PRÍNCIPE','ST','STP',239),(205,'SENEGAL','SN','SEN',221),(206,'SERBIA','RS','SRB',381),(207,'SEYCHELLES','SC','SYC',248),(208,'SIERRA LEONA','SL','SLE',232),(209,'SINGAPUR','SG','SGP',65),(210,'SIRIA','SY','SYR',963),(211,'SOMALIA','SO','SOM',252),(212,'SRI LANKA','LK','LKA',94),(213,'SUDÁFRICA','ZA','ZAF',27),(214,'SUDÁN','SD','SDN',249),(215,'SUECIA','SE','SWE',46),(216,'SUIZA','CH','CHE',41),(217,'SURINÁM','SR','SUR',597),(218,'SVALBARD Y JAN MAYEN','SJ','SJM',0),(219,'SWAZILANDIA','SZ','SWZ',268),(220,'TADJIKISTÁN','TJ','TJK',992),(221,'TAILANDIA','TH','THA',66),(222,'TAIWÁN','TW','TWN',886),(223,'TANZANIA','TZ','TZA',255),(224,'TERRITORIO BRITÁNICO DEL OCÉANO ÍNDICO','IO','IOT',0),(225,'TERRITORIOS AUSTRALES Y ANTÁRTICAS FRANCESES','TF','ATF',0),(226,'TIMOR ORIENTAL','TL','TLS',670),(227,'TOGO','TG','TGO',228),(228,'TOKELAU','TK','TKL',690),(229,'TONGA','TO','TON',676),(230,'TRINIDAD Y TOBAGO','TT','TTO',1868),(231,'TUNEZ','TN','TUN',216),(232,'TURKMENISTÁN','TM','TKM',993),(233,'TURQUÍA','TR','TUR',90),(234,'TUVALU','TV','TUV',688),(235,'UCRANIA','UA','UKR',380),(236,'UGANDA','UG','UGA',256),(237,'URUGUAY','UY','URY',598),(238,'UZBEKISTÁN','UZ','UZB',998),(239,'VANUATU','VU','VUT',678),(240,'VENEZUELA','VE','VEN',58),(241,'VIETNAM','VN','VNM',84),(242,'WALLIS Y FUTUNA','WF','WLF',681),(243,'YEMEN','YE','YEM',967),(244,'YIBUTI','DJ','DJI',253),(245,'ZAMBIA','ZM','ZMB',260),(246,'ZIMBABUE','ZW','ZWE',263);

--
-- Table structure for table `profile`
--

CREATE TABLE `profile` (
  `user_id` int(11) NOT NULL,
  `name` varchar(255) DEFAULT NULL,
  `public_email` varchar(255) DEFAULT NULL,
  `gravatar_email` varchar(255) DEFAULT NULL,
  `gravatar_id` varchar(32) DEFAULT NULL,
  `location` varchar(255) DEFAULT NULL,
  `website` varchar(255) DEFAULT NULL,
  `bio` text DEFAULT NULL,
  `timezone` varchar(40) DEFAULT NULL,
  `picture` varchar(255) DEFAULT NULL,
  PRIMARY KEY (`user_id`),
  CONSTRAINT `fk_user_profile` FOREIGN KEY (`user_id`) REFERENCES `user` (`id`) ON DELETE CASCADE
) ENGINE=InnoDB DEFAULT CHARSET=utf8 COLLATE=utf8_unicode_ci;

--
-- Dumping data for table `profile`
--

INSERT INTO `profile` VALUES (1,'Leandro','',NULL,NULL,NULL,'https://tropicaltourshuttles.com/','',NULL,'almmfz.png'),(2,NULL,NULL,NULL,NULL,NULL,NULL,NULL,NULL,NULL);

--
-- Table structure for table `provincias`
--

CREATE TABLE `provincias` (
  `id` int(11) NOT NULL,
  `codigo` int(11) DEFAULT NULL,
  `provincia` varchar(45) DEFAULT NULL,
  PRIMARY KEY (`id`)
) ENGINE=InnoDB DEFAULT CHARSET=latin1 COLLATE=latin1_swedish_ci;

--
-- Dumping data for table `provincias`
--

INSERT INTO `provincias` VALUES (1,1,'San José'),(2,2,'Alajuela'),(3,3,'Cartago'),(4,4,'Heredia'),(5,5,'Guanacaste'),(6,6,'Puntarenas'),(7,7,'Limón');

--
-- Table structure for table `social_account`
--

CREATE TABLE `social_account` (
  `id` int(11) NOT NULL AUTO_INCREMENT,
  `user_id` int(11) DEFAULT NULL,
  `provider` varchar(255) NOT NULL,
  `client_id` varchar(255) NOT NULL,
  `data` text DEFAULT NULL,
  `code` varchar(32) DEFAULT NULL,
  `created_at` int(11) DEFAULT NULL,
  `email` varchar(255) DEFAULT NULL,
  `username` varchar(255) DEFAULT NULL,
  PRIMARY KEY (`id`),
  UNIQUE KEY `account_unique` (`provider`,`client_id`),
  UNIQUE KEY `account_unique_code` (`code`),
  KEY `fk_user_account` (`user_id`),
  CONSTRAINT `fk_user_account` FOREIGN KEY (`user_id`) REFERENCES `user` (`id`) ON DELETE CASCADE
) ENGINE=InnoDB DEFAULT CHARSET=utf8 COLLATE=utf8_unicode_ci;

--
-- Dumping data for table `social_account`
--


--
-- Table structure for table `solicitudes_mantenimiento`
--

CREATE TABLE `solicitudes_mantenimiento` (
  `id` int(11) NOT NULL AUTO_INCREMENT,
  `no_solicitud` int(11) NOT NULL,
  `fecha_solicitud` date NOT NULL,
  `vehiculo_id` int(11) NOT NULL,
  `chofer_id` int(11) NOT NULL,
  `kilometraje_actual` decimal(18,2) DEFAULT NULL,
  `proximo_kilometraje` decimal(18,2) DEFAULT NULL,
  `mantenimiento_preventivo_id` int(11) NOT NULL,
  `mantenimiento_correctivo` text DEFAULT NULL,
  `fecha_proximo_mantenimiento` date NOT NULL,
  `recordar_dias_antes` int(11) DEFAULT NULL,
  `email_recordatorio` varchar(50) DEFAULT NULL,
  `costo_mantenimiento` decimal(18,2) NOT NULL,
  PRIMARY KEY (`id`),
  KEY `vehiculo_id` (`vehiculo_id`),
  KEY `chofer_id` (`chofer_id`),
  KEY `mantenimiento_preventivo_id` (`mantenimiento_preventivo_id`),
  CONSTRAINT `solicitudes_mantenimiento_ibfk_1` FOREIGN KEY (`vehiculo_id`) REFERENCES `vehiculos` (`id`) ON UPDATE CASCADE,
  CONSTRAINT `solicitudes_mantenimiento_ibfk_2` FOREIGN KEY (`chofer_id`) REFERENCES `choferes` (`id`) ON UPDATE CASCADE,
  CONSTRAINT `solicitudes_mantenimiento_ibfk_3` FOREIGN KEY (`mantenimiento_preventivo_id`) REFERENCES `tipos_mantenimientos` (`id`) ON UPDATE CASCADE
) ENGINE=InnoDB AUTO_INCREMENT=37 DEFAULT CHARSET=utf8 COLLATE=utf8_general_ci;

--
-- Dumping data for table `solicitudes_mantenimiento`
--


--
-- Table structure for table `tbl_dynagrid`
--

CREATE TABLE `tbl_dynagrid` (
  `id` varchar(100) NOT NULL COMMENT 'Unique dynagrid setting identifier',
  `filter_id` varchar(100) DEFAULT NULL COMMENT 'Filter setting identifier',
  `sort_id` varchar(100) DEFAULT NULL COMMENT 'Sort setting identifier',
  `data` varchar(5000) DEFAULT NULL COMMENT 'Json encoded data for the dynagrid configuration',
  PRIMARY KEY (`id`),
  KEY `tbl_dynagrid_FK1` (`filter_id`),
  KEY `tbl_dynagrid_FK2` (`sort_id`)
) ENGINE=InnoDB DEFAULT CHARSET=utf8 COLLATE=utf8_general_ci COMMENT='Dynagrid personalization configuration settings';

--
-- Dumping data for table `tbl_dynagrid`
--


--
-- Table structure for table `tbl_dynagrid_dtl`
--

CREATE TABLE `tbl_dynagrid_dtl` (
  `id` varchar(100) NOT NULL COMMENT 'Unique dynagrid detail setting identifier',
  `category` varchar(10) NOT NULL COMMENT 'Dynagrid detail setting category "filter" or "sort"',
  `name` varchar(150) NOT NULL COMMENT 'Name to identify the dynagrid detail setting',
  `data` varchar(5000) DEFAULT NULL COMMENT 'Json encoded data for the dynagrid detail configuration',
  `dynagrid_id` varchar(100) NOT NULL COMMENT 'Related dynagrid identifier',
  PRIMARY KEY (`id`),
  UNIQUE KEY `tbl_dynagrid_dtl_UK1` (`name`,`category`,`dynagrid_id`)
) ENGINE=InnoDB DEFAULT CHARSET=utf8 COLLATE=utf8_general_ci COMMENT='Dynagrid detail configuration settings';

--
-- Dumping data for table `tbl_dynagrid_dtl`
--


--
-- Table structure for table `tipos_combustion`
--

CREATE TABLE `tipos_combustion` (
  `id` int(11) NOT NULL AUTO_INCREMENT,
  `nombre` varchar(60) NOT NULL,
  PRIMARY KEY (`id`)
) ENGINE=InnoDB AUTO_INCREMENT=3 DEFAULT CHARSET=utf8 COLLATE=utf8_general_ci;

--
-- Dumping data for table `tipos_combustion`
--

INSERT INTO `tipos_combustion` VALUES (1,'Gasolina'),(2,'Diesel');

--
-- Table structure for table `tipos_estados_civil`
--

CREATE TABLE `tipos_estados_civil` (
  `id` int(11) NOT NULL AUTO_INCREMENT,
  `nombre` varchar(100) NOT NULL,
  PRIMARY KEY (`id`)
) ENGINE=InnoDB AUTO_INCREMENT=9 DEFAULT CHARSET=utf8 COLLATE=utf8_general_ci;

--
-- Dumping data for table `tipos_estados_civil`
--

INSERT INTO `tipos_estados_civil` VALUES (1,'Soltero/a'),(2,'Casado/a'),(3,'Comprometido/a'),(4,'En Relación'),(5,'Unión libre o unión de hecho'),(6,'Divorciado/a'),(7,'Viudo/a');

--
-- Table structure for table `tipos_identificacion`
--

CREATE TABLE `tipos_identificacion` (
  `id` int(11) NOT NULL AUTO_INCREMENT,
  `codigo` varchar(2) NOT NULL,
  `nombre` varchar(80) NOT NULL,
  PRIMARY KEY (`id`)
) ENGINE=InnoDB AUTO_INCREMENT=5 DEFAULT CHARSET=utf8 COLLATE=utf8_general_ci;

--
-- Dumping data for table `tipos_identificacion`
--

INSERT INTO `tipos_identificacion` VALUES (1,'01','Cédula Física'),(2,'02','Cédula Jurídica'),(3,'03','DIMEX'),(4,'04','NITE');

--
-- Table structure for table `tipos_licencias`
--

CREATE TABLE `tipos_licencias` (
  `id` int(11) NOT NULL AUTO_INCREMENT,
  `nombre` varchar(60) NOT NULL,
  PRIMARY KEY (`id`)
) ENGINE=InnoDB AUTO_INCREMENT=5 DEFAULT CHARSET=utf8 COLLATE=utf8_general_ci;

--
-- Dumping data for table `tipos_licencias`
--

INSERT INTO `tipos_licencias` VALUES (1,'A'),(2,'B1'),(3,'C1'),(4,'C2');

--
-- Table structure for table `tipos_mantenimientos`
--

CREATE TABLE `tipos_mantenimientos` (
  `id` int(11) NOT NULL AUTO_INCREMENT,
  `nombre` varchar(160) NOT NULL,
  PRIMARY KEY (`id`)
) ENGINE=InnoDB AUTO_INCREMENT=18 DEFAULT CHARSET=utf8 COLLATE=utf8_general_ci;

--
-- Dumping data for table `tipos_mantenimientos`
--

INSERT INTO `tipos_mantenimientos` VALUES (1,'Cambio de Aceite'),(2,'Cambio de Baterias'),(3,'Lavado'),(4,'Cambio de LLantas'),(5,'Cambio de Fibras (Frenos)'),(6,'Cambio Faja Distribusion'),(7,'Reparacion Aire Acondicionado'),(8,'Cambio Aceite Transmision'),(9,'Mecanica'),(10,'RTV Revisión Técnica'),(11,'Cambio Filtro de Diesel'),(12,'Cambio Trampa de Diesel'),(13,'Mantenimiento A/C'),(14,'Forros asientos '),(15,'Pintura'),(16,'Cambio filtro de A/C'),(17,'Cambio Aceite Diferencial');

--
-- Table structure for table `tipos_marcas`
--

CREATE TABLE `tipos_marcas` (
  `id` int(11) NOT NULL AUTO_INCREMENT,
  `nombre` varchar(60) NOT NULL,
  PRIMARY KEY (`id`)
) ENGINE=InnoDB AUTO_INCREMENT=15 DEFAULT CHARSET=utf8 COLLATE=utf8_general_ci;

--
-- Dumping data for table `tipos_marcas`
--

INSERT INTO `tipos_marcas` VALUES (1,'Toyota'),(2,'Nissan'),(3,'Hyundai'),(4,'Mitsubishi'),(5,'Toyota'),(6,'Moto');

--
-- Table structure for table `tipos_modelos`
--

CREATE TABLE `tipos_modelos` (
  `id` int(11) NOT NULL AUTO_INCREMENT,
  `marca_id` int(11) NOT NULL,
  `nombre` varchar(60) NOT NULL,
  PRIMARY KEY (`id`),
  KEY `tipos_modelos_ibfk_1` (`marca_id`),
  CONSTRAINT `tipos_modelos_ibfk_1` FOREIGN KEY (`marca_id`) REFERENCES `tipos_marcas` (`id`) ON DELETE CASCADE ON UPDATE CASCADE
) ENGINE=InnoDB AUTO_INCREMENT=9 DEFAULT CHARSET=utf8 COLLATE=utf8_general_ci;

--
-- Dumping data for table `tipos_modelos`
--

INSERT INTO `tipos_modelos` VALUES (3,1,'Coaster'),(4,3,'H1'),(5,2,'Urvan NV350'),(6,4,'Rosa'),(7,5,'Prado'),(8,6,'AKT');

--
-- Table structure for table `tipos_transmision`
--

CREATE TABLE `tipos_transmision` (
  `id` int(11) NOT NULL AUTO_INCREMENT,
  `nombre` varchar(60) NOT NULL,
  PRIMARY KEY (`id`)
) ENGINE=InnoDB AUTO_INCREMENT=3 DEFAULT CHARSET=utf8 COLLATE=utf8_general_ci;

--
-- Dumping data for table `tipos_transmision`
--

INSERT INTO `tipos_transmision` VALUES (1,'Automática'),(2,'Mecánica');

--
-- Table structure for table `token`
--

CREATE TABLE `token` (
  `user_id` int(11) NOT NULL,
  `code` varchar(32) NOT NULL,
  `created_at` int(11) NOT NULL,
  `type` smallint(6) NOT NULL,
  UNIQUE KEY `token_unique` (`user_id`,`code`,`type`),
  CONSTRAINT `fk_user_token` FOREIGN KEY (`user_id`) REFERENCES `user` (`id`) ON DELETE CASCADE
) ENGINE=InnoDB DEFAULT CHARSET=utf8 COLLATE=utf8_unicode_ci;

--
-- Dumping data for table `token`
--


--
-- Table structure for table `vehiculos`
--

CREATE TABLE `vehiculos` (
  `id` int(11) NOT NULL AUTO_INCREMENT,
  `marca_id` int(11) NOT NULL,
  `modelo_id` int(11) NOT NULL,
  `anno` varchar(4) NOT NULL,
  `tipo_combustion_id` int(11) DEFAULT NULL,
  `tipo_transmision_id` int(11) DEFAULT NULL,
  `vin_no` varchar(50) DEFAULT NULL,
  `placa_no` varchar(15) DEFAULT NULL,
  `motor_no` varchar(50) DEFAULT NULL,
  `color` varchar(50) DEFAULT NULL,
  `foto1` varchar(255) DEFAULT NULL,
  `foto2` varchar(255) DEFAULT NULL,
  `foto3` varchar(255) DEFAULT NULL,
  `foto4` varchar(255) DEFAULT NULL,
  `estado_id` int(11) DEFAULT NULL,
  PRIMARY KEY (`id`),
  KEY `marca_id` (`marca_id`),
  KEY `modelo_id` (`modelo_id`),
  KEY `tipo_combustion_id` (`tipo_combustion_id`),
  KEY `tipo_transmision_id` (`tipo_transmision_id`),
  KEY `estado_id` (`estado_id`),
  CONSTRAINT `vehiculos_ibfk_1` FOREIGN KEY (`marca_id`) REFERENCES `tipos_marcas` (`id`) ON UPDATE CASCADE,
  CONSTRAINT `vehiculos_ibfk_2` FOREIGN KEY (`modelo_id`) REFERENCES `tipos_modelos` (`id`) ON UPDATE CASCADE,
  CONSTRAINT `vehiculos_ibfk_3` FOREIGN KEY (`tipo_combustion_id`) REFERENCES `tipos_combustion` (`id`) ON UPDATE CASCADE,
  CONSTRAINT `vehiculos_ibfk_4` FOREIGN KEY (`tipo_transmision_id`) REFERENCES `tipos_transmision` (`id`) ON UPDATE CASCADE,
  CONSTRAINT `vehiculos_ibfk_5` FOREIGN KEY (`estado_id`) REFERENCES `vehiculos_estados` (`id`) ON UPDATE CASCADE
) ENGINE=InnoDB AUTO_INCREMENT=14 DEFAULT CHARSET=utf8 COLLATE=utf8_general_ci;

--
-- Dumping data for table `vehiculos`
--

INSERT INTO `vehiculos` VALUES (2,1,3,'2019',2,2,'JTGFB7184L6007202','PB3177','1HZO928644','Blanco','j7lujv.jpg',NULL,NULL,NULL,1),(3,2,5,'2018',2,2,'JN1UC4E26J9010004','PB3045','YD25009358B','Blanco','a1iuv3.jpg',NULL,NULL,NULL,3),(7,2,5,'2017',2,2,'JN1UC4E26H9003850','PB2939','YD25422594A','Blanco',NULL,NULL,NULL,NULL,1),(8,1,3,'2019',2,2,'JTGFB718XK6004755','PB3178','1HZ0908412','Blanco','w69bjq.jpg',NULL,NULL,NULL,1),(9,4,6,'2017',2,2,'JLBBE639JHRK30100','PB2783','4D34P72210','Blanco','psv4k8.jpg',NULL,NULL,NULL,3),(11,5,7,'2016',2,1,'','BKG684','','GRIS',NULL,NULL,NULL,NULL,1),(13,2,5,'2020',2,2,'','PB3269','','Blanca',NULL,NULL,NULL,NULL,1);

--
-- Table structure for table `vehiculos_estados`
--

CREATE TABLE `vehiculos_estados` (
  `id` int(11) NOT NULL AUTO_INCREMENT,
  `nombre` varchar(60) NOT NULL,
  PRIMARY KEY (`id`)
) ENGINE=InnoDB AUTO_INCREMENT=4 DEFAULT CHARSET=utf8 COLLATE=utf8_general_ci;

--
-- Dumping data for table `vehiculos_estados`
--

INSERT INTO `vehiculos_estados` VALUES (1,'En Uso'),(2,'Fuera de Servicio'),(3,'Vendido');

--
-- Table structure for table `viajes`
--

CREATE TABLE `viajes` (
  `id` int(11) NOT NULL AUTO_INCREMENT,
  `chofer_id` int(11) NOT NULL,
  `fecha` date NOT NULL,
  `origen_id` int(11) NOT NULL,
  `destino_id` int(11) NOT NULL,
  `monto_usd` decimal(18,5) DEFAULT NULL,
  `monto_crc` decimal(18,5) DEFAULT NULL,
  `monto_viaje_extra_usd` decimal(18,5) DEFAULT NULL,
  `monto_viaje_extra_crc` decimal(18,5) DEFAULT NULL,
  `monto_propina_usd` decimal(18,5) DEFAULT NULL,
  `monto_propina_crc` decimal(18,5) DEFAULT NULL,
  `comentarios` text DEFAULT NULL,
  PRIMARY KEY (`id`),
  KEY `chofer_id` (`chofer_id`),
  KEY `origen_id` (`origen_id`),
  KEY `destino_id` (`destino_id`),
  CONSTRAINT `viajes_ibfk_1` FOREIGN KEY (`chofer_id`) REFERENCES `choferes` (`id`) ON UPDATE CASCADE,
  CONSTRAINT `viajes_ibfk_2` FOREIGN KEY (`origen_id`) REFERENCES `destinos` (`id`) ON UPDATE CASCADE,
  CONSTRAINT `viajes_ibfk_3` FOREIGN KEY (`destino_id`) REFERENCES `destinos` (`id`) ON UPDATE CASCADE
) ENGINE=InnoDB AUTO_INCREMENT=10 DEFAULT CHARSET=utf8 COLLATE=utf8_general_ci;

--
-- Dumping data for table `viajes`
--


--
-- Table structure for table `viajes_viaticos`
--

CREATE TABLE `viajes_viaticos` (
  `id` int(11) NOT NULL AUTO_INCREMENT,
  `viaje_id` int(11) NOT NULL,
  `viatico_detalle_id` int(11) NOT NULL,
  `monto_usd` decimal(18,5) DEFAULT 0.00000,
  `monto_crc` decimal(18,5) DEFAULT 0.00000,
  PRIMARY KEY (`id`),
  KEY `viatico_detalle_id` (`viatico_detalle_id`),
  KEY `viajes_viaticos_ibfk_1` (`viaje_id`),
  CONSTRAINT `viajes_viaticos_ibfk_1` FOREIGN KEY (`viaje_id`) REFERENCES `viajes` (`id`) ON DELETE CASCADE ON UPDATE CASCADE,
  CONSTRAINT `viajes_viaticos_ibfk_2` FOREIGN KEY (`viatico_detalle_id`) REFERENCES `viatico_detalles` (`id`) ON UPDATE CASCADE
) ENGINE=InnoDB AUTO_INCREMENT=12 DEFAULT CHARSET=utf8 COLLATE=utf8_general_ci;

--
-- Dumping data for table `viajes_viaticos`
--


--
-- Table structure for table `viatico_detalles`
--

CREATE TABLE `viatico_detalles` (
  `id` int(11) NOT NULL AUTO_INCREMENT,
  `nombre` varchar(100) NOT NULL,
  PRIMARY KEY (`id`)
) ENGINE=InnoDB AUTO_INCREMENT=12 DEFAULT CHARSET=utf8 COLLATE=utf8_general_ci;

--
-- Dumping data for table `viatico_detalles`
--

INSERT INTO `viatico_detalles` VALUES (1,'Hospedaje'),(2,'Combustible'),(3,'Alimentación'),(6,'Llantas'),(7,'RTV'),(8,'Cambio Aceite Motor'),(9,'Cambio Aceite Caja'),(10,'Repuestos'),(11,'Cambio Faja Distrubusion');


